{"id":489,"date":"2024-01-07T23:35:30","date_gmt":"2024-01-07T22:35:30","guid":{"rendered":"https:\/\/centros.unileon.es\/veterinaria\/?page_id=489"},"modified":"2024-01-07T23:35:30","modified_gmt":"2024-01-07T22:35:30","slug":"plan-de-accion-tutorial","status":"publish","type":"page","link":"https:\/\/centros.unileon.es\/veterinaria\/plan-de-accion-tutorial\/","title":{"rendered":"Plan de Acci\u00f3n Tutorial"},"content":{"rendered":"El Plan de Acci\u00f3n Tutorial tiene como objetivo establecer un sistema de informaci\u00f3n, orientaci\u00f3n y seguimiento acad\u00e9mico mediante la asignaci\u00f3n de un profesor Tutor para los estudiantes de 1\u00ba y 2\u00ba de Grado especialmente.\r\n\r\nCoordinadora: Sonia S\u00e1nchez Campos <a href=\"mailto:ssanc@unileon.es\">ssanc@unileon.es<\/a>\r\n\r\nTutores Grado en Veterinaria. Curso 2023-2024:\r\n\r\nClaudia P\u00e9rez Mart\u00ednez\u00a0 <a href=\"mailto:cperm@unileon.es\">cperm@unileon.es<\/a> 1\u00ba Grado\r\nJos\u00e9 Luis Mauriz Guti\u00e9rrez\u00a0 <a href=\"mailto:jl.mauriz@unileon.es\">jl.mauriz@unileon.es<\/a> 1\u00ba Grado\r\nJuan Jos\u00e9 Arranz Santos\u00a0<a href=\"mailto:jjarrs@unileon.es\"> jjarrs@unileon.es<\/a> 1\u00ba Grado\r\nMaximino Fern\u00e1ndez Caso\u00a0 <a href=\"mailto:m.fernandez.caso@unileon.es\">m.fernandez.caso@unileon.es<\/a> 2\u00ba Grado\r\n\r\nLa Oficina de Evaluaci\u00f3n y Calidad pone a disposici\u00f3n de los Tutores y alumnos la herramienta:\r\n\r\n<a href=\"http:\/\/www8.unileon.es\/rec\/calidad\/pat\/\">http:\/\/www8.unileon.es\/rec\/calidad\/pat\/<\/a>","protected":false},"excerpt":{"rendered":"<p>El Plan de Acci\u00f3n Tutorial tiene como objetivo establecer un sistema de informaci\u00f3n, orientaci\u00f3n y seguimiento acad\u00e9mico mediante la asignaci\u00f3n de un profesor Tutor para los estudiantes de 1\u00ba y 2\u00ba de Grado especialmente. Coordinadora: Sonia S\u00e1nchez Campos ssanc@unileon.es Tutores Grado en Veterinaria. Curso 2023-2024: Claudia P\u00e9rez Mart\u00ednez\u00a0 cperm@unileon.es 1\u00ba Grado Jos\u00e9 Luis Mauriz Guti\u00e9rrez\u00a0 [&hellip;]<\/p>\n","protected":false},"author":2,"featured_media":0,"parent":0,"menu_order":0,"comment_status":"closed","ping_status":"closed","template":"","meta":{"footnotes":""},"class_list":["post-489","page","type-page","status-publish","hentry"],"_links":{"self":[{"href":"https:\/\/centros.unileon.es\/veterinaria\/wp-json\/wp\/v2\/pages\/489","targetHints":{"allow":["GET"]}}],"collection":[{"href":"https:\/\/centros.unileon.es\/veterinaria\/wp-json\/wp\/v2\/pages"}],"about":[{"href":"https:\/\/centros.unileon.es\/veterinaria\/wp-json\/wp\/v2\/types\/page"}],"author":[{"embeddable":true,"href":"https:\/\/centros.unileon.es\/veterinaria\/wp-json\/wp\/v2\/users\/2"}],"replies":[{"embeddable":true,"href":"https:\/\/centros.unileon.es\/veterinaria\/wp-json\/wp\/v2\/comments?post=489"}],"version-history":[{"count":1,"href":"https:\/\/centros.unileon.es\/veterinaria\/wp-json\/wp\/v2\/pages\/489\/revisions"}],"predecessor-version":[{"id":490,"href":"https:\/\/centros.unileon.es\/veterinaria\/wp-json\/wp\/v2\/pages\/489\/revisions\/490"}],"wp:attachment":[{"href":"https:\/\/centros.unileon.es\/veterinaria\/wp-json\/wp\/v2\/media?parent=489"}],"curies":[{"name":"wp","href":"https:\/\/api.w.org\/{rel}","templated":true}]}}