{"id":374,"date":"2023-12-14T12:46:05","date_gmt":"2023-12-14T11:46:05","guid":{"rendered":"https:\/\/centros.unileon.es\/veterinaria\/?page_id=374"},"modified":"2023-12-15T10:47:00","modified_gmt":"2023-12-15T09:47:00","slug":"informacion-general-del-titulo","status":"publish","type":"page","link":"https:\/\/centros.unileon.es\/veterinaria\/informacion-general-del-titulo\/","title":{"rendered":"Informaci\u00f3n General del T\u00edtulo"},"content":{"rendered":"<div class=\"wp-block-spacer\" aria-hidden=\"true\"><\/div>\r\n<div class=\"entry-content has-text-color has-contrast-color has-background has-base-background-color wp-block-post-content has-medium-font-size wp-elements-6e450c93c155088416d78ebd2239133c is-layout-flow wp-container-core-post-content-layout-1 wp-block-post-content-is-layout-flow\">\r\n<h3 class=\"wp-block-heading has-body-font-family\"><span style=\"font-family: trebuchet ms, geneva, sans-serif;\"><strong>GRADO EN VETERINARIA (Plan 2010)<\/strong><\/span><\/h3>\r\n<span style=\"font-family: trebuchet ms, geneva, sans-serif;\">El Plan de Estudios de Graduado en Veterinaria por la Universidad de Le\u00f3n comenz\u00f3 su implantaci\u00f3n en el curso 2010-2011.<\/span>\r\n\r\n<span style=\"font-family: trebuchet ms, geneva, sans-serif;\"><strong>Informaci\u00f3n y Coordinaci\u00f3n<\/strong><\/span>\r\n<ul>\r\n \t<li><span style=\"font-family: trebuchet ms, geneva, sans-serif;\"><a href=\"https:\/\/sitioenmigracione.unileon.es\/wp-content\/Veterinaria\/Informacion_Grado_Veterinaria.pdf\">Informaci\u00f3n del T\u00edtulo de Graduado en Veterinaria<\/a><\/span><\/li>\r\n \t<li><span style=\"font-family: trebuchet ms, geneva, sans-serif;\"><a href=\"https:\/\/sitioenmigracione.unileon.es\/wp-content\/Veterinaria\/Veterinaria\/tripticovet.pdf\">Tr\u00edptico Informativo<\/a><\/span><\/li>\r\n \t<li><span style=\"font-family: trebuchet ms, geneva, sans-serif;\"><a href=\"https:\/\/sitioenmigracione.unileon.es\/wp-content\/Veterinaria\/GradoVeterinariaPoster.pdf\">P\u00f3ster Informativo<\/a><\/span><\/li>\r\n \t<li><span style=\"font-family: trebuchet ms, geneva, sans-serif;\"><a href=\"https:\/\/sitioenmigracione.unileon.es\/wp-content\/Veterinaria\/FIP_Veterinaria.pdf\" target=\"_blank\" rel=\"noreferrer noopener\">Ficha de informaci\u00f3n P\u00fablica<\/a><\/span><\/li>\r\n \t<li><span style=\"font-family: trebuchet ms, geneva, sans-serif;\"><a href=\"https:\/\/sitioenmigracione.unileon.es\/wp-content\/Veterinaria\/boe-vet.pdf\">Publicaci\u00f3n en el BOE del Plan de Estudios<\/a><\/span><\/li>\r\n \t<li><span style=\"font-family: trebuchet ms, geneva, sans-serif;\"><a href=\"https:\/\/sitioenmigracione.unileon.es\/wp-content\/Veterinaria\/tabla_de_adaptaciones.pdf\">Tabla de Adaptaciones<\/a><\/span><\/li>\r\n \t<li><span style=\"font-family: trebuchet ms, geneva, sans-serif;\"><a href=\"http:\/\/seguimiento.calidad.unileon.es\/descargaPublico.php?localizacion=uploads\/MEMORIA_2016-407-1-2-2016-05-09-09-31-29.pdf\">Enlace a la Memoria de Verificaci\u00f3n del Grado en Veterinaria<\/a><\/span><\/li>\r\n<\/ul>\r\n<ul>\r\n \t<li><span style=\"font-family: trebuchet ms, geneva, sans-serif;\"><strong><a href=\"http:\/\/www.unileon.es\/estudiantes\/estudiantes-grado\/oferta-de-estudios\/planes?titula=0106\">Gu\u00edas docentes<\/a><\/strong><\/span><\/li>\r\n<\/ul>\r\n<span style=\"font-family: trebuchet ms, geneva, sans-serif;\"><strong>Coordinadora del Grado en Veterinaria<\/strong>:<\/span>\r\n<span style=\"font-family: trebuchet ms, geneva, sans-serif;\">Mar\u00eda Jos\u00e9 Ranilla Garc\u00eda (<a href=\"mailto:cgvet@unileon.es\">cgvet@unileon.es<\/a>)<\/span>\r\n\r\n<\/div>","protected":false},"excerpt":{"rendered":"<p>GRADO EN VETERINARIA (Plan 2010) El Plan de Estudios de Graduado en Veterinaria por la Universidad de Le\u00f3n comenz\u00f3 su implantaci\u00f3n en el curso 2010-2011. Informaci\u00f3n y Coordinaci\u00f3n Informaci\u00f3n del T\u00edtulo de Graduado en Veterinaria Tr\u00edptico Informativo P\u00f3ster Informativo Ficha de informaci\u00f3n P\u00fablica Publicaci\u00f3n en el BOE del Plan de Estudios Tabla de Adaptaciones Enlace [&hellip;]<\/p>\n","protected":false},"author":2,"featured_media":0,"parent":0,"menu_order":0,"comment_status":"closed","ping_status":"closed","template":"","meta":{"footnotes":""},"class_list":["post-374","page","type-page","status-publish","hentry"],"_links":{"self":[{"href":"https:\/\/centros.unileon.es\/veterinaria\/wp-json\/wp\/v2\/pages\/374","targetHints":{"allow":["GET"]}}],"collection":[{"href":"https:\/\/centros.unileon.es\/veterinaria\/wp-json\/wp\/v2\/pages"}],"about":[{"href":"https:\/\/centros.unileon.es\/veterinaria\/wp-json\/wp\/v2\/types\/page"}],"author":[{"embeddable":true,"href":"https:\/\/centros.unileon.es\/veterinaria\/wp-json\/wp\/v2\/users\/2"}],"replies":[{"embeddable":true,"href":"https:\/\/centros.unileon.es\/veterinaria\/wp-json\/wp\/v2\/comments?post=374"}],"version-history":[{"count":5,"href":"https:\/\/centros.unileon.es\/veterinaria\/wp-json\/wp\/v2\/pages\/374\/revisions"}],"predecessor-version":[{"id":441,"href":"https:\/\/centros.unileon.es\/veterinaria\/wp-json\/wp\/v2\/pages\/374\/revisions\/441"}],"wp:attachment":[{"href":"https:\/\/centros.unileon.es\/veterinaria\/wp-json\/wp\/v2\/media?parent=374"}],"curies":[{"name":"wp","href":"https:\/\/api.w.org\/{rel}","templated":true}]}}