{"id":997,"date":"2021-02-04T11:29:23","date_gmt":"2021-02-04T11:29:23","guid":{"rendered":"https:\/\/centros.unileon.es\/educacion\/?page_id=997"},"modified":"2025-05-19T09:58:14","modified_gmt":"2025-05-19T09:58:14","slug":"grado-en-educacion-social-3","status":"publish","type":"page","link":"https:\/\/centros.unileon.es\/educacion\/grado-en-educacion-social-3\/","title":{"rendered":"Grado en Educaci\u00f3n Social"},"content":{"rendered":"<h3>Informaci\u00f3n para las entidades sociales de pr\u00e1cticas<\/h3>\r\n<p><a href=\"https:\/\/centros.unileon.es\/educacion\/files\/2022\/10\/Convenio-de-Cooperacion-Educativa-para-realizar-practicas-13-01-2022.pdf\">Convenio de Cooperaci\u00f3n Educativa para realizar pr\u00e1cticas 13-01-2022<\/a><\/p>\r\n<p><a href=\"https:\/\/centros.unileon.es\/educacion\/files\/2024\/03\/Formulario-oferta-plazas-Practicum-Educacion-Social-23-24.pdf\">Formulario oferta plazas Pr\u00e1cticum Educaci\u00f3n Social 23-24<\/a><\/p>\r\n<p><a href=\"https:\/\/centros.unileon.es\/educacion\/files\/2022\/10\/Hoja-de-Evaluacion-para-los-tutores-de-las-entidaddes-de-practicas-del-Grado-en-Educacion-Social-Practicum.pdf\">Hoja de Evaluaci\u00f3n para los tutores de las entidades de pr\u00e1cticas del Grado en Educaci\u00f3n Social Pr\u00e1cticum<\/a><\/p>\r\n<p>&nbsp;<\/p>\r\n<h3>Informaci\u00f3n para los alumnos<\/h3>\r\n<p><a href=\"https:\/\/centros.unileon.es\/educacion\/files\/2023\/05\/Justificante-Desplazamiento-Practicum-PDF-5.pdf\">Justificante Desplazamiento Pr\u00e1cticum (PDF)<\/a><\/p>\r\n<p><a href=\"https:\/\/centros.unileon.es\/educacion\/files\/2023\/05\/Justificante-Desplazamiento-Practicum-Word-6.docx\">Justificante Desplazamiento Pr\u00e1cticum (Word)<\/a><\/p>\r\n<p>&nbsp;<\/p>\r\n<p><a href=\"https:\/\/centros.unileon.es\/educacion\/files\/2024\/03\/Guia-Didactica-del-alumno-Practicum-I-Grado-en-Educacion-Social-23-24.pdf\">Gu\u00eda Did\u00e1ctica del alumno Pr\u00e1cticum I Grado en Educaci\u00f3n Social 23-24<\/a><\/p>\r\n<p><a href=\"https:\/\/centros.unileon.es\/educacion\/files\/2024\/03\/Guia-Didactica-del-estudiante-Practicum-II-Grado-en-Educacion-Social-23-24.pdf\">Gu\u00eda Did\u00e1ctica del estudiante Pr\u00e1cticum II Grado en Educaci\u00f3n Social 23-24<\/a><\/p>\r\n<p>&nbsp;<\/p>","protected":false},"excerpt":{"rendered":"<p>Informaci\u00f3n para las entidades sociales de pr\u00e1cticas Convenio de Cooperaci\u00f3n Educativa para realizar pr\u00e1cticas 13-01-2022 Formulario oferta plazas Pr\u00e1cticum Educaci\u00f3n Social 23-24 Hoja de Evaluaci\u00f3n para los tutores de las entidades de pr\u00e1cticas del Grado en Educaci\u00f3n Social Pr\u00e1cticum &nbsp; Informaci\u00f3n para los alumnos Justificante Desplazamiento Pr\u00e1cticum (PDF) Justificante Desplazamiento Pr\u00e1cticum (Word) &nbsp; Gu\u00eda Did\u00e1ctica [&hellip;]<\/p>\n","protected":false},"author":11,"featured_media":0,"parent":0,"menu_order":0,"comment_status":"closed","ping_status":"closed","template":"","meta":{"footnotes":""},"class_list":["post-997","page","type-page","status-publish","hentry"],"_links":{"self":[{"href":"https:\/\/centros.unileon.es\/educacion\/wp-json\/wp\/v2\/pages\/997","targetHints":{"allow":["GET"]}}],"collection":[{"href":"https:\/\/centros.unileon.es\/educacion\/wp-json\/wp\/v2\/pages"}],"about":[{"href":"https:\/\/centros.unileon.es\/educacion\/wp-json\/wp\/v2\/types\/page"}],"author":[{"embeddable":true,"href":"https:\/\/centros.unileon.es\/educacion\/wp-json\/wp\/v2\/users\/11"}],"replies":[{"embeddable":true,"href":"https:\/\/centros.unileon.es\/educacion\/wp-json\/wp\/v2\/comments?post=997"}],"version-history":[{"count":14,"href":"https:\/\/centros.unileon.es\/educacion\/wp-json\/wp\/v2\/pages\/997\/revisions"}],"predecessor-version":[{"id":3389,"href":"https:\/\/centros.unileon.es\/educacion\/wp-json\/wp\/v2\/pages\/997\/revisions\/3389"}],"wp:attachment":[{"href":"https:\/\/centros.unileon.es\/educacion\/wp-json\/wp\/v2\/media?parent=997"}],"curies":[{"name":"wp","href":"https:\/\/api.w.org\/{rel}","templated":true}]}}