{"id":948,"date":"2021-02-04T09:10:05","date_gmt":"2021-02-04T09:10:05","guid":{"rendered":"https:\/\/centros.unileon.es\/educacion\/?page_id=948"},"modified":"2026-03-23T11:49:33","modified_gmt":"2026-03-23T11:49:33","slug":"mufpes-2021-22","status":"publish","type":"page","link":"https:\/\/centros.unileon.es\/educacion\/mufpes-2021-22\/","title":{"rendered":"MUFPES"},"content":{"rendered":"<p><a href=\"https:\/\/acrobat.adobe.com\/id\/urn:aaid:sc:EU:8182aac9-c3df-4079-a874-c2244e6f07c3\">Reglamento sobre TFM. Facultad de Educaci\u00f3n<\/a><\/p>\r\n<p><a href=\"https:\/\/centros.unileon.es\/educacion\/files\/2025\/11\/Procedimiento-TFM-2025-26-2.pdf\">Procedimiento TFM 2025-26<\/a><\/p>\r\n<p><a href=\"https:\/\/centros.unileon.es\/educacion\/files\/2025\/11\/Cronograma-de-TFM-del-MUFPES-de-las-convocatorias-de-diciembre-2025-y-febrero-2026-1.pdf\">Cronograma de TFM del MUFPES de las convocatorias de diciembre 2025 y febrero 2026<\/a><\/p>\r\n<p><a href=\"https:\/\/centros.unileon.es\/educacion\/files\/2021\/02\/Escala-evaluacion-Tutor-TFM-MUFPES-1.pdf\">Escala evaluaci\u00f3n Tutor TFM<\/a><\/p>\r\n<p><a href=\"https:\/\/centros.unileon.es\/educacion\/files\/2021\/02\/Escala-evaluacion-Tutor-TFM-MUFPES.docx\">Escala evaluaci\u00f3n Tutor TFM<\/a><\/p>\r\n<p><a href=\"https:\/\/centros.unileon.es\/educacion\/files\/2021\/02\/Escala-evaluacion-defensa-TFM-MUFPES-1.pdf\">Escala evaluaci\u00f3n defensa TFM<\/a><\/p>\r\n<p><a href=\"https:\/\/centros.unileon.es\/educacion\/files\/2021\/02\/Escala-evaluacion-defensa-TFM-MUFPES.docx\">Escala evaluaci\u00f3n defensa TFM<\/a><\/p>\r\n<p><a href=\"https:\/\/centros.unileon.es\/educacion\/files\/2022\/09\/Modelo-actilla-TFM.docx\">Modelo actilla TFM<\/a><\/p>\r\n<p><a href=\"https:\/\/centros.unileon.es\/educacion\/files\/2021\/02\/Portada-TFM-MUFPES-1-1.doc\">Modelo Portada TFM<\/a><\/p>\r\n<p><a href=\"https:\/\/centros.unileon.es\/educacion\/files\/2025\/12\/Solicitud-de-cambio-de-tema-tutora-TFM.pdf\">Solicitud de cambio de tema &#8211; tutor\/a TFM<\/a><\/p>\r\n<p><a href=\"https:\/\/centros.unileon.es\/educacion\/files\/2021\/04\/Solicitud-defensa-online-TFM.doc\">Solicitud defensa online TFM<\/a>\u00a0(Debe solicitarse con un m\u00ednimo de 72 horas de antelaci\u00f3n a la fecha de defensa)<\/p>\r\n<p>&nbsp;<\/p>\r\n<h3><strong>L\u00edneas tem\u00e1ticas 2025\/26<\/strong><\/h3>\r\n<p><a href=\"https:\/\/centros.unileon.es\/educacion\/files\/2026\/01\/Lineas-tematicas-Biologia-y-Geologia-4.pdf\">L\u00edneas tem\u00e1ticas Biolog\u00eda y Geolog\u00eda<\/a><\/p>\r\n<p><a href=\"https:\/\/centros.unileon.es\/educacion\/files\/2025\/12\/Lineas-tematicas-Economia-3.pdf\">L\u00edneas tem\u00e1ticas Econom\u00eda<\/a><\/p>\r\n<p><a href=\"https:\/\/centros.unileon.es\/educacion\/files\/2025\/12\/Lineas-tematicas-Educacion-Fisica-3.pdf\">L\u00edneas tem\u00e1ticas Educaci\u00f3n F\u00edsica<\/a><\/p>\r\n<p><a href=\"https:\/\/centros.unileon.es\/educacion\/files\/2025\/12\/Lineas-tematicas-Fisica-y-Quimica-2.pdf\">L\u00edneas tem\u00e1ticas F\u00edsica y Qu\u00edmica<\/a><\/p>\r\n<p><a href=\"https:\/\/centros.unileon.es\/educacion\/files\/2025\/12\/Lineas-tematicas-FOL-3.pdf\">L\u00edneas tem\u00e1ticas FOL<\/a><\/p>\r\n<p><a href=\"https:\/\/centros.unileon.es\/educacion\/files\/2025\/12\/Lineas-tematicas-Geografia-e-Historia-3.pdf\">L\u00edneas tem\u00e1ticas Geograf\u00eda e Historia<\/a><\/p>\r\n<p><a href=\"https:\/\/centros.unileon.es\/educacion\/files\/2025\/12\/Lineas-tematicas-Ingles-3.pdf\">L\u00edneas tem\u00e1ticas Ingl\u00e9s<\/a><\/p>\r\n<p><a href=\"https:\/\/centros.unileon.es\/educacion\/files\/2025\/12\/Lineas-tematicas-Intervencion-Sociocomunitaria-y-SSC-1.pdf\">L\u00edneas tem\u00e1ticas Intervenci\u00f3n Sociocomunitaria y SSC<\/a><\/p>\r\n<p><a href=\"https:\/\/centros.unileon.es\/educacion\/files\/2026\/02\/Lineas-tematicas-Lengua-Castellana-y-Literatura.pdf\">L\u00edneas tem\u00e1ticas Lengua Castellana y Literatura<\/a><\/p>\r\n<p><a href=\"https:\/\/centros.unileon.es\/educacion\/files\/2026\/02\/Lineas-tematicas-Matematicas-6.pdf\">L\u00edneas tem\u00e1ticas Matem\u00e1ticas<\/a><\/p>\r\n<p><a href=\"https:\/\/centros.unileon.es\/educacion\/files\/2025\/12\/Lineas-tematicas-Tecnologias-4.pdf\">L\u00edneas tem\u00e1ticas Tecnolog\u00edas<\/a><\/p>\r\n<p>&nbsp;<\/p>\r\n<h3><strong>Asignaci\u00f3n tutores 2025\/26<\/strong><\/h3>\r\n<p><a href=\"https:\/\/centros.unileon.es\/educacion\/files\/2026\/02\/Asignacion-tutores-Biologia-y-Geologia-4.pdf\">Asignaci\u00f3n tutores Biolog\u00eda y Geolog\u00eda<\/a><\/p>\r\n<p><a href=\"https:\/\/centros.unileon.es\/educacion\/files\/2026\/02\/Asignacion-tutores-Economia-3.pdf\">Asignaci\u00f3n tutores Econom\u00eda<\/a><\/p>\r\n<p><a href=\"https:\/\/centros.unileon.es\/educacion\/files\/2026\/02\/Asignacion-tutores-Educacion-Fisica-6.pdf\">Asignaci\u00f3n tutores Educaci\u00f3n F\u00edsica<\/a><\/p>\r\n<p><a href=\"https:\/\/centros.unileon.es\/educacion\/files\/2026\/03\/Asignacion-tutores-Fisica-y-Quimica-3.pdf\">Asignaci\u00f3n tutores F\u00edsica y Qu\u00edmica<\/a><\/p>\r\n<p><a href=\"https:\/\/centros.unileon.es\/educacion\/files\/2026\/02\/Asignacion-tutores-Formacion-y-Orientacion-Laboral-3.pdf\">Asignaci\u00f3n tutores Formaci\u00f3n y Orientaci\u00f3n Laboral<\/a><\/p>\r\n<p><a href=\"https:\/\/centros.unileon.es\/educacion\/files\/2026\/02\/Asignacion-tutores-Geografia-e-Historia.pdf\">Asignaci\u00f3n tutores Geograf\u00eda e Historia<\/a><\/p>\r\n<p><a href=\"https:\/\/centros.unileon.es\/educacion\/files\/2026\/02\/Asignacion-tutores-Ingles-3.pdf\">Asignaci\u00f3n tutores Ingl\u00e9s<\/a><\/p>\r\n<p><a href=\"https:\/\/centros.unileon.es\/educacion\/files\/2026\/03\/Asignacion-tutores-Intervencion-Sociocomunitaria-y-SSC-2.pdf\">Asignaci\u00f3n tutores Intervenci\u00f3n Sociocomunitaria y SSC<\/a><\/p>\r\n<p><a href=\"https:\/\/centros.unileon.es\/educacion\/files\/2026\/02\/Asignacion-tutores-Lengua-Castellana-y-Literatura-3.pdf\">Asignaci\u00f3n tutores Lengua Castellana y Literatura<\/a><\/p>\r\n<p><a href=\"https:\/\/centros.unileon.es\/educacion\/files\/2026\/02\/Asignacion-tutores-Matematicas-4.pdf\">Asignaci\u00f3n tutores Matem\u00e1ticas<\/a><\/p>\r\n<p><a href=\"https:\/\/centros.unileon.es\/educacion\/files\/2026\/03\/Asignacion-tutores-Tecnologias-7.pdf\">Asignaci\u00f3n tutores Tecnolog\u00edas<\/a><\/p>\r\n<p>&nbsp;<\/p>","protected":false},"excerpt":{"rendered":"<p>Reglamento sobre TFM. Facultad de Educaci\u00f3n Procedimiento TFM 2025-26 Cronograma de TFM del MUFPES de las convocatorias de diciembre 2025 y febrero 2026 Escala evaluaci\u00f3n Tutor TFM Escala evaluaci\u00f3n Tutor TFM Escala evaluaci\u00f3n defensa TFM Escala evaluaci\u00f3n defensa TFM Modelo actilla TFM Modelo Portada TFM Solicitud de cambio de tema &#8211; tutor\/a TFM Solicitud defensa [&hellip;]<\/p>\n","protected":false},"author":11,"featured_media":0,"parent":0,"menu_order":0,"comment_status":"closed","ping_status":"closed","template":"","meta":{"footnotes":""},"class_list":["post-948","page","type-page","status-publish","hentry"],"_links":{"self":[{"href":"https:\/\/centros.unileon.es\/educacion\/wp-json\/wp\/v2\/pages\/948","targetHints":{"allow":["GET"]}}],"collection":[{"href":"https:\/\/centros.unileon.es\/educacion\/wp-json\/wp\/v2\/pages"}],"about":[{"href":"https:\/\/centros.unileon.es\/educacion\/wp-json\/wp\/v2\/types\/page"}],"author":[{"embeddable":true,"href":"https:\/\/centros.unileon.es\/educacion\/wp-json\/wp\/v2\/users\/11"}],"replies":[{"embeddable":true,"href":"https:\/\/centros.unileon.es\/educacion\/wp-json\/wp\/v2\/comments?post=948"}],"version-history":[{"count":112,"href":"https:\/\/centros.unileon.es\/educacion\/wp-json\/wp\/v2\/pages\/948\/revisions"}],"predecessor-version":[{"id":5554,"href":"https:\/\/centros.unileon.es\/educacion\/wp-json\/wp\/v2\/pages\/948\/revisions\/5554"}],"wp:attachment":[{"href":"https:\/\/centros.unileon.es\/educacion\/wp-json\/wp\/v2\/media?parent=948"}],"curies":[{"name":"wp","href":"https:\/\/api.w.org\/{rel}","templated":true}]}}