{"id":497,"date":"2020-12-05T10:58:24","date_gmt":"2020-12-05T10:58:24","guid":{"rendered":"https:\/\/centros.unileon.es\/educacion\/?page_id=497"},"modified":"2025-05-19T09:55:29","modified_gmt":"2025-05-19T09:55:29","slug":"tramites-e-impresos","status":"publish","type":"page","link":"https:\/\/centros.unileon.es\/educacion\/tramites-e-impresos\/","title":{"rendered":"Tr\u00e1mites e impresos"},"content":{"rendered":"<p><strong>Certificado de Asistencia<\/strong> (<a href=\"https:\/\/centros.unileon.es\/educacion\/files\/2023\/07\/Certificado-de-Asistencia-PDF.pdf\">PDF<\/a>) (<a href=\"https:\/\/centros.unileon.es\/educacion\/files\/2023\/07\/Word-1.docx\">Word<\/a>)<\/p>\r\n<p><strong>Instancia Gen\u00e9rica Decana <\/strong>(<a href=\"https:\/\/centros.unileon.es\/educacion\/files\/2023\/07\/Instancia-Generica-Decana-PDF.pdf\">PDF<\/a>) (<a href=\"https:\/\/centros.unileon.es\/educacion\/files\/2023\/07\/Word-4.docx\">Word<\/a>)<\/p>\r\n<p><strong>Justificante Desplazamiento Pr\u00e1cticum <\/strong>(<a href=\"https:\/\/centros.unileon.es\/educacion\/files\/2023\/07\/Justificante-Desplazamiento-Practicum.pdf\">PDF<\/a>) (<a href=\"https:\/\/centros.unileon.es\/educacion\/files\/2023\/07\/Word-3.docx\">Word<\/a>)<\/p>\r\n<p><strong>Matr\u00edcula cr\u00e9ditos reconocidos por actividades espec\u00edfica y asignatura optativas ofertadas de otros Grados<\/strong> (<a href=\"https:\/\/centros.unileon.es\/educacion\/files\/2023\/07\/Matricula-creditos-reconocidos-optativas.pdf\">PDF<\/a>)<\/p>\r\n<p><strong>Orden de Domiciliaci\u00f3n de Adeudo para la Matr\u00edcula <\/strong>(<a href=\"https:\/\/centros.unileon.es\/educacion\/files\/2023\/07\/Orden-de-Domiciliacion-de-Adeudo-para-la-Matricula-PDF.pdf\">PDF<\/a>)<\/p>\r\n<p><strong>Solicitud de Convocatoria de diciembre &#8211; Titulaciones de Grado<\/strong> (<a href=\"https:\/\/centros.unileon.es\/educacion\/files\/2023\/07\/solicitud_convocatoria_diciembre2023_24.pdf\">PDF<\/a>) (<a href=\"https:\/\/centros.unileon.es\/educacion\/files\/2023\/07\/solicitud_convocatoria_diciembre2023_24.doc\">Word<\/a>)<\/p>\r\n<p><strong>Solicitud de devoluci\u00f3n de Precios P\u00fablicos<\/strong> (<a href=\"https:\/\/centros.unileon.es\/educacion\/files\/2023\/07\/Solicitud-de-devolucion-de-Precios-Publicos-PDF.pdf\">PDF<\/a>) (<a href=\"https:\/\/centros.unileon.es\/educacion\/files\/2023\/07\/Word-2.doc\">Word<\/a>)<\/p>\r\n<p><strong>Solicitud de Evaluaci\u00f3n por Compensaci\u00f3n <\/strong>(<a href=\"https:\/\/centros.unileon.es\/educacion\/files\/2023\/07\/Solicitud-de-Evaluacion-por-Compensacion-PDF.pdf\">PDF<\/a>) (<a href=\"https:\/\/centros.unileon.es\/educacion\/files\/2023\/07\/Word-5.docx\">Word<\/a>)<\/p>\r\n<p><strong>Solicitud de Modificaci\u00f3n\/Anulaci\u00f3n de Matr\u00edcula<\/strong> (<a href=\"https:\/\/centros.unileon.es\/educacion\/files\/2023\/07\/solicitud_modificacion_anulacion_matricula.pdf\">PDF<\/a>) (<a href=\"https:\/\/centros.unileon.es\/educacion\/files\/2023\/07\/solicitud_modificacion_anulacion_matricula.doc\">Word<\/a>)<\/p>\r\n<p><strong>Solicitud de Reconocimiento de Cr\u00e9ditos &#8211; Estudios Universitarios Oficiales de Grado<\/strong> (<a href=\"https:\/\/centros.unileon.es\/educacion\/files\/2023\/07\/rec-grado-solicitud201806.pdf\">PDF<\/a>) (<a href=\"https:\/\/centros.unileon.es\/educacion\/files\/2023\/07\/rec-grado-solicitud201806.doc\">Word<\/a>)<\/p>\r\n<p><strong>Solicitud Segunda Menci\u00f3n <\/strong>(<a href=\"https:\/\/centros.unileon.es\/educacion\/files\/2023\/07\/Solicitud-Segunda-Mencion-PDF.pdf\">PDF<\/a>) (<a href=\"https:\/\/centros.unileon.es\/educacion\/files\/2023\/07\/Word-2.docx\">Word<\/a>)<\/p>\r\n<p>&nbsp;<\/p>\r\n<p>&nbsp;<\/p>","protected":false},"excerpt":{"rendered":"<p>Certificado de Asistencia (PDF) (Word) Instancia Gen\u00e9rica Decana (PDF) (Word) Justificante Desplazamiento Pr\u00e1cticum (PDF) (Word) Matr\u00edcula cr\u00e9ditos reconocidos por actividades espec\u00edfica y asignatura optativas ofertadas de otros Grados (PDF) Orden de Domiciliaci\u00f3n de Adeudo para la Matr\u00edcula (PDF) Solicitud de Convocatoria de diciembre &#8211; Titulaciones de Grado (PDF) (Word) Solicitud de devoluci\u00f3n de Precios P\u00fablicos [&hellip;]<\/p>\n","protected":false},"author":11,"featured_media":0,"parent":0,"menu_order":0,"comment_status":"closed","ping_status":"closed","template":"","meta":{"footnotes":""},"class_list":["post-497","page","type-page","status-publish","hentry"],"_links":{"self":[{"href":"https:\/\/centros.unileon.es\/educacion\/wp-json\/wp\/v2\/pages\/497","targetHints":{"allow":["GET"]}}],"collection":[{"href":"https:\/\/centros.unileon.es\/educacion\/wp-json\/wp\/v2\/pages"}],"about":[{"href":"https:\/\/centros.unileon.es\/educacion\/wp-json\/wp\/v2\/types\/page"}],"author":[{"embeddable":true,"href":"https:\/\/centros.unileon.es\/educacion\/wp-json\/wp\/v2\/users\/11"}],"replies":[{"embeddable":true,"href":"https:\/\/centros.unileon.es\/educacion\/wp-json\/wp\/v2\/comments?post=497"}],"version-history":[{"count":19,"href":"https:\/\/centros.unileon.es\/educacion\/wp-json\/wp\/v2\/pages\/497\/revisions"}],"predecessor-version":[{"id":3498,"href":"https:\/\/centros.unileon.es\/educacion\/wp-json\/wp\/v2\/pages\/497\/revisions\/3498"}],"wp:attachment":[{"href":"https:\/\/centros.unileon.es\/educacion\/wp-json\/wp\/v2\/media?parent=497"}],"curies":[{"name":"wp","href":"https:\/\/api.w.org\/{rel}","templated":true}]}}