{"id":478,"date":"2020-12-05T10:52:14","date_gmt":"2020-12-05T10:52:14","guid":{"rendered":"https:\/\/centros.unileon.es\/educacion\/?page_id=478"},"modified":"2025-09-17T10:54:59","modified_gmt":"2025-09-17T10:54:59","slug":"tutores-del-plan-de-accion-tutorial","status":"publish","type":"page","link":"https:\/\/centros.unileon.es\/educacion\/tutores-del-plan-de-accion-tutorial\/","title":{"rendered":"Tutores del Plan de Acci\u00f3n Tutorial"},"content":{"rendered":"<h3>Coordinadora Plan de Acci\u00f3n Tutorial<\/h3>\r\n<p><span style=\"font-size: 10pt;\"><strong>Paula L\u00f3pez Guti\u00e9rrez<\/strong> (<a href=\"mailto:plopg@unileon.es\">plopg@unileon.es<\/a>)<\/span><\/p>\r\n<p>&nbsp;<\/p>\r\n<h3>Grado en Educaci\u00f3n Infantil<\/h3>\r\n<p><span style=\"font-size: 10pt;\">Primer Curso: <strong>Sara Real Castelao<\/strong> (<a href=\"mailto:sreac@unileon.es\">sreac@unileon.es<\/a>)<\/span><\/p>\r\n<p><span style=\"font-size: 10pt;\">Segundo Curso: <strong>Diego Gonz\u00e1lez Rodr\u00edguez<\/strong> (<a href=\"mailto:diego.gonzalez@unileon.es\">diego.gonzalez@unileon.es<\/a>)<\/span><\/p>\r\n<p>&nbsp;<\/p>\r\n<h3>Grado en Educaci\u00f3n Primaria<\/h3>\r\n<p><span style=\"font-size: 10pt;\">Primer Curso: <strong>M\u00aa \u00c1ngeles Diez Fern\u00e1ndez<\/strong> (<a href=\"mailto:angeles.diez@unileon.es\">angeles.diez@unileon.es<\/a>)<\/span><\/p>\r\n<p><span style=\"font-size: 10pt;\">Segundo Curso: <strong>Francisco Balibrea Iniesta<\/strong>\u00a0(<a href=\"mailto:fbali@unileon.es\">fbali@unileon.es<\/a>)<\/span><\/p>\r\n<p>&nbsp;<\/p>\r\n<h3>Grado en Educaci\u00f3n Social<\/h3>\r\n<p><span style=\"font-size: 10pt;\">Primer Curso: <strong>Adelina Rodr\u00edguez Pacios<\/strong> (<a href=\"mailto:arodpa@unileon.es\">arodpa@unileon.es<\/a>)<\/span><\/p>\r\n<p><span style=\"font-size: 10pt;\">Segundo Curso: <strong>Carmen M\u00aa Vizoso G\u00f3mez<\/strong> (<a href=\"mailto:cvizg@unileon.es\">cvizg@unileon.es<\/a>)<\/span><\/p>\r\n<p>&nbsp;<\/p>\r\n<h3>M\u00e1ster\u00a0Universitario en Formaci\u00f3n del Profesorado de Educaci\u00f3n Secundaria<\/h3>\r\n<p><span style=\"font-size: 10pt;\">Grupo A: <strong>Carolina Blanco Fontao<\/strong> (<a href=\"mailto:cblaf@unileon.es\">cblaf@unileon.es<\/a>)<\/span><\/p>\r\n<p><span style=\"font-size: 10pt;\">Grupo B: <strong>Alesia Cachazo Vasallo<\/strong> (<a href=\"mailto:acacv@unileon.es\">acacv@unileon.es<\/a>)<\/span><\/p>\r\n<p><span style=\"font-size: 10pt;\">Grupo C: <strong>Ana Rosa Arias Gago<\/strong> (<a href=\"mailto:ana.arias@unileon.es\">ana.arias@unileon.es<\/a>)<\/span><\/p>\r\n<p><span style=\"font-size: 10pt;\">Grupo D: <strong>Paula L\u00f3pez Guti\u00e9rrez<\/strong> (<a href=\"mailto:plopg@unileon.es\">plopg@unileon.es<\/a>)<\/span><\/p>\r\n<p>&nbsp;<\/p>\r\n<h3>M\u00e1ster\u00a0Universitario en Orientaci\u00f3n Educativa<\/h3>\r\n<p><span style=\"font-size: 10pt;\"><strong>M\u00aa Lourdes \u00c1lvarez Fern\u00e1ndez<\/strong>\u00a0(<a href=\"mailto:mlalvf@unileon.es\">mlalvf@unileon.es<\/a><\/span><span style=\"font-size: 10pt;\">)<\/span><\/p>","protected":false},"excerpt":{"rendered":"<p>Coordinadora Plan de Acci\u00f3n Tutorial Paula L\u00f3pez Guti\u00e9rrez (plopg@unileon.es) &nbsp; Grado en Educaci\u00f3n Infantil Primer Curso: Sara Real Castelao (sreac@unileon.es) Segundo Curso: Diego Gonz\u00e1lez Rodr\u00edguez (diego.gonzalez@unileon.es) &nbsp; Grado en Educaci\u00f3n Primaria Primer Curso: M\u00aa \u00c1ngeles Diez Fern\u00e1ndez (angeles.diez@unileon.es) Segundo Curso: Francisco Balibrea Iniesta\u00a0(fbali@unileon.es) &nbsp; Grado en Educaci\u00f3n Social Primer Curso: Adelina Rodr\u00edguez Pacios (arodpa@unileon.es) Segundo [&hellip;]<\/p>\n","protected":false},"author":11,"featured_media":0,"parent":0,"menu_order":0,"comment_status":"closed","ping_status":"closed","template":"","meta":{"footnotes":""},"class_list":["post-478","page","type-page","status-publish","hentry"],"_links":{"self":[{"href":"https:\/\/centros.unileon.es\/educacion\/wp-json\/wp\/v2\/pages\/478","targetHints":{"allow":["GET"]}}],"collection":[{"href":"https:\/\/centros.unileon.es\/educacion\/wp-json\/wp\/v2\/pages"}],"about":[{"href":"https:\/\/centros.unileon.es\/educacion\/wp-json\/wp\/v2\/types\/page"}],"author":[{"embeddable":true,"href":"https:\/\/centros.unileon.es\/educacion\/wp-json\/wp\/v2\/users\/11"}],"replies":[{"embeddable":true,"href":"https:\/\/centros.unileon.es\/educacion\/wp-json\/wp\/v2\/comments?post=478"}],"version-history":[{"count":28,"href":"https:\/\/centros.unileon.es\/educacion\/wp-json\/wp\/v2\/pages\/478\/revisions"}],"predecessor-version":[{"id":5180,"href":"https:\/\/centros.unileon.es\/educacion\/wp-json\/wp\/v2\/pages\/478\/revisions\/5180"}],"wp:attachment":[{"href":"https:\/\/centros.unileon.es\/educacion\/wp-json\/wp\/v2\/media?parent=478"}],"curies":[{"name":"wp","href":"https:\/\/api.w.org\/{rel}","templated":true}]}}