{"id":475,"date":"2020-12-05T10:52:14","date_gmt":"2020-12-05T10:52:14","guid":{"rendered":"https:\/\/centros.unileon.es\/educacion\/?page_id=475"},"modified":"2025-05-19T09:54:10","modified_gmt":"2025-05-19T09:54:10","slug":"historia-2","status":"publish","type":"page","link":"https:\/\/centros.unileon.es\/educacion\/historia-2\/","title":{"rendered":"Historia de la Facultad"},"content":{"rendered":"<p style=\"text-align: left;\"><span style=\"font-size: 10pt;\">La actual Facultad de Educaci\u00f3n se crea a comienzos del Curso Acad\u00e9mico 1996-97 por transformaci\u00f3n del Centro m\u00e1s antiguo de la Universidad de Le\u00f3n. La ESCUELA NORMAL PRIMARIA, Seminario de Maestros de Instrucci\u00f3n Primaria, fue creada por el Real Orden de 4 de octubre de 1843 e inaugurada el 1 de septiembre de 1844. Con diversas denominaciones &#8211; Escuela Normal de Maestros, Escuela de Magisterio, E.U. de Formaci\u00f3n del Profesorado de E.G.B.- ha mantenido a lo largo de su dilatada historia un s\u00f3lido y justificado prestigio. Miles de maestros graduados en ella han cumplido fielmente su misi\u00f3n de sembradores de cultura por toda la geograf\u00eda espa\u00f1ola.<\/span><\/p>\r\n<p style=\"text-align: left;\"><span style=\"font-size: 10pt;\">La Facultad de Educaci\u00f3n de la Universidad de Le\u00f3n, heredera de una larga tradici\u00f3n cultural, art\u00edstica y docente, firmemente asentada en nuestra sociedad tiene, como instituci\u00f3n al servicio p\u00fablico, el deber primordial de formar profesional y cient\u00edficamente Maestros de Educaci\u00f3n Primaria capaces de actuar, como instrumento de transformaci\u00f3n social, al servicio de la libertad, la igualdad y el progreso, para la realizaci\u00f3n m\u00e1s plena de la dignidad humana. La promoci\u00f3n de aquellos principios y valores como la calidad de ense\u00f1anza, la libertad de investigaci\u00f3n, docencia y estudio, el respeto de las ideas ajenas y el esp\u00edritu cr\u00edtico, son los objetivos b\u00e1sicos de esa formaci\u00f3n.<\/span><\/p>\r\n<p style=\"text-align: left;\"><span style=\"font-size: 10pt;\">Es destacable el trabajo de este Centro en el \u00e1mbito de la investigaci\u00f3n educativa propiciado por su condici\u00f3n de Centro Asociado a la UNESCO desde el a\u00f1o 1959. Asimismo, la Facultad de Educaci\u00f3n cuenta con una excelente biblioteca especializada (m\u00e1s de 30.000 vol\u00famenes) y tambi\u00e9n con un archivo de expedientes y documentaci\u00f3n \u00fanicos en esta Universidad.<\/span><\/p>","protected":false},"excerpt":{"rendered":"<p>La actual Facultad de Educaci\u00f3n se crea a comienzos del Curso Acad\u00e9mico 1996-97 por transformaci\u00f3n del Centro m\u00e1s antiguo de la Universidad de Le\u00f3n. La ESCUELA NORMAL PRIMARIA, Seminario de Maestros de Instrucci\u00f3n Primaria, fue creada por el Real Orden de 4 de octubre de 1843 e inaugurada el 1 de septiembre de 1844. Con [&hellip;]<\/p>\n","protected":false},"author":11,"featured_media":0,"parent":0,"menu_order":0,"comment_status":"closed","ping_status":"closed","template":"","meta":{"footnotes":""},"class_list":["post-475","page","type-page","status-publish","hentry"],"_links":{"self":[{"href":"https:\/\/centros.unileon.es\/educacion\/wp-json\/wp\/v2\/pages\/475","targetHints":{"allow":["GET"]}}],"collection":[{"href":"https:\/\/centros.unileon.es\/educacion\/wp-json\/wp\/v2\/pages"}],"about":[{"href":"https:\/\/centros.unileon.es\/educacion\/wp-json\/wp\/v2\/types\/page"}],"author":[{"embeddable":true,"href":"https:\/\/centros.unileon.es\/educacion\/wp-json\/wp\/v2\/users\/11"}],"replies":[{"embeddable":true,"href":"https:\/\/centros.unileon.es\/educacion\/wp-json\/wp\/v2\/comments?post=475"}],"version-history":[{"count":7,"href":"https:\/\/centros.unileon.es\/educacion\/wp-json\/wp\/v2\/pages\/475\/revisions"}],"predecessor-version":[{"id":4916,"href":"https:\/\/centros.unileon.es\/educacion\/wp-json\/wp\/v2\/pages\/475\/revisions\/4916"}],"wp:attachment":[{"href":"https:\/\/centros.unileon.es\/educacion\/wp-json\/wp\/v2\/media?parent=475"}],"curies":[{"name":"wp","href":"https:\/\/api.w.org\/{rel}","templated":true}]}}