{"id":2028,"date":"2021-11-16T16:26:11","date_gmt":"2021-11-16T16:26:11","guid":{"rendered":"https:\/\/centros.unileon.es\/educacion\/?page_id=2028"},"modified":"2025-05-19T10:00:55","modified_gmt":"2025-05-19T10:00:55","slug":"alumnos-salientes-master","status":"publish","type":"page","link":"https:\/\/centros.unileon.es\/educacion\/alumnos-salientes-master\/","title":{"rendered":"Alumnos salientes M\u00e1ster"},"content":{"rendered":"<p>Los alumnos salientes podr\u00e1n realizar sus pr\u00e1cticas docentes de M\u00e1ster en un centro en el extranjero dentro de un programa ERAMUS+ PR\u00c1CTICAS.<\/p>\r\n<div class=\"gmail_default\">\u00a0<\/div>\r\n<div class=\"gmail_default\">\u00a0<\/div>\r\n<div class=\"gmail_default\"><strong>Destinos<\/strong>:<\/div>\r\n<div class=\"gmail_default\">Universidad Multicultural CUDEC (M\u00e9xico):\u00a0<a href=\"https:\/\/universidadcudec.com\/\" target=\"_blank\" rel=\"noopener\" data-saferedirecturl=\"https:\/\/www.google.com\/url?q=https:\/\/universidadcudec.com\/&amp;source=gmail&amp;ust=1728993136618000&amp;usg=AOvVaw2EYL6Bnrft0mtXnkWNBniK\">https:\/\/universidadcudec.com\/<\/a><\/div>\r\n<div class=\"gmail_default\">Instituto Polit\u00e9cnico de Bragan\u00e7a (Portugal):\u00a0<a href=\"https:\/\/portal3.ipb.pt\/index.php\/en\/ipben\/home\" target=\"_blank\" rel=\"noopener\" data-saferedirecturl=\"https:\/\/www.google.com\/url?q=https:\/\/portal3.ipb.pt\/index.php\/en\/ipben\/home&amp;source=gmail&amp;ust=1728993136618000&amp;usg=AOvVaw0Y8lA7OEEQ8M1mFo6lA0YA\">https:\/\/portal3.ipb.pt\/index.<wbr \/>php\/en\/ipben\/home<\/a><\/div>\r\n<div class=\"gmail_default\">Universit\u00e9 d&#8217;Orl\u00e9ans (Francia):\u00a0<a href=\"https:\/\/www.univ-orleans.fr\/es\/group\/125\/home\" target=\"_blank\" rel=\"noopener\" data-saferedirecturl=\"https:\/\/www.google.com\/url?q=https:\/\/www.univ-orleans.fr\/es\/group\/125\/home&amp;source=gmail&amp;ust=1728993136618000&amp;usg=AOvVaw0YxwHwoRyAKVjavcOYwSEs\">https:\/\/www.univ-orleans.fr\/<wbr \/>es\/group\/125\/home<\/a><\/div>\r\n<div class=\"gmail_default\">(solo para Lengua castellana y su literatura e Ingl\u00e9s)<\/div>\r\n<p>&nbsp;<\/p>\r\n<p>Convocatorias e impresos: <a href=\"https:\/\/www.unileon.es\/internacional\/estudiantes\/movilidad-internacional-salientes\/erasmus-practicas\">https:\/\/www.unileon.es\/internacional\/estudiantes\/movilidad-internacional-salientes\/erasmus-practicas<\/a><\/p>\r\n<p>&nbsp;<\/p>\r\n<h3>Contacto<\/h3>\r\n<p>Vicedecanato de Estudiantes y Movilidad (<a href=\"mailto:fcevdec3@unileon.es\">fcevdec3@unileon.es<\/a>). Despacho 034. Facultad de Educaci\u00f3n.<\/p>","protected":false},"excerpt":{"rendered":"<p>Los alumnos salientes podr\u00e1n realizar sus pr\u00e1cticas docentes de M\u00e1ster en un centro en el extranjero dentro de un programa ERAMUS+ PR\u00c1CTICAS. \u00a0 \u00a0 Destinos: Universidad Multicultural CUDEC (M\u00e9xico):\u00a0https:\/\/universidadcudec.com\/ Instituto Polit\u00e9cnico de Bragan\u00e7a (Portugal):\u00a0https:\/\/portal3.ipb.pt\/index.php\/en\/ipben\/home Universit\u00e9 d&#8217;Orl\u00e9ans (Francia):\u00a0https:\/\/www.univ-orleans.fr\/es\/group\/125\/home (solo para Lengua castellana y su literatura e Ingl\u00e9s) &nbsp; Convocatorias e impresos: https:\/\/www.unileon.es\/internacional\/estudiantes\/movilidad-internacional-salientes\/erasmus-practicas &nbsp; Contacto Vicedecanato de [&hellip;]<\/p>\n","protected":false},"author":11,"featured_media":0,"parent":0,"menu_order":0,"comment_status":"closed","ping_status":"closed","template":"","meta":{"footnotes":""},"class_list":["post-2028","page","type-page","status-publish","hentry"],"_links":{"self":[{"href":"https:\/\/centros.unileon.es\/educacion\/wp-json\/wp\/v2\/pages\/2028","targetHints":{"allow":["GET"]}}],"collection":[{"href":"https:\/\/centros.unileon.es\/educacion\/wp-json\/wp\/v2\/pages"}],"about":[{"href":"https:\/\/centros.unileon.es\/educacion\/wp-json\/wp\/v2\/types\/page"}],"author":[{"embeddable":true,"href":"https:\/\/centros.unileon.es\/educacion\/wp-json\/wp\/v2\/users\/11"}],"replies":[{"embeddable":true,"href":"https:\/\/centros.unileon.es\/educacion\/wp-json\/wp\/v2\/comments?post=2028"}],"version-history":[{"count":9,"href":"https:\/\/centros.unileon.es\/educacion\/wp-json\/wp\/v2\/pages\/2028\/revisions"}],"predecessor-version":[{"id":4957,"href":"https:\/\/centros.unileon.es\/educacion\/wp-json\/wp\/v2\/pages\/2028\/revisions\/4957"}],"wp:attachment":[{"href":"https:\/\/centros.unileon.es\/educacion\/wp-json\/wp\/v2\/media?parent=2028"}],"curies":[{"name":"wp","href":"https:\/\/api.w.org\/{rel}","templated":true}]}}