{"id":172,"date":"2019-06-26T11:36:04","date_gmt":"2019-06-26T11:36:04","guid":{"rendered":"http:\/\/centros.unileon.es\/educacion\/?page_id=172"},"modified":"2019-10-07T11:03:15","modified_gmt":"2019-10-07T11:03:15","slug":"practicum-es","status":"publish","type":"page","link":"https:\/\/centros.unileon.es\/educacion\/practicum-es\/","title":{"rendered":"Pr\u00e1cticum ES"},"content":{"rendered":"<p style=\"text-align: justify;\">Las asignaturas <span style=\"color: #3366ff;\"><strong>Pr\u00e1cticum I<\/strong><\/span> y <span style=\"color: #3366ff;\"><strong>Pr\u00e1cticum II<\/strong><\/span> persiguen como objetivo general integrar al estudiante en un contexto de aprendizaje situado en el campo real relacionado con la pr\u00e1ctica profesional. Con ello se trata de posibilitarle la adquisici\u00f3n y puesta en pr\u00e1ctica de conocimientos, informaci\u00f3n, habilidades y competencias. Dado su car\u00e1cter integrador, deber\u00e1n permitir aplicar tanto las competencias adquiridas en las materias cursadas como las competencias gen\u00e9ricas.<\/p>\r\n\r\n<h1><span style=\"font-size: 14pt;\"><strong><span style=\"color: #0000ff;\">Competencias que el alumnado ha de desarrollar:<\/span><\/strong><\/span><\/h1>\r\n<ul>\r\n \t<li style=\"text-align: justify;\">Capacidad para comprender la complejidad de los procesos sociales y psico-educativos<\/li>\r\n \t<li style=\"text-align: justify;\">Capacidad para reflexionar sobre su propia pr\u00e1ctica en el \u00e1mbito social<\/li>\r\n \t<li style=\"text-align: justify;\">Conocimiento y dominio de recursos sociales y psico-educativos<\/li>\r\n \t<li style=\"text-align: justify;\">Formaci\u00f3n pedag\u00f3gica, cultural y tecnol\u00f3gica<\/li>\r\n \t<li style=\"text-align: justify;\">Dise\u00f1o y desarrollo de proyectos sociales<\/li>\r\n \t<li style=\"text-align: justify;\">Detectar necesidades formativas\u00a0 y sociales del individuo, del grupo y de la comunidad<\/li>\r\n \t<li style=\"text-align: justify;\">Tener una imagen realista de s\u00ed mismo, actuar conforme a las propias convicciones, asumir responsabilidades, tomar decisiones y relativizar las posibles frustraciones<\/li>\r\n \t<li style=\"text-align: justify;\">Dominio de los materiales necesarios para la intervenci\u00f3n individual y grupal.<\/li>\r\n \t<li style=\"text-align: justify;\">Asumir la dimensi\u00f3n \u00e9tica del educador social potenciando en las personas una actitud de ciudadan\u00eda cr\u00edtica y responsable.<\/li>\r\n \t<li style=\"text-align: justify;\">Asumir responsabilidades individuales y grupales en contextos sociales adversos<\/li>\r\n \t<li style=\"text-align: justify;\">Capacidad de relaci\u00f3n y de comunicaci\u00f3n, as\u00ed como de equilibrio emocional en las variadas circunstancias de la actividad profesional<\/li>\r\n \t<li style=\"text-align: justify;\">Capacidad para colaborar con los distintos sectores de la poblaci\u00f3n\u00a0 y del entorno.<\/li>\r\n \t<li style=\"text-align: justify;\">Capacidad para dinamizar la construcci\u00f3n participada de reglas de convivencia democr\u00e1tica, y afrontar y resolver de forma colectiva situaciones problem\u00e1ticas y conflictos interpersonales de naturaleza diversa<\/li>\r\n \t<li style=\"text-align: justify;\">Capacidad para la resoluci\u00f3n de conflictos<\/li>\r\n \t<li style=\"text-align: justify;\">Capacidad para promover la calidad de los contextos sociales de modo que se garantice el bienestar de las persona participantes<\/li>\r\n \t<li style=\"text-align: justify;\">Capacidad para trabajar en equipo con los compa\u00f1eros como condici\u00f3n necesaria para la mejora de su actividad profesional, compartiendo saberes y experiencias<\/li>\r\n \t<li style=\"text-align: justify;\">Habilidad para acercarse a las personas a los que se dirige la acci\u00f3n social y psico-educativa<\/li>\r\n<\/ul>","protected":false},"excerpt":{"rendered":"<p>Las asignaturas Pr\u00e1cticum I y Pr\u00e1cticum II persiguen como objetivo general integrar al estudiante en un contexto de aprendizaje situado en el campo real relacionado con la pr\u00e1ctica profesional. Con ello se trata de posibilitarle la adquisici\u00f3n y puesta en pr\u00e1ctica de conocimientos, informaci\u00f3n, habilidades y competencias. Dado su car\u00e1cter integrador, deber\u00e1n permitir aplicar tanto [&hellip;]<\/p>\n","protected":false},"author":11,"featured_media":0,"parent":0,"menu_order":0,"comment_status":"closed","ping_status":"closed","template":"","meta":{"footnotes":""},"class_list":["post-172","page","type-page","status-publish","hentry"],"_links":{"self":[{"href":"https:\/\/centros.unileon.es\/educacion\/wp-json\/wp\/v2\/pages\/172","targetHints":{"allow":["GET"]}}],"collection":[{"href":"https:\/\/centros.unileon.es\/educacion\/wp-json\/wp\/v2\/pages"}],"about":[{"href":"https:\/\/centros.unileon.es\/educacion\/wp-json\/wp\/v2\/types\/page"}],"author":[{"embeddable":true,"href":"https:\/\/centros.unileon.es\/educacion\/wp-json\/wp\/v2\/users\/11"}],"replies":[{"embeddable":true,"href":"https:\/\/centros.unileon.es\/educacion\/wp-json\/wp\/v2\/comments?post=172"}],"version-history":[{"count":4,"href":"https:\/\/centros.unileon.es\/educacion\/wp-json\/wp\/v2\/pages\/172\/revisions"}],"predecessor-version":[{"id":290,"href":"https:\/\/centros.unileon.es\/educacion\/wp-json\/wp\/v2\/pages\/172\/revisions\/290"}],"wp:attachment":[{"href":"https:\/\/centros.unileon.es\/educacion\/wp-json\/wp\/v2\/media?parent=172"}],"curies":[{"name":"wp","href":"https:\/\/api.w.org\/{rel}","templated":true}]}}

Prácticum ES

<p style="text-align: justify;">Las asignaturas <span style="color: #3366ff;"><strong>Prácticum I</strong></span> y <span style="color: #3366ff;"><strong>Prácticum II</strong></span> persiguen como objetivo general integrar al estudiante en un contexto de aprendizaje situado en el campo real relacionado con la práctica profesional. Con ello se trata de posibilitarle la adquisición y puesta en práctica de conocimientos, información, habilidades y competencias. Dado su carácter integrador, deberán permitir aplicar tanto las competencias adquiridas en las materias cursadas como las competencias genéricas.</p>

<h1><span style="font-size: 14pt;"><strong><span style="color: #0000ff;">Competencias que el alumnado ha de desarrollar:</span></strong></span></h1>
<ul>
 	<li style="text-align: justify;">Capacidad para comprender la complejidad de los procesos sociales y psico-educativos</li>
 	<li style="text-align: justify;">Capacidad para reflexionar sobre su propia práctica en el ámbito social</li>
 	<li style="text-align: justify;">Conocimiento y dominio de recursos sociales y psico-educativos</li>
 	<li style="text-align: justify;">Formación pedagógica, cultural y tecnológica</li>
 	<li style="text-align: justify;">Diseño y desarrollo de proyectos sociales</li>
 	<li style="text-align: justify;">Detectar necesidades formativas  y sociales del individuo, del grupo y de la comunidad</li>
 	<li style="text-align: justify;">Tener una imagen realista de sí mismo, actuar conforme a las propias convicciones, asumir responsabilidades, tomar decisiones y relativizar las posibles frustraciones</li>
 	<li style="text-align: justify;">Dominio de los materiales necesarios para la intervención individual y grupal.</li>
 	<li style="text-align: justify;">Asumir la dimensión ética del educador social potenciando en las personas una actitud de ciudadanía crítica y responsable.</li>
 	<li style="text-align: justify;">Asumir responsabilidades individuales y grupales en contextos sociales adversos</li>
 	<li style="text-align: justify;">Capacidad de relación y de comunicación, así como de equilibrio emocional en las variadas circunstancias de la actividad profesional</li>
 	<li style="text-align: justify;">Capacidad para colaborar con los distintos sectores de la población  y del entorno.</li>
 	<li style="text-align: justify;">Capacidad para dinamizar la construcción participada de reglas de convivencia democrática, y afrontar y resolver de forma colectiva situaciones problemáticas y conflictos interpersonales de naturaleza diversa</li>
 	<li style="text-align: justify;">Capacidad para la resolución de conflictos</li>
 	<li style="text-align: justify;">Capacidad para promover la calidad de los contextos sociales de modo que se garantice el bienestar de las persona participantes</li>
 	<li style="text-align: justify;">Capacidad para trabajar en equipo con los compañeros como condición necesaria para la mejora de su actividad profesional, compartiendo saberes y experiencias</li>
 	<li style="text-align: justify;">Habilidad para acercarse a las personas a los que se dirige la acción social y psico-educativa</li>
</ul>

<p>Las asignaturas Prácticum I y Prácticum II persiguen como objetivo general integrar al estudiante en un contexto de aprendizaje situado en el campo real relacionado con la práctica profesional. Con ello se trata de posibilitarle la adquisición y puesta en práctica de conocimientos, información, habilidades y competencias. Dado su carácter integrador, deberán permitir aplicar tanto [&hellip;]</p>
