{"id":877,"date":"2016-01-28T08:48:07","date_gmt":"2016-01-28T08:48:07","guid":{"rendered":"http:\/\/centros.unileon.es\/derecho\/?page_id=877"},"modified":"2022-03-30T08:23:27","modified_gmt":"2022-03-30T08:23:27","slug":"informacion-general-de-la-revista","status":"publish","type":"page","link":"https:\/\/centros.unileon.es\/derecho\/informacion-general-de-la-revista\/","title":{"rendered":"Informaci\u00f3n general de la Revista"},"content":{"rendered":"<h3 style=\"text-align: center;\"><a href=\"http:\/\/revpubli.unileon.es\/index.php\/juridica\/index\">Revista Jur\u00eddica de la Universidad de Le\u00f3n<\/a>\r\nFacultad de Derecho\r\nUniversidad de Le\u00f3n<\/h3>\r\n<p style=\"text-align: center;\">Contacto: revistajuridicaule@unileon.es\r\nSoporte t\u00e9cnico: journals@unileon.es<\/p>\r\n<p style=\"text-align: center;\">I.S.S.N. 1137-2702 (Ed. impresa)\r\ne-I.S.S.N 2529-8941<\/p>\r\n<p style=\"text-align: center;\">Editada por el \u00c1rea de Publicaciones de la Universidad de Le\u00f3n<\/p>\r\n<p style=\"text-align: justify;\"><a href=\"http:\/\/centros.unileon.es\/derecho\/files\/2016\/01\/Carta-presentaci\u00f3n-del-Decano.pdf\">Carta de presentaci\u00f3n del Decano de la Facultad de Derecho<\/a>.<\/p>\r\n<p style=\"text-align: justify;\"><a href=\"http:\/\/centros.unileon.es\/derecho\/files\/2016\/01\/Reglamento-Revista-Jur\u00eddica-de-la-Universidad-de-Le\u00f3n.pdf\">Reglamento de la Revista Jur\u00eddica de la Universidad de Le\u00f3n<\/a>.<\/p>\r\n<p style=\"text-align: justify;\">La <em>Revista Jur\u00eddica de la Universidad de Le\u00f3n<\/em> es una publicaci\u00f3n acad\u00e9mica de car\u00e1cter multidisciplinar, de periodicidad anual, acceso abierto y revisada por pares. Acoge en sus p\u00e1ginas todo tipo de investigaci\u00f3n referente a cualquier \u00e1mbito de estudio relacionado con las diferentes ramas de conocimiento que forman las Ciencias jur\u00eddicas.<\/p>\r\n<p style=\"text-align: justify;\">Publica art\u00edculos doctrinales de investigaci\u00f3n jur\u00eddica, comentarios de sentencias, rese\u00f1as de libros y otras noticias de inter\u00e9s, preferentemente en espa\u00f1ol. Tambi\u00e9n se admiten contribuciones en ingl\u00e9s, franc\u00e9s e italiano.<\/p>\r\n<p style=\"text-align: justify;\">Por su tem\u00e1tica, el p\u00fablico natural de la revista son todos los profesionales de los distintos campos del Derecho y ramas de conocimiento afines.<\/p>\r\n<p style=\"text-align: justify;\">La <em>Revista Jur\u00eddica de la Universidad de Le\u00f3n<\/em> es continuaci\u00f3n de <em>Anales de la Facultad de Derecho <\/em> y nace con la vocaci\u00f3n de retomar la labor de difusi\u00f3n de los resultados de la\u00a0 investigaci\u00f3n jur\u00eddica iniciada por\u00a0un grupo de Profesores de la Facultad de Derecho en el a\u00f1o 1997.<\/p>\r\n<p style=\"text-align: justify;\"><span id=\"page28R_mcid25\" class=\"markedContent\"><span dir=\"ltr\" role=\"presentation\">La Revista Jur\u00eddica de la Universidad de Le\u00f3n se encuentra indexada en las<\/span> <span dir=\"ltr\" role=\"presentation\">siguientes<\/span> <span dir=\"ltr\" role=\"presentation\">bases<\/span> <span dir=\"ltr\" role=\"presentation\">de<\/span> <span dir=\"ltr\" role=\"presentation\">datos:<\/span> <span dir=\"ltr\" role=\"presentation\">BULERIA<\/span> <span dir=\"ltr\" role=\"presentation\">(Repositorio<\/span> <span dir=\"ltr\" role=\"presentation\">Institucional<\/span> <span dir=\"ltr\" role=\"presentation\">de<\/span> <span dir=\"ltr\" role=\"presentation\">la<\/span> <span dir=\"ltr\" role=\"presentation\">Universidad de Le\u00f3n); CIRC Ec3metrics; Dialnet; Latindex; MIAR; Cat\u00e1logo<\/span> <span dir=\"ltr\" role=\"presentation\">Colectivo REBIUN; REDIB (Red Iberoamericana de Innovaci\u00f3n y Conocimiento<\/span> <span dir=\"ltr\" role=\"presentation\">Cient\u00edfico); ROAD (Directory of Open Access Scholarly Resources); Wizdom.ai; <\/span><span dir=\"ltr\" role=\"presentation\">WorldCat.<\/span><\/span><\/p>","protected":false},"excerpt":{"rendered":"<p>Revista Jur\u00eddica de la Universidad de Le\u00f3n Facultad de Derecho Universidad de Le\u00f3n Contacto: revistajuridicaule@unileon.es Soporte t\u00e9cnico: journals@unileon.es I.S.S.N. 1137-2702 (Ed. impresa) e-I.S.S.N 2529-8941 Editada por el \u00c1rea de Publicaciones de la Universidad de Le\u00f3n Carta de presentaci\u00f3n del Decano de la Facultad de Derecho. Reglamento de la Revista Jur\u00eddica de la Universidad de Le\u00f3n. [&hellip;]<\/p>\n","protected":false},"author":67,"featured_media":0,"parent":0,"menu_order":0,"comment_status":"closed","ping_status":"closed","template":"","meta":{"footnotes":""},"class_list":["post-877","page","type-page","status-publish","hentry"],"_links":{"self":[{"href":"https:\/\/centros.unileon.es\/derecho\/wp-json\/wp\/v2\/pages\/877","targetHints":{"allow":["GET"]}}],"collection":[{"href":"https:\/\/centros.unileon.es\/derecho\/wp-json\/wp\/v2\/pages"}],"about":[{"href":"https:\/\/centros.unileon.es\/derecho\/wp-json\/wp\/v2\/types\/page"}],"author":[{"embeddable":true,"href":"https:\/\/centros.unileon.es\/derecho\/wp-json\/wp\/v2\/users\/67"}],"replies":[{"embeddable":true,"href":"https:\/\/centros.unileon.es\/derecho\/wp-json\/wp\/v2\/comments?post=877"}],"version-history":[{"count":9,"href":"https:\/\/centros.unileon.es\/derecho\/wp-json\/wp\/v2\/pages\/877\/revisions"}],"predecessor-version":[{"id":4504,"href":"https:\/\/centros.unileon.es\/derecho\/wp-json\/wp\/v2\/pages\/877\/revisions\/4504"}],"wp:attachment":[{"href":"https:\/\/centros.unileon.es\/derecho\/wp-json\/wp\/v2\/media?parent=877"}],"curies":[{"name":"wp","href":"https:\/\/api.w.org\/{rel}","templated":true}]}}