{"id":827,"date":"2015-12-04T14:07:16","date_gmt":"2015-12-04T14:07:16","guid":{"rendered":"http:\/\/centros.unileon.es\/derecho\/?page_id=827"},"modified":"2015-12-04T14:07:21","modified_gmt":"2015-12-04T14:07:21","slug":"seminario-de-docencia-e-investigacion-dp-ule-2","status":"publish","type":"page","link":"https:\/\/centros.unileon.es\/derecho\/seminario-de-docencia-e-investigacion-dp-ule-2\/","title":{"rendered":"Seminario de Docencia e Investigaci\u00f3n DP-ULE"},"content":{"rendered":"El \u00c1rea de Derecho Penal de la Facultad de Derecho de la Universidad de Le\u00f3n organiza un seminario que abordar\u00e1 el tema \u00abEl nuevo delito de acoso: an\u00e1lisis cr\u00edtico de su tipicidad\u00bb, impartida por el Profesor Doctor Emilio Cort\u00e9s Bechiarelli.\r\n\r\nFecha de celebraci\u00f3n: 15 de diciembre de 2015 a las 13.30 horas.\r\n\r\nLugar de celebraci\u00f3n: Aula 1A de la Facultad de Derecho.\r\n\r\nPara m\u00e1s informaci\u00f3n pinchar <a href=\"http:\/\/centros.unileon.es\/derecho\/files\/2015\/12\/CARTEL-CORTES-BECHIARELLI-04.12.2015.pdf\">aqu\u00ed<\/a>.","protected":false},"excerpt":{"rendered":"<p>El \u00c1rea de Derecho Penal de la Facultad de Derecho de la Universidad de Le\u00f3n organiza un seminario que abordar\u00e1 el tema \u00abEl nuevo delito de acoso: an\u00e1lisis cr\u00edtico de su tipicidad\u00bb, impartida por el Profesor Doctor Emilio Cort\u00e9s Bechiarelli. Fecha de celebraci\u00f3n: 15 de diciembre de 2015 a las 13.30 horas. Lugar de celebraci\u00f3n: [&hellip;]<\/p>\n","protected":false},"author":67,"featured_media":0,"parent":0,"menu_order":0,"comment_status":"closed","ping_status":"closed","template":"","meta":{"footnotes":""},"class_list":["post-827","page","type-page","status-publish","hentry"],"_links":{"self":[{"href":"https:\/\/centros.unileon.es\/derecho\/wp-json\/wp\/v2\/pages\/827","targetHints":{"allow":["GET"]}}],"collection":[{"href":"https:\/\/centros.unileon.es\/derecho\/wp-json\/wp\/v2\/pages"}],"about":[{"href":"https:\/\/centros.unileon.es\/derecho\/wp-json\/wp\/v2\/types\/page"}],"author":[{"embeddable":true,"href":"https:\/\/centros.unileon.es\/derecho\/wp-json\/wp\/v2\/users\/67"}],"replies":[{"embeddable":true,"href":"https:\/\/centros.unileon.es\/derecho\/wp-json\/wp\/v2\/comments?post=827"}],"version-history":[{"count":1,"href":"https:\/\/centros.unileon.es\/derecho\/wp-json\/wp\/v2\/pages\/827\/revisions"}],"predecessor-version":[{"id":829,"href":"https:\/\/centros.unileon.es\/derecho\/wp-json\/wp\/v2\/pages\/827\/revisions\/829"}],"wp:attachment":[{"href":"https:\/\/centros.unileon.es\/derecho\/wp-json\/wp\/v2\/media?parent=827"}],"curies":[{"name":"wp","href":"https:\/\/api.w.org\/{rel}","templated":true}]}}

Seminario de Docencia e Investigación DP-ULE

El Área de Derecho Penal de la Facultad de Derecho de la Universidad de León organiza un seminario que abordará el tema «El nuevo delito de acoso: análisis crítico de su tipicidad», impartida por el Profesor Doctor Emilio Cortés Bechiarelli.

Fecha de celebración: 15 de diciembre de 2015 a las 13.30 horas.

Lugar de celebración: Aula 1A de la Facultad de Derecho.

Para más información pinchar <a href="http://centros.unileon.es/derecho/files/2015/12/CARTEL-CORTES-BECHIARELLI-04.12.2015.pdf">aquí</a>.

<p>El Área de Derecho Penal de la Facultad de Derecho de la Universidad de León organiza un seminario que abordará el tema «El nuevo delito de acoso: análisis crítico de su tipicidad», impartida por el Profesor Doctor Emilio Cortés Bechiarelli. Fecha de celebración: 15 de diciembre de 2015 a las 13.30 horas. Lugar de celebración: [&hellip;]</p>
