{"id":824,"date":"2015-12-04T14:04:39","date_gmt":"2015-12-04T14:04:39","guid":{"rendered":"http:\/\/centros.unileon.es\/derecho\/?page_id=824"},"modified":"2015-12-04T14:04:39","modified_gmt":"2015-12-04T14:04:39","slug":"ii-congreso-internacional-de-derecho-digital-enatic-2015","status":"publish","type":"page","link":"https:\/\/centros.unileon.es\/derecho\/ii-congreso-internacional-de-derecho-digital-enatic-2015\/","title":{"rendered":"II Congreso Internacional de Derecho Digital ENATIC 2015"},"content":{"rendered":"Para todos aquellos que pudieran estar interesados ha llegado informaci\u00f3n sobre la celebraci\u00f3n del II Congreso Internacional ENATIC de Derecho Digital.\r\n\r\nLugar de celebraci\u00f3n: Madrid.\r\n\r\nFecha de celebraci\u00f3n: Viernes 11 de diciembre de 2015.\r\n\r\nPara m\u00e1s informaci\u00f3n pinchar <a href=\"http:\/\/centros.unileon.es\/derecho\/files\/2015\/12\/CONGRESO-INTERNACIONAL-DE-DERECHO-DIGITAL-ENATIC-2015.pdf\">aqu\u00ed<\/a>.","protected":false},"excerpt":{"rendered":"<p>Para todos aquellos que pudieran estar interesados ha llegado informaci\u00f3n sobre la celebraci\u00f3n del II Congreso Internacional ENATIC de Derecho Digital. Lugar de celebraci\u00f3n: Madrid. Fecha de celebraci\u00f3n: Viernes 11 de diciembre de 2015. Para m\u00e1s informaci\u00f3n pinchar aqu\u00ed.<\/p>\n","protected":false},"author":67,"featured_media":0,"parent":0,"menu_order":0,"comment_status":"closed","ping_status":"closed","template":"","meta":{"footnotes":""},"class_list":["post-824","page","type-page","status-publish","hentry"],"_links":{"self":[{"href":"https:\/\/centros.unileon.es\/derecho\/wp-json\/wp\/v2\/pages\/824","targetHints":{"allow":["GET"]}}],"collection":[{"href":"https:\/\/centros.unileon.es\/derecho\/wp-json\/wp\/v2\/pages"}],"about":[{"href":"https:\/\/centros.unileon.es\/derecho\/wp-json\/wp\/v2\/types\/page"}],"author":[{"embeddable":true,"href":"https:\/\/centros.unileon.es\/derecho\/wp-json\/wp\/v2\/users\/67"}],"replies":[{"embeddable":true,"href":"https:\/\/centros.unileon.es\/derecho\/wp-json\/wp\/v2\/comments?post=824"}],"version-history":[{"count":1,"href":"https:\/\/centros.unileon.es\/derecho\/wp-json\/wp\/v2\/pages\/824\/revisions"}],"predecessor-version":[{"id":826,"href":"https:\/\/centros.unileon.es\/derecho\/wp-json\/wp\/v2\/pages\/824\/revisions\/826"}],"wp:attachment":[{"href":"https:\/\/centros.unileon.es\/derecho\/wp-json\/wp\/v2\/media?parent=824"}],"curies":[{"name":"wp","href":"https:\/\/api.w.org\/{rel}","templated":true}]}}