{"id":779,"date":"2015-10-26T16:44:51","date_gmt":"2015-10-26T16:44:51","guid":{"rendered":"http:\/\/centros.unileon.es\/derecho\/?page_id=779"},"modified":"2015-10-26T16:44:51","modified_gmt":"2015-10-26T16:44:51","slug":"feria-online-de-empleo-eures-castilla-y-leon-2015","status":"publish","type":"page","link":"https:\/\/centros.unileon.es\/derecho\/feria-online-de-empleo-eures-castilla-y-leon-2015\/","title":{"rendered":"Feria online de Empleo Eures. Castilla y Le\u00f3n 2015."},"content":{"rendered":"El Servicio P\u00fablico de Empleo de Catilla y Le\u00f3n organiza la Feria online de Empleo Eures. Castilla y Le\u00f3n 2015.\r\n\r\nFecha de celebraci\u00f3n: 28 y 29 de octubre de 2015.\r\n\r\nPara m\u00e1s informaci\u00f3n pinchar <a href=\"http:\/\/centros.unileon.es\/derecho\/files\/2015\/10\/Folleto_FERIA-EMPLEO-EURES-CYL-2015_Candidatos1.pdf\">aqu\u00ed<\/a>.","protected":false},"excerpt":{"rendered":"<p>El Servicio P\u00fablico de Empleo de Catilla y Le\u00f3n organiza la Feria online de Empleo Eures. Castilla y Le\u00f3n 2015. Fecha de celebraci\u00f3n: 28 y 29 de octubre de 2015. Para m\u00e1s informaci\u00f3n pinchar aqu\u00ed.<\/p>\n","protected":false},"author":67,"featured_media":0,"parent":0,"menu_order":0,"comment_status":"closed","ping_status":"closed","template":"","meta":{"footnotes":""},"class_list":["post-779","page","type-page","status-publish","hentry"],"_links":{"self":[{"href":"https:\/\/centros.unileon.es\/derecho\/wp-json\/wp\/v2\/pages\/779","targetHints":{"allow":["GET"]}}],"collection":[{"href":"https:\/\/centros.unileon.es\/derecho\/wp-json\/wp\/v2\/pages"}],"about":[{"href":"https:\/\/centros.unileon.es\/derecho\/wp-json\/wp\/v2\/types\/page"}],"author":[{"embeddable":true,"href":"https:\/\/centros.unileon.es\/derecho\/wp-json\/wp\/v2\/users\/67"}],"replies":[{"embeddable":true,"href":"https:\/\/centros.unileon.es\/derecho\/wp-json\/wp\/v2\/comments?post=779"}],"version-history":[{"count":1,"href":"https:\/\/centros.unileon.es\/derecho\/wp-json\/wp\/v2\/pages\/779\/revisions"}],"predecessor-version":[{"id":781,"href":"https:\/\/centros.unileon.es\/derecho\/wp-json\/wp\/v2\/pages\/779\/revisions\/781"}],"wp:attachment":[{"href":"https:\/\/centros.unileon.es\/derecho\/wp-json\/wp\/v2\/media?parent=779"}],"curies":[{"name":"wp","href":"https:\/\/api.w.org\/{rel}","templated":true}]}}

Feria online de Empleo Eures. Castilla y León 2015.

El Servicio Público de Empleo de Catilla y León organiza la Feria online de Empleo Eures. Castilla y León 2015.

Fecha de celebración: 28 y 29 de octubre de 2015.

Para más información pinchar <a href="http://centros.unileon.es/derecho/files/2015/10/Folleto_FERIA-EMPLEO-EURES-CYL-2015_Candidatos1.pdf">aquí</a>.

<p>El Servicio Público de Empleo de Catilla y León organiza la Feria online de Empleo Eures. Castilla y León 2015. Fecha de celebración: 28 y 29 de octubre de 2015. Para más información pinchar aquí.</p>
