{"id":646,"date":"2015-04-16T08:40:26","date_gmt":"2015-04-16T08:40:26","guid":{"rendered":"http:\/\/centros.unileon.es\/derecho\/?page_id=646"},"modified":"2015-04-16T08:42:10","modified_gmt":"2015-04-16T08:42:10","slug":"seminario-de-docencia-e-investigacion-derecho-penal-ule","status":"publish","type":"page","link":"https:\/\/centros.unileon.es\/derecho\/seminario-de-docencia-e-investigacion-derecho-penal-ule\/","title":{"rendered":"Seminario de Docencia e Investigaci\u00f3n Derecho Penal ULE"},"content":{"rendered":"El \u00e1rea de Derecho Penal de la Facultad de Derecho de la Universidad de Le\u00f3n organiza el Seminario sobre \u00abPol\u00edtica criminal y realidad social colombiana\u00bb.\r\n\r\nFecha de celebraci\u00f3n: 21 de abril de 2015.\r\n\r\nLugar de celebraci\u00f3n: Sal\u00f3n de Grados de la Facultad de Derecho.\r\n\r\nPara m\u00e1s informaci\u00f3n pinchar <a href=\"http:\/\/centros.unileon.es\/derecho\/files\/2015\/04\/Seminario-Docencia-e-Investigaci\u00f3n-Derecho-Penal.pdf\">aqu\u00ed<\/a>.","protected":false},"excerpt":{"rendered":"<p>El \u00e1rea de Derecho Penal de la Facultad de Derecho de la Universidad de Le\u00f3n organiza el Seminario sobre \u00abPol\u00edtica criminal y realidad social colombiana\u00bb. Fecha de celebraci\u00f3n: 21 de abril de 2015. Lugar de celebraci\u00f3n: Sal\u00f3n de Grados de la Facultad de Derecho. Para m\u00e1s informaci\u00f3n pinchar aqu\u00ed.<\/p>\n","protected":false},"author":67,"featured_media":0,"parent":0,"menu_order":0,"comment_status":"closed","ping_status":"open","template":"","meta":{"footnotes":""},"class_list":["post-646","page","type-page","status-publish","hentry"],"_links":{"self":[{"href":"https:\/\/centros.unileon.es\/derecho\/wp-json\/wp\/v2\/pages\/646","targetHints":{"allow":["GET"]}}],"collection":[{"href":"https:\/\/centros.unileon.es\/derecho\/wp-json\/wp\/v2\/pages"}],"about":[{"href":"https:\/\/centros.unileon.es\/derecho\/wp-json\/wp\/v2\/types\/page"}],"author":[{"embeddable":true,"href":"https:\/\/centros.unileon.es\/derecho\/wp-json\/wp\/v2\/users\/67"}],"replies":[{"embeddable":true,"href":"https:\/\/centros.unileon.es\/derecho\/wp-json\/wp\/v2\/comments?post=646"}],"version-history":[{"count":2,"href":"https:\/\/centros.unileon.es\/derecho\/wp-json\/wp\/v2\/pages\/646\/revisions"}],"predecessor-version":[{"id":650,"href":"https:\/\/centros.unileon.es\/derecho\/wp-json\/wp\/v2\/pages\/646\/revisions\/650"}],"wp:attachment":[{"href":"https:\/\/centros.unileon.es\/derecho\/wp-json\/wp\/v2\/media?parent=646"}],"curies":[{"name":"wp","href":"https:\/\/api.w.org\/{rel}","templated":true}]}}