{"id":643,"date":"2015-04-16T08:35:29","date_gmt":"2015-04-16T08:35:29","guid":{"rendered":"http:\/\/centros.unileon.es\/derecho\/?page_id=643"},"modified":"2015-04-16T08:35:29","modified_gmt":"2015-04-16T08:35:29","slug":"ii-congreso-nacional-penitenciario-legionense","status":"publish","type":"page","link":"https:\/\/centros.unileon.es\/derecho\/ii-congreso-nacional-penitenciario-legionense\/","title":{"rendered":"II Congreso Nacional Penitenciario Legionense"},"content":{"rendered":"El \u00e1rea de Derecho Penal de la Facultad de Derecho organiza el \u00abII Congreso Nacional Penitenciario Legionense\u00bb que abordar\u00e1 el tema de \u00abLa prisi\u00f3n como espacio de integraci\u00f3n social: nuevos retos y perspectivas de futuro\u00bb.\r\n\r\nFechas de celebraci\u00f3n: 7 y 8 de mayo de 2015.\r\n\r\nLugar de celebraci\u00f3n: Sal\u00f3n de Grados de la Facultad de Derecho.\r\n\r\nPara m\u00e1s informaci\u00f3n pinchar <a href=\"http:\/\/centros.unileon.es\/derecho\/files\/2015\/04\/II-CONGRESO-NACIONAL-PENITENCIARIO-LEGIONENSE.pdf\">aqu\u00ed<\/a>.","protected":false},"excerpt":{"rendered":"<p>El \u00e1rea de Derecho Penal de la Facultad de Derecho organiza el \u00abII Congreso Nacional Penitenciario Legionense\u00bb que abordar\u00e1 el tema de \u00abLa prisi\u00f3n como espacio de integraci\u00f3n social: nuevos retos y perspectivas de futuro\u00bb. Fechas de celebraci\u00f3n: 7 y 8 de mayo de 2015. Lugar de celebraci\u00f3n: Sal\u00f3n de Grados de la Facultad de [&hellip;]<\/p>\n","protected":false},"author":67,"featured_media":0,"parent":0,"menu_order":0,"comment_status":"closed","ping_status":"open","template":"","meta":{"footnotes":""},"class_list":["post-643","page","type-page","status-publish","hentry"],"_links":{"self":[{"href":"https:\/\/centros.unileon.es\/derecho\/wp-json\/wp\/v2\/pages\/643","targetHints":{"allow":["GET"]}}],"collection":[{"href":"https:\/\/centros.unileon.es\/derecho\/wp-json\/wp\/v2\/pages"}],"about":[{"href":"https:\/\/centros.unileon.es\/derecho\/wp-json\/wp\/v2\/types\/page"}],"author":[{"embeddable":true,"href":"https:\/\/centros.unileon.es\/derecho\/wp-json\/wp\/v2\/users\/67"}],"replies":[{"embeddable":true,"href":"https:\/\/centros.unileon.es\/derecho\/wp-json\/wp\/v2\/comments?post=643"}],"version-history":[{"count":1,"href":"https:\/\/centros.unileon.es\/derecho\/wp-json\/wp\/v2\/pages\/643\/revisions"}],"predecessor-version":[{"id":645,"href":"https:\/\/centros.unileon.es\/derecho\/wp-json\/wp\/v2\/pages\/643\/revisions\/645"}],"wp:attachment":[{"href":"https:\/\/centros.unileon.es\/derecho\/wp-json\/wp\/v2\/media?parent=643"}],"curies":[{"name":"wp","href":"https:\/\/api.w.org\/{rel}","templated":true}]}}