{"id":6056,"date":"2025-11-24T12:16:35","date_gmt":"2025-11-24T12:16:35","guid":{"rendered":"https:\/\/centros.unileon.es\/derecho\/?page_id=6056"},"modified":"2025-11-24T12:26:15","modified_gmt":"2025-11-24T12:26:15","slug":"congreso-de-innovacion-docente-el-estudio-del-derecho-a-traves-de-la-literatura-y-el-cine-14-de-noviembre-de-2025","status":"publish","type":"page","link":"https:\/\/centros.unileon.es\/derecho\/congreso-de-innovacion-docente-el-estudio-del-derecho-a-traves-de-la-literatura-y-el-cine-14-de-noviembre-de-2025\/","title":{"rendered":"Congreso de Innovaci\u00f3n Docente: El Estudio del derecho a trav\u00e9s de la Literatura y el Cine, 14 de noviembre de 2025"},"content":{"rendered":"<table style=\"border-collapse: collapse; width: 100%;\">\r\n<tbody>\r\n<tr>\r\n<td style=\"width: 50%;\"><a href=\"https:\/\/centros.unileon.es\/derecho\/files\/2025\/11\/Imagen-Gaceta-UNAM.jpg\"><img loading=\"lazy\" decoding=\"async\" class=\"alignnone size-medium wp-image-6057\" src=\"https:\/\/centros.unileon.es\/derecho\/files\/2025\/11\/Imagen-Gaceta-UNAM-300x200.jpg\" alt=\"\" width=\"300\" height=\"200\" srcset=\"https:\/\/centros.unileon.es\/derecho\/files\/2025\/11\/Imagen-Gaceta-UNAM-300x200.jpg 300w, https:\/\/centros.unileon.es\/derecho\/files\/2025\/11\/Imagen-Gaceta-UNAM.jpg 600w\" sizes=\"auto, (max-width: 300px) 100vw, 300px\" \/><\/a>\r\n<h6>Imagen tomada de: Gazeta UNAM<\/h6>\r\nwww.cinereverso.org<\/td>\r\n<td style=\"width: 50%;\">El Sal\u00f3n de Grados de las Facultades de Derecho y Ciencias del Trabajo de la Universidad de Le\u00f3n acoge el Congreso de Innovaci\u00f3n Docente: Nuevos planteamientos para el estudio del Derecho con base en la literatura y el cine.\r\n<ul>\r\n \t<li class=\"first-child\"><strong>Fecha y hora:<\/strong> 14 de noviembre, de 09:00 a 20:00 h.<\/li>\r\n \t<li><strong>Lugar:<\/strong> Sal\u00f3n de Grados de las Facultades de Derecho y de Cioencias del Trabajo de la Universidad de Le\u00f3n.<\/li>\r\n \t<li class=\"last-child\"><strong>Entrada: <\/strong>Libre hasta completar el aforo.<\/li>\r\n \t<li><a href=\"https:\/\/centros.unileon.es\/derecho\/files\/2025\/11\/2025.11.14.-Programa_Congreso_Innovacion_docente_Ule.pdf\">Programa<\/a><\/li>\r\n<\/ul>\r\n<\/td>\r\n<\/tr>\r\n<\/tbody>\r\n<\/table>\r\nDIRECCI\u00d3N:\r\n<ul>\r\n \t<li>PROF.\u00aa DRA. D\u00d1A. NIEVES ALONSO GARC\u00cdA\r\nProfesora Permanente Laboral de Historia del Derecho y de las Instituciones. Universidad de Le\u00f3n.<\/li>\r\n \t<li>PROF. DR. D. FRANCISCO P\u00c9REZ DEL AMO\r\nProfesor Ayudante Doctor de Derecho Civil. Universidad de Le\u00f3n.<\/li>\r\n<\/ul>\r\nCOORDINACI\u00d3N:\r\n<ul>\r\n \t<li>PROF. D. PABLO CARRIZO AGUADO\r\nDoctorando del \u00c1rea de Historia del Derecho y de las Instituciones. Universidad de Le\u00f3n. Profesor Universidad Isabel I (Burgos).<\/li>\r\n \t<li>D\u00d1A. CLARA D\u00cdAZ ORD\u00c1S\r\nGraduada en Derecho y Maestranda Universidad de Le\u00f3n.<\/li>\r\n<\/ul>\r\n9:00 \u20139:15 h. INAUGURACI\u00d3N\r\n<ul>\r\n \t<li>PROF. DR. D. SALVADOR TARODO SORIA\r\nSr. Decano de la Facultad de Derecho.<\/li>\r\n \t<li>PROF. DR. D. GUSTAVO QUIR\u00d3S HIDALGO\r\nSr. Decano de la Facultad de Ciencias del Trabajo.<\/li>\r\n \t<li>PROF.\u00aa DRA. D\u00d1A. NIEVES ALONSO GARC\u00cdA PROF. DR. D. FRANCISCO P\u00c9REZ DEL AMO\r\nDirectores del Congreso.<\/li>\r\n<\/ul>\r\n9:15-9:45 H. PONENCIA INAUGURAL\r\n<ul>\r\n \t<li>Un ejemplo de innovaci\u00f3n docente: Historia novelada del Derecho en tiempos de Alfonso V, Rey de Le\u00f3n.\r\nPROF. DR. DR. D. FERNANDO DE ARVIZU, Catedr\u00e1tico Em\u00e9rito de Historia del Derecho y de las Instituciones. Universidad de Le\u00f3n.<\/li>\r\n<\/ul>\r\n19:30 A 20:00 H. PONENCIA DE CLAUSURA\r\n<ul>\r\n \t<li>La Condici\u00f3n de la Mujer en la Codificaci\u00f3n Civil Espa\u00f1ola: An\u00e1lisis de la Autonom\u00eda Personal en el Derecho Preconstitucional a partir de la literatura.\r\nPROF.\u00aa DRA. D\u00d1A. MARTA ORD\u00c1S ALONSO, Catedr\u00e1tica de Derecho Civil. Universidad de Le\u00f3n.<\/li>\r\n<\/ul>\r\nCOMIT\u00c9 ORGANIZADOR\r\n<ul>\r\n \t<li>Profa. Dra. D\u00f1a. Nieves ALONSO GARC\u00cdA<\/li>\r\n \t<li>Prof. Dr. D. Francisco P\u00c9REZ DEL AMO<\/li>\r\n \t<li>Prof. D. Pablo CARRIZO AGUADO<\/li>\r\n \t<li>D\u00f1a. Clara D\u00cdAZ ORD\u00c1S<\/li>\r\n<\/ul>\r\nCOMIT\u00c9 CIENT\u00cdFICO\r\n<ul>\r\n \t<li>Prof. Dr. D. Fernando DE ARVIZU<\/li>\r\n \t<li>Prof. Dr. D. Germ\u00e1n BERCOVITZ \u00c1LVAREZ<\/li>\r\n \t<li>Prof.\u00aa Dra. D\u00f1a. Helena D\u00cdEZ GARC\u00cdA<\/li>\r\n \t<li>Prof.\u00aa Dra.D\u00f1a. Pilar GUTI\u00c9RREZ SANTIAGO<\/li>\r\n \t<li>Prof.\u00aa Dra. D\u00f1a. Rosine LETINIER<\/li>\r\n \t<li>Prof.\u00aa Dra. D\u00f1a. Marta ORD\u00c1S ALONSO<\/li>\r\n \t<li>Prof. Dr. D. Gustavo QUIR\u00d3S HIDALGO<\/li>\r\n \t<li>Prof. Dr. D. Salvador TARODO SORIA<\/li>\r\n<\/ul>\r\n&nbsp;","protected":false},"excerpt":{"rendered":"<p>Imagen tomada de: Gazeta UNAM www.cinereverso.org El Sal\u00f3n de Grados de las Facultades de Derecho y Ciencias del Trabajo de la Universidad de Le\u00f3n acoge el Congreso de Innovaci\u00f3n Docente: Nuevos planteamientos para el estudio del Derecho con base en la literatura y el cine. Fecha y hora: 14 de noviembre, de 09:00 a 20:00 [&hellip;]<\/p>\n","protected":false},"author":149,"featured_media":0,"parent":0,"menu_order":0,"comment_status":"closed","ping_status":"closed","template":"","meta":{"footnotes":""},"class_list":["post-6056","page","type-page","status-publish","hentry"],"_links":{"self":[{"href":"https:\/\/centros.unileon.es\/derecho\/wp-json\/wp\/v2\/pages\/6056","targetHints":{"allow":["GET"]}}],"collection":[{"href":"https:\/\/centros.unileon.es\/derecho\/wp-json\/wp\/v2\/pages"}],"about":[{"href":"https:\/\/centros.unileon.es\/derecho\/wp-json\/wp\/v2\/types\/page"}],"author":[{"embeddable":true,"href":"https:\/\/centros.unileon.es\/derecho\/wp-json\/wp\/v2\/users\/149"}],"replies":[{"embeddable":true,"href":"https:\/\/centros.unileon.es\/derecho\/wp-json\/wp\/v2\/comments?post=6056"}],"version-history":[{"count":4,"href":"https:\/\/centros.unileon.es\/derecho\/wp-json\/wp\/v2\/pages\/6056\/revisions"}],"predecessor-version":[{"id":6069,"href":"https:\/\/centros.unileon.es\/derecho\/wp-json\/wp\/v2\/pages\/6056\/revisions\/6069"}],"wp:attachment":[{"href":"https:\/\/centros.unileon.es\/derecho\/wp-json\/wp\/v2\/media?parent=6056"}],"curies":[{"name":"wp","href":"https:\/\/api.w.org\/{rel}","templated":true}]}}

Congreso de Innovación Docente: El Estudio del derecho a través de la Literatura y el Cine, 14 de noviembre de 2025

<table style="border-collapse: collapse; width: 100%;">
<tbody>
<tr>
<td style="width: 50%;"><a href="https://centros.unileon.es/derecho/files/2025/11/Imagen-Gaceta-UNAM.jpg"><img loading="lazy" decoding="async" class="alignnone size-medium wp-image-6057" src="https://centros.unileon.es/derecho/files/2025/11/Imagen-Gaceta-UNAM-300x200.jpg" alt="" width="300" height="200" srcset="https://centros.unileon.es/derecho/files/2025/11/Imagen-Gaceta-UNAM-300x200.jpg 300w, https://centros.unileon.es/derecho/files/2025/11/Imagen-Gaceta-UNAM.jpg 600w" sizes="auto, (max-width: 300px) 100vw, 300px" /></a>
<h6>Imagen tomada de: Gazeta UNAM</h6>
www.cinereverso.org</td>
<td style="width: 50%;">El Salón de Grados de las Facultades de Derecho y Ciencias del Trabajo de la Universidad de León acoge el Congreso de Innovación Docente: Nuevos planteamientos para el estudio del Derecho con base en la literatura y el cine.
<ul>
 	<li class="first-child"><strong>Fecha y hora:</strong> 14 de noviembre, de 09:00 a 20:00 h.</li>
 	<li><strong>Lugar:</strong> Salón de Grados de las Facultades de Derecho y de Cioencias del Trabajo de la Universidad de León.</li>
 	<li class="last-child"><strong>Entrada: </strong>Libre hasta completar el aforo.</li>
 	<li><a href="https://centros.unileon.es/derecho/files/2025/11/2025.11.14.-Programa_Congreso_Innovacion_docente_Ule.pdf">Programa</a></li>
</ul>
</td>
</tr>
</tbody>
</table>
DIRECCIÓN:
<ul>
 	<li>PROF.ª DRA. DÑA. NIEVES ALONSO GARCÍA
Profesora Permanente Laboral de Historia del Derecho y de las Instituciones. Universidad de León.</li>
 	<li>PROF. DR. D. FRANCISCO PÉREZ DEL AMO
Profesor Ayudante Doctor de Derecho Civil. Universidad de León.</li>
</ul>
COORDINACIÓN:
<ul>
 	<li>PROF. D. PABLO CARRIZO AGUADO
Doctorando del Área de Historia del Derecho y de las Instituciones. Universidad de León. Profesor Universidad Isabel I (Burgos).</li>
 	<li>DÑA. CLARA DÍAZ ORDÁS
Graduada en Derecho y Maestranda Universidad de León.</li>
</ul>
9:00 –9:15 h. INAUGURACIÓN
<ul>
 	<li>PROF. DR. D. SALVADOR TARODO SORIA
Sr. Decano de la Facultad de Derecho.</li>
 	<li>PROF. DR. D. GUSTAVO QUIRÓS HIDALGO
Sr. Decano de la Facultad de Ciencias del Trabajo.</li>
 	<li>PROF.ª DRA. DÑA. NIEVES ALONSO GARCÍA PROF. DR. D. FRANCISCO PÉREZ DEL AMO
Directores del Congreso.</li>
</ul>
9:15-9:45 H. PONENCIA INAUGURAL
<ul>
 	<li>Un ejemplo de innovación docente: Historia novelada del Derecho en tiempos de Alfonso V, Rey de León.
PROF. DR. DR. D. FERNANDO DE ARVIZU, Catedrático Emérito de Historia del Derecho y de las Instituciones. Universidad de León.</li>
</ul>
19:30 A 20:00 H. PONENCIA DE CLAUSURA
<ul>
 	<li>La Condición de la Mujer en la Codificación Civil Española: Análisis de la Autonomía Personal en el Derecho Preconstitucional a partir de la literatura.
PROF.ª DRA. DÑA. MARTA ORDÁS ALONSO, Catedrática de Derecho Civil. Universidad de León.</li>
</ul>
COMITÉ ORGANIZADOR
<ul>
 	<li>Profa. Dra. Dña. Nieves ALONSO GARCÍA</li>
 	<li>Prof. Dr. D. Francisco PÉREZ DEL AMO</li>
 	<li>Prof. D. Pablo CARRIZO AGUADO</li>
 	<li>Dña. Clara DÍAZ ORDÁS</li>
</ul>
COMITÉ CIENTÍFICO
<ul>
 	<li>Prof. Dr. D. Fernando DE ARVIZU</li>
 	<li>Prof. Dr. D. Germán BERCOVITZ ÁLVAREZ</li>
 	<li>Prof.ª Dra. Dña. Helena DÍEZ GARCÍA</li>
 	<li>Prof.ª Dra.Dña. Pilar GUTIÉRREZ SANTIAGO</li>
 	<li>Prof.ª Dra. Dña. Rosine LETINIER</li>
 	<li>Prof.ª Dra. Dña. Marta ORDÁS ALONSO</li>
 	<li>Prof. Dr. D. Gustavo QUIRÓS HIDALGO</li>
 	<li>Prof. Dr. D. Salvador TARODO SORIA</li>
</ul>
&nbsp;

<p>Imagen tomada de: Gazeta UNAM www.cinereverso.org El Salón de Grados de las Facultades de Derecho y Ciencias del Trabajo de la Universidad de León acoge el Congreso de Innovación Docente: Nuevos planteamientos para el estudio del Derecho con base en la literatura y el cine. Fecha y hora: 14 de noviembre, de 09:00 a 20:00 [&hellip;]</p>
