{"id":598,"date":"2014-11-24T11:01:48","date_gmt":"2014-11-24T11:01:48","guid":{"rendered":"http:\/\/centros.unileon.es\/derecho\/?page_id=598"},"modified":"2014-11-24T11:01:48","modified_gmt":"2014-11-24T11:01:48","slug":"iv-seminario-de-derecho-financiero-cuestiones-actuales-del-derecho-financiero","status":"publish","type":"page","link":"https:\/\/centros.unileon.es\/derecho\/iv-seminario-de-derecho-financiero-cuestiones-actuales-del-derecho-financiero\/","title":{"rendered":"IV Seminario de Derecho Financiero. Cuestiones Actuales del Derecho Financiero."},"content":{"rendered":"El \u00c1rea de Derecho Financiero y Tributario de la Universidad de Le\u00f3n organiza el \u00abIV Seminario de Derecho Financiero. Cuestiones Actuales del Derecho Financiero\u00bb.\r\n\r\nFechas de celebraci\u00f3n: 27 de noviembre de 2014 y 13 de enero de 2015.\r\n\r\nLugar de celebraci\u00f3n: Sal\u00f3n de Grados. Facultad de Derecho.\r\n\r\nPara m\u00e1s informaci\u00f3n pinchar <a href=\"http:\/\/centros.unileon.es\/derecho\/files\/2014\/11\/IV-Seminario-de-Derecho-Financiero.pdf\">aqu\u00ed<\/a>.","protected":false},"excerpt":{"rendered":"<p>El \u00c1rea de Derecho Financiero y Tributario de la Universidad de Le\u00f3n organiza el \u00abIV Seminario de Derecho Financiero. Cuestiones Actuales del Derecho Financiero\u00bb. Fechas de celebraci\u00f3n: 27 de noviembre de 2014 y 13 de enero de 2015. Lugar de celebraci\u00f3n: Sal\u00f3n de Grados. Facultad de Derecho. Para m\u00e1s informaci\u00f3n pinchar aqu\u00ed.<\/p>\n","protected":false},"author":67,"featured_media":0,"parent":0,"menu_order":0,"comment_status":"closed","ping_status":"open","template":"","meta":{"footnotes":""},"class_list":["post-598","page","type-page","status-publish","hentry"],"_links":{"self":[{"href":"https:\/\/centros.unileon.es\/derecho\/wp-json\/wp\/v2\/pages\/598","targetHints":{"allow":["GET"]}}],"collection":[{"href":"https:\/\/centros.unileon.es\/derecho\/wp-json\/wp\/v2\/pages"}],"about":[{"href":"https:\/\/centros.unileon.es\/derecho\/wp-json\/wp\/v2\/types\/page"}],"author":[{"embeddable":true,"href":"https:\/\/centros.unileon.es\/derecho\/wp-json\/wp\/v2\/users\/67"}],"replies":[{"embeddable":true,"href":"https:\/\/centros.unileon.es\/derecho\/wp-json\/wp\/v2\/comments?post=598"}],"version-history":[{"count":1,"href":"https:\/\/centros.unileon.es\/derecho\/wp-json\/wp\/v2\/pages\/598\/revisions"}],"predecessor-version":[{"id":600,"href":"https:\/\/centros.unileon.es\/derecho\/wp-json\/wp\/v2\/pages\/598\/revisions\/600"}],"wp:attachment":[{"href":"https:\/\/centros.unileon.es\/derecho\/wp-json\/wp\/v2\/media?parent=598"}],"curies":[{"name":"wp","href":"https:\/\/api.w.org\/{rel}","templated":true}]}}

El Área de Derecho Financiero y Tributario de la Universidad de León organiza el «IV Seminario de Derecho Financiero. Cuestiones Actuales del Derecho Financiero».

Fechas de celebración: 27 de noviembre de 2014 y 13 de enero de 2015.

Lugar de celebración: Salón de Grados. Facultad de Derecho.

Para más información pinchar <a href="http://centros.unileon.es/derecho/files/2014/11/IV-Seminario-de-Derecho-Financiero.pdf">aquí</a>.

<p>El Área de Derecho Financiero y Tributario de la Universidad de León organiza el «IV Seminario de Derecho Financiero. Cuestiones Actuales del Derecho Financiero». Fechas de celebración: 27 de noviembre de 2014 y 13 de enero de 2015. Lugar de celebración: Salón de Grados. Facultad de Derecho. Para más información pinchar aquí.</p>
