{"id":5626,"date":"2024-09-11T10:05:46","date_gmt":"2024-09-11T10:05:46","guid":{"rendered":"https:\/\/centros.unileon.es\/derecho\/?page_id=5626"},"modified":"2024-09-11T10:13:20","modified_gmt":"2024-09-11T10:13:20","slug":"ix-congreso-nacional-penitenciario-legionense-una-historia-de-resilencia-y-de-cambio-25-anos-del-centro-penitenciario-de-leon-25-y-26-de-septiembre","status":"publish","type":"page","link":"https:\/\/centros.unileon.es\/derecho\/ix-congreso-nacional-penitenciario-legionense-una-historia-de-resilencia-y-de-cambio-25-anos-del-centro-penitenciario-de-leon-25-y-26-de-septiembre\/","title":{"rendered":"IX Congreso Nacional Penitenciario Legionense: \u00abUna historia de resilencia y de cambio: 25 a\u00f1os del centro penitenciario de Le\u00f3n\u00bb, 25 y 26 de septiembre"},"content":{"rendered":"<h4><strong>IX CONGRESO NACIONAL PENITENCIARIO LEGIONENSE<\/strong><\/h4>\r\nBajo el T\u00edtulo de \u00abUna historia de resilencia y de cambio: 25 a\u00f1os del centro penitenciario de Le\u00f3n\u00bb, el \u00c1rea de Derecho penal de la Universidad de Le\u00f3n, en colaboraci\u00f3n con la Fundaci\u00f3n Athena, ACAIP y la Fundaci\u00f3n de Ciencias Penales, organizan el IX Congreso Nacional Penitenciario Legionense que en esa edici\u00f3n conmemora el 25 aniversario de la fundaci\u00f3n del Centro penitenciario de Le\u00f3n.\r\n<ul>\r\n \t<li>Lugar: Sala Gord\u00f3n Ord\u00e1s (d\u00eda 25) y Sala San Isidoro (d\u00eda 26), Edificio Rectorado \u00abEl Alb\u00e9itar\u00bbde la Universidad de Le\u00f3n.<\/li>\r\n \t<li>Fecha y horarios: d\u00edas 25 y 26 de septiembre de 2024, de 16:00 a 20:00 hs.<\/li>\r\n \t<li>Informaci\u00f3n y matr\u00edcula en el siguiente <a href=\"https:\/\/centros.unileon.es\/derecho\/files\/2024\/09\/2024.09.26.-Cartel-IX-CNPL-2024.pdf\">enlace<\/a>.<\/li>\r\n<\/ul>\r\nINSCRIPCI\u00d3N GRATUITA: (matrab@unileon.es)\r\nFecha l\u00edmite: 24 de septiembre de 2024\r\nSE ADMITEN COMUNICACIONES HASTA EL 20 DE SEPTIEMBRE DE 2024 (matrab@unileon.es)","protected":false},"excerpt":{"rendered":"<p>IX CONGRESO NACIONAL PENITENCIARIO LEGIONENSE Bajo el T\u00edtulo de \u00abUna historia de resilencia y de cambio: 25 a\u00f1os del centro penitenciario de Le\u00f3n\u00bb, el \u00c1rea de Derecho penal de la Universidad de Le\u00f3n, en colaboraci\u00f3n con la Fundaci\u00f3n Athena, ACAIP y la Fundaci\u00f3n de Ciencias Penales, organizan el IX Congreso Nacional Penitenciario Legionense que en [&hellip;]<\/p>\n","protected":false},"author":149,"featured_media":0,"parent":0,"menu_order":0,"comment_status":"closed","ping_status":"closed","template":"","meta":{"footnotes":""},"class_list":["post-5626","page","type-page","status-publish","hentry"],"_links":{"self":[{"href":"https:\/\/centros.unileon.es\/derecho\/wp-json\/wp\/v2\/pages\/5626","targetHints":{"allow":["GET"]}}],"collection":[{"href":"https:\/\/centros.unileon.es\/derecho\/wp-json\/wp\/v2\/pages"}],"about":[{"href":"https:\/\/centros.unileon.es\/derecho\/wp-json\/wp\/v2\/types\/page"}],"author":[{"embeddable":true,"href":"https:\/\/centros.unileon.es\/derecho\/wp-json\/wp\/v2\/users\/149"}],"replies":[{"embeddable":true,"href":"https:\/\/centros.unileon.es\/derecho\/wp-json\/wp\/v2\/comments?post=5626"}],"version-history":[{"count":3,"href":"https:\/\/centros.unileon.es\/derecho\/wp-json\/wp\/v2\/pages\/5626\/revisions"}],"predecessor-version":[{"id":5630,"href":"https:\/\/centros.unileon.es\/derecho\/wp-json\/wp\/v2\/pages\/5626\/revisions\/5630"}],"wp:attachment":[{"href":"https:\/\/centros.unileon.es\/derecho\/wp-json\/wp\/v2\/media?parent=5626"}],"curies":[{"name":"wp","href":"https:\/\/api.w.org\/{rel}","templated":true}]}}