{"id":494,"date":"2014-04-28T08:42:06","date_gmt":"2014-04-28T08:42:06","guid":{"rendered":"http:\/\/centros.unileon.es\/derecho\/?page_id=494"},"modified":"2014-04-28T08:42:06","modified_gmt":"2014-04-28T08:42:06","slug":"i-curso-sobre-la-proteccion-de-los-derechos-humanos-en-la-practica-juridica","status":"publish","type":"page","link":"https:\/\/centros.unileon.es\/derecho\/i-curso-sobre-la-proteccion-de-los-derechos-humanos-en-la-practica-juridica\/","title":{"rendered":"I Curso sobre La protecci\u00f3n de los derechos humanos en la pr\u00e1ctica jur\u00eddica"},"content":{"rendered":"Se va a celebrar en la Facultad de Derecho de la Universidad de Le\u00f3n el I Curso sobre \u00abLa protecci\u00f3n de los derechos humanos en la pr\u00e1ctica jur\u00eddica\u00bb con la colaboraci\u00f3n de la Corte Europea de Derechos Humanos y Amnist\u00eda Internacional.\r\n\r\nFechas de celebraci\u00f3n: 5, 9, 13,16 y 30 de mayo de 2014.\r\n\r\nLugar de celebraci\u00f3n: Facultad de Derecho.\r\n\r\nPara m\u00e1s informaci\u00f3n pinchar <a href=\"http:\/\/centros.unileon.es\/derecho\/files\/2014\/04\/Curso-La-Protecci\u00f3n-de-los-derechos-humanosen-la-pr\u00e1ctica-jur\u00eddica.pdf\">aqu\u00ed<\/a>.","protected":false},"excerpt":{"rendered":"<p>Se va a celebrar en la Facultad de Derecho de la Universidad de Le\u00f3n el I Curso sobre \u00abLa protecci\u00f3n de los derechos humanos en la pr\u00e1ctica jur\u00eddica\u00bb con la colaboraci\u00f3n de la Corte Europea de Derechos Humanos y Amnist\u00eda Internacional. Fechas de celebraci\u00f3n: 5, 9, 13,16 y 30 de mayo de 2014. Lugar de [&hellip;]<\/p>\n","protected":false},"author":67,"featured_media":0,"parent":0,"menu_order":0,"comment_status":"closed","ping_status":"open","template":"","meta":{"footnotes":""},"class_list":["post-494","page","type-page","status-publish","hentry"],"_links":{"self":[{"href":"https:\/\/centros.unileon.es\/derecho\/wp-json\/wp\/v2\/pages\/494","targetHints":{"allow":["GET"]}}],"collection":[{"href":"https:\/\/centros.unileon.es\/derecho\/wp-json\/wp\/v2\/pages"}],"about":[{"href":"https:\/\/centros.unileon.es\/derecho\/wp-json\/wp\/v2\/types\/page"}],"author":[{"embeddable":true,"href":"https:\/\/centros.unileon.es\/derecho\/wp-json\/wp\/v2\/users\/67"}],"replies":[{"embeddable":true,"href":"https:\/\/centros.unileon.es\/derecho\/wp-json\/wp\/v2\/comments?post=494"}],"version-history":[{"count":1,"href":"https:\/\/centros.unileon.es\/derecho\/wp-json\/wp\/v2\/pages\/494\/revisions"}],"predecessor-version":[{"id":496,"href":"https:\/\/centros.unileon.es\/derecho\/wp-json\/wp\/v2\/pages\/494\/revisions\/496"}],"wp:attachment":[{"href":"https:\/\/centros.unileon.es\/derecho\/wp-json\/wp\/v2\/media?parent=494"}],"curies":[{"name":"wp","href":"https:\/\/api.w.org\/{rel}","templated":true}]}}