{"id":449,"date":"2014-02-06T18:59:47","date_gmt":"2014-02-06T18:59:47","guid":{"rendered":"http:\/\/centros.unileon.es\/derecho\/?page_id=449"},"modified":"2014-02-06T19:00:06","modified_gmt":"2014-02-06T19:00:06","slug":"iii-seminario-de-derecho-financiero-la-financiacion-publica-de-la-iglesia-catolica-en-espana","status":"publish","type":"page","link":"https:\/\/centros.unileon.es\/derecho\/iii-seminario-de-derecho-financiero-la-financiacion-publica-de-la-iglesia-catolica-en-espana\/","title":{"rendered":"III Seminario de Derecho Financiero. La financiaci\u00f3n p\u00fablica de la Iglesia Cat\u00f3lica en Espa\u00f1a"},"content":{"rendered":"<div>\r\n\r\nEl \u00c1rea de Derecho Financiero y Tributario organiza el III Seminario de Derecho Financiero.\u00a0La financiaci\u00f3n p\u00fablica de la Iglesia Cat\u00f3lica en Espa\u00f1a.\r\n\r\nFecha de realizaci\u00f3n:\u00a013 de enero de 2014.\r\n\r\nLugar de celebraci\u00f3n: Sal\u00f3n de Grados de la Facultad de Derecho.\r\n\r\nPara m\u00e1s informaci\u00f3n pinchar <a href=\"http:\/\/centros.unileon.es\/derecho\/files\/2014\/02\/III-Seminario-Derecho-Financiero-y-Tributario.pdf\">aqu\u00ed<\/a>\r\n\r\n<\/div>\r\n<!-- .entry-content -->","protected":false},"excerpt":{"rendered":"<p>El \u00c1rea de Derecho Financiero y Tributario organiza el III Seminario de Derecho Financiero.\u00a0La financiaci\u00f3n p\u00fablica de la Iglesia Cat\u00f3lica en Espa\u00f1a. Fecha de realizaci\u00f3n:\u00a013 de enero de 2014. Lugar de celebraci\u00f3n: Sal\u00f3n de Grados de la Facultad de Derecho. Para m\u00e1s informaci\u00f3n pinchar aqu\u00ed<\/p>\n","protected":false},"author":67,"featured_media":0,"parent":0,"menu_order":0,"comment_status":"closed","ping_status":"open","template":"","meta":{"footnotes":""},"class_list":["post-449","page","type-page","status-publish","hentry"],"_links":{"self":[{"href":"https:\/\/centros.unileon.es\/derecho\/wp-json\/wp\/v2\/pages\/449","targetHints":{"allow":["GET"]}}],"collection":[{"href":"https:\/\/centros.unileon.es\/derecho\/wp-json\/wp\/v2\/pages"}],"about":[{"href":"https:\/\/centros.unileon.es\/derecho\/wp-json\/wp\/v2\/types\/page"}],"author":[{"embeddable":true,"href":"https:\/\/centros.unileon.es\/derecho\/wp-json\/wp\/v2\/users\/67"}],"replies":[{"embeddable":true,"href":"https:\/\/centros.unileon.es\/derecho\/wp-json\/wp\/v2\/comments?post=449"}],"version-history":[{"count":2,"href":"https:\/\/centros.unileon.es\/derecho\/wp-json\/wp\/v2\/pages\/449\/revisions"}],"predecessor-version":[{"id":452,"href":"https:\/\/centros.unileon.es\/derecho\/wp-json\/wp\/v2\/pages\/449\/revisions\/452"}],"wp:attachment":[{"href":"https:\/\/centros.unileon.es\/derecho\/wp-json\/wp\/v2\/media?parent=449"}],"curies":[{"name":"wp","href":"https:\/\/api.w.org\/{rel}","templated":true}]}}