{"id":4342,"date":"2022-02-01T07:26:15","date_gmt":"2022-02-01T07:26:15","guid":{"rendered":"https:\/\/centros.unileon.es\/derecho\/?page_id=4342"},"modified":"2023-01-22T20:00:18","modified_gmt":"2023-01-22T20:00:18","slug":"curso-jean-monnet-el-trabajo-decente-como-motor-de-cambio-atjue","status":"publish","type":"page","link":"https:\/\/centros.unileon.es\/derecho\/curso-jean-monnet-el-trabajo-decente-como-motor-de-cambio-atjue\/","title":{"rendered":"Curso Jean Monnet: \u00abEl trabajo decente como motor de cambio\u00bb, de enero a junio de 2023"},"content":{"rendered":"<a href=\"https:\/\/centros.unileon.es\/derecho\/files\/2022\/02\/susana_escanciano_y_henar_alvarez.jpg\"><img loading=\"lazy\" decoding=\"async\" class=\"wp-image-4343 aligncenter\" src=\"https:\/\/centros.unileon.es\/derecho\/files\/2022\/02\/susana_escanciano_y_henar_alvarez.jpg\" alt=\"\" width=\"442\" height=\"273\" \/><\/a>\r\n<p class=\"text-align-justify\" style=\"text-align: justify;\"><strong><span lang=\"ES-TRAD\" xml:lang=\"ES-TRAD\">El proyecto, que cuenta con la financiaci\u00f3n de la Uni\u00f3n Europea a trav\u00e9s de las Acciones \u2018Jean Monnet\u2019, incluye varias sesiones que se impartir\u00e1n en formato presencial y online en el Sal\u00f3n de Grados de la Facultad de Derecho a partir del 18 de enero.\r\n<\/span><\/strong><\/p>\r\n<p class=\"text-align-justify\" style=\"text-align: justify;\">La Universidad de Le\u00f3n (ULE) ha abierto la matr\u00edcula para participar en el curso <strong>\u2018Avanzando en transiciones justas en la Uni\u00f3n Europea: el trabajo decente como motor de cambio (ATJUE)\u2019<\/strong>, cuyo programa se oferta en distintas jornadas en modalidad presencial y online a partir del <strong>18 de enero febrero hasta el 7 de junio<\/strong>.<\/p>\r\n<p class=\"text-align-justify\" style=\"text-align: justify;\">Es un curso gratuito de 76 horas de duraci\u00f3n que ofrece a los participantes el reconocimiento de 3 cr\u00e9ditos ECTS, y que est\u00e1 dirigido a estudiantes universitarios,\u00a0 empleados p\u00fablicos, operadores jur\u00eddicos, representantes de trabajadores y empresarios y profesores de Bachillerato y Formaci\u00f3n Profesional.<\/p>\r\n<p class=\"text-align-justify\" style=\"text-align: justify;\">El curso est\u00e1 dirigido por Susana Rodr\u00edguez Escanciano, Henar \u00c1lvarez Cuesta y Francisco Xabiere G\u00f3mez profesores del \u00e1rea de Derecho del Trabajo y de la Seguridad Social. El proyecto, que cuenta con la financiaci\u00f3n de la Uni\u00f3n Europea a trav\u00e9s de las Acciones \u2018Jean Monnet\u2019, consta de <strong>19 sesiones<\/strong>, que se celebrar\u00e1n todos los <strong>mi\u00e9rcoles a partir del 18 enero en el Sal\u00f3n de Grados de la Facultad de Derecho de 16:00 a 20:00 horas<\/strong>, y ser\u00e1n impartidas por profesorado de las universidades de Alcal\u00e1, Aut\u00f3noma de Barcelona, Cantabria, Carlos III, La Coru\u00f1a, Pa\u00eds Vasco, Sevilla, UNED y Le\u00f3n.<\/p>\r\n<p class=\"text-align-justify\" style=\"text-align: justify;\">Desde la organizaci\u00f3n explican que esta propuesta trata dar a conocer los principios b\u00e1sicos sobre los que se asienta la construcci\u00f3n del Derecho Social Comunitario y \u201cdivulgar las l\u00edneas actuales de las pol\u00edticas sociales de la Uni\u00f3n Europea en su aplicaci\u00f3n pr\u00e1ctica tendente a la consecuci\u00f3n del objetivo de la Agenda 2030 dise\u00f1ado bajo el paradigma del trabajo decente y la transici\u00f3n justa\u201d. Para ello se ofrecer\u00e1 una formaci\u00f3n te\u00f3rica y pr\u00e1ctica a trav\u00e9s del estudio de casos concretos, role-playing y cl\u00ednica jur\u00eddica que propicien acciones de aprendizaje-servicio.<\/p>\r\n<p class=\"text-align-justify\" style=\"text-align: justify;\">Los temas de actualidad que se abordar\u00e1n a lo largo del curso figuran: trabajo decente, salario digno, contrataci\u00f3n temporal y a tiempo parcial, tiempo de trabajo y desconexi\u00f3n, transmisi\u00f3n de empresas, contratas y subcontratas, protecci\u00f3n de datos, trabjo en plataformas, transparencia, cambio clim\u00e1tico, pol\u00edticas de igualdad, libre circulaci\u00f3n de trabajadores, salud laboral, inteligencia artificial, protecci\u00f3n social, cuidados y corresponsabilidad, extinciones del contrato de trabajo y di\u00e1logo social.<\/p>\r\n<p class=\"text-align-justify\" style=\"text-align: justify;\">La informaci\u00f3n completa del programa y el formulario de inscripci\u00f3n puede consultarse en el siguiente <a href=\"https:\/\/centros.unileon.es\/derecho\/files\/2023\/01\/2023.01.18.-Programa-jean-monnet-2023-final.pdf\">enlace<\/a>.<\/p>\r\n\r\n<h5 style=\"text-align: justify;\"><\/h5>","protected":false},"excerpt":{"rendered":"<p>El proyecto, que cuenta con la financiaci\u00f3n de la Uni\u00f3n Europea a trav\u00e9s de las Acciones \u2018Jean Monnet\u2019, incluye varias sesiones que se impartir\u00e1n en formato presencial y online en el Sal\u00f3n de Grados de la Facultad de Derecho a partir del 18 de enero. La Universidad de Le\u00f3n (ULE) ha abierto la matr\u00edcula para [&hellip;]<\/p>\n","protected":false},"author":149,"featured_media":0,"parent":0,"menu_order":0,"comment_status":"closed","ping_status":"closed","template":"","meta":{"footnotes":""},"class_list":["post-4342","page","type-page","status-publish","hentry"],"_links":{"self":[{"href":"https:\/\/centros.unileon.es\/derecho\/wp-json\/wp\/v2\/pages\/4342","targetHints":{"allow":["GET"]}}],"collection":[{"href":"https:\/\/centros.unileon.es\/derecho\/wp-json\/wp\/v2\/pages"}],"about":[{"href":"https:\/\/centros.unileon.es\/derecho\/wp-json\/wp\/v2\/types\/page"}],"author":[{"embeddable":true,"href":"https:\/\/centros.unileon.es\/derecho\/wp-json\/wp\/v2\/users\/149"}],"replies":[{"embeddable":true,"href":"https:\/\/centros.unileon.es\/derecho\/wp-json\/wp\/v2\/comments?post=4342"}],"version-history":[{"count":9,"href":"https:\/\/centros.unileon.es\/derecho\/wp-json\/wp\/v2\/pages\/4342\/revisions"}],"predecessor-version":[{"id":5015,"href":"https:\/\/centros.unileon.es\/derecho\/wp-json\/wp\/v2\/pages\/4342\/revisions\/5015"}],"wp:attachment":[{"href":"https:\/\/centros.unileon.es\/derecho\/wp-json\/wp\/v2\/media?parent=4342"}],"curies":[{"name":"wp","href":"https:\/\/api.w.org\/{rel}","templated":true}]}}