{"id":355,"date":"2013-10-16T12:55:01","date_gmt":"2013-10-16T12:55:01","guid":{"rendered":"http:\/\/centros.unileon.es\/derecho\/?page_id=355"},"modified":"2013-10-16T18:34:02","modified_gmt":"2013-10-16T18:34:02","slug":"i-coloquio-internacional-de-investigadores-en-derecho","status":"publish","type":"page","link":"https:\/\/centros.unileon.es\/derecho\/i-coloquio-internacional-de-investigadores-en-derecho\/","title":{"rendered":"I Coloquio Internacional de Investigadores en Derecho"},"content":{"rendered":"Un grupo de j\u00f3venes investigadores de la Facultad de Derecho organiza un Coloquio Internacional dirigido a doctorandos y otros investigadores de instituciones nacionales e internacionales, con el fin de generar un espacio acad\u00e9mico abierto al debate que permita la reflexi\u00f3n cr\u00edtica y la exposici\u00f3n y discusi\u00f3n de los trabajos de investigaci\u00f3n del \u00e1rea de las Ciencias Jur\u00eddicas.\r\n\r\nLugar de celebraci\u00f3n: Sala de Juntas. Facultad de Derecho.\r\n\r\nFecha de celebraci\u00f3n: 29 de noviembre de 2013.\r\n\r\n<a href=\"http:\/\/centros.unileon.es\/derecho\/wp-content\/blogs.dir\/4\/files\/2013\/10\/Carta-invitaci\u00f3n-Coloquio-Investigadores-Derecho.pdf\">Carta de presentaci\u00f3n<\/a>.\r\n\r\n<a href=\"http:\/\/centros.unileon.es\/derecho\/wp-content\/blogs.dir\/4\/files\/2013\/10\/Cartel-Coloquio-Investigadores-Derecho.pdf\">Informaci\u00f3n sobre matr\u00edcula<\/a>.\r\n\r\n<a href=\"http:\/\/centros.unileon.es\/derecho\/wp-content\/blogs.dir\/4\/files\/2013\/10\/Bases-de-participaci\u00f3n-e-inscripci\u00f3n.pdf\">Bases de inscripci\u00f3n y remisi\u00f3n de comunicaciones<\/a>.\r\n\r\n&nbsp;\r\n\r\n&nbsp;","protected":false},"excerpt":{"rendered":"<p>Un grupo de j\u00f3venes investigadores de la Facultad de Derecho organiza un Coloquio Internacional dirigido a doctorandos y otros investigadores de instituciones nacionales e internacionales, con el fin de generar un espacio acad\u00e9mico abierto al debate que permita la reflexi\u00f3n cr\u00edtica y la exposici\u00f3n y discusi\u00f3n de los trabajos de investigaci\u00f3n del \u00e1rea de las [&hellip;]<\/p>\n","protected":false},"author":67,"featured_media":0,"parent":0,"menu_order":0,"comment_status":"closed","ping_status":"open","template":"","meta":{"footnotes":""},"class_list":["post-355","page","type-page","status-publish","hentry"],"_links":{"self":[{"href":"https:\/\/centros.unileon.es\/derecho\/wp-json\/wp\/v2\/pages\/355","targetHints":{"allow":["GET"]}}],"collection":[{"href":"https:\/\/centros.unileon.es\/derecho\/wp-json\/wp\/v2\/pages"}],"about":[{"href":"https:\/\/centros.unileon.es\/derecho\/wp-json\/wp\/v2\/types\/page"}],"author":[{"embeddable":true,"href":"https:\/\/centros.unileon.es\/derecho\/wp-json\/wp\/v2\/users\/67"}],"replies":[{"embeddable":true,"href":"https:\/\/centros.unileon.es\/derecho\/wp-json\/wp\/v2\/comments?post=355"}],"version-history":[{"count":3,"href":"https:\/\/centros.unileon.es\/derecho\/wp-json\/wp\/v2\/pages\/355\/revisions"}],"predecessor-version":[{"id":361,"href":"https:\/\/centros.unileon.es\/derecho\/wp-json\/wp\/v2\/pages\/355\/revisions\/361"}],"wp:attachment":[{"href":"https:\/\/centros.unileon.es\/derecho\/wp-json\/wp\/v2\/media?parent=355"}],"curies":[{"name":"wp","href":"https:\/\/api.w.org\/{rel}","templated":true}]}}