{"id":3208,"date":"2019-10-14T10:55:30","date_gmt":"2019-10-14T10:55:30","guid":{"rendered":"https:\/\/centros.unileon.es\/derecho\/?page_id=3208"},"modified":"2019-10-14T10:56:53","modified_gmt":"2019-10-14T10:56:53","slug":"la-evolucion-de-la-teoria-del-delito-y-la-influencia-del-derecho-penal-economico-16-de-octubre-de-2019","status":"publish","type":"page","link":"https:\/\/centros.unileon.es\/derecho\/la-evolucion-de-la-teoria-del-delito-y-la-influencia-del-derecho-penal-economico-16-de-octubre-de-2019\/","title":{"rendered":"La evoluci\u00f3n de la teor\u00eda del delito y la influencia del Derecho Penal econ\u00f3mico, 16 de octubre de 2019"},"content":{"rendered":"<p style=\"text-align: justify;\">El \u00c1rea de Derecho penal de la Universidad de Le\u00f3n, organiza la segunda sesi\u00f3n (curso 2019-2020) del Seminario permanente de docencia e investigaci\u00f3n en Derecho Penal. Intervendr\u00e1 como ponente el Prof. Dr. D. Ramiro Jos\u00e9 Garc\u00eda Falcon\u00ed, Catedr\u00e1tico de Derecho Penal de la Universidad Central del Ecuador y Presidente del Colegio de Abogados de Pichincha, que disertar\u00e1 sobre \u00abLa evoluci\u00f3n de la teor\u00eda del delito y la influencia del Derecho Penal econ\u00f3mico\u00bb.<\/p>\r\n<strong>Fecha y hora:<\/strong> mi\u00e9rcoles 16 de octubre de 2019, 13:30 horas.\r\n\r\n<strong>Lugar:<\/strong> Sal\u00f3n de Grados de la Facultad de Derecho de la Universidad de Le\u00f3n.\r\n\r\n<strong>Cartel:<\/strong> <a href=\"https:\/\/centros.unileon.es\/derecho\/files\/2019\/10\/Cartel-Seminario-DP-ULE-2019-10-16-Garc\u00eda-Falcon\u00ed-1.pdf\">Seminario DP-ULE 2019-10-16 (Garc\u00eda Falcon\u00ed)<\/a>","protected":false},"excerpt":{"rendered":"<p>El \u00c1rea de Derecho penal de la Universidad de Le\u00f3n, organiza la segunda sesi\u00f3n (curso 2019-2020) del Seminario permanente de docencia e investigaci\u00f3n en Derecho Penal. Intervendr\u00e1 como ponente el Prof. Dr. D. Ramiro Jos\u00e9 Garc\u00eda Falcon\u00ed, Catedr\u00e1tico de Derecho Penal de la Universidad Central del Ecuador y Presidente del Colegio de Abogados de Pichincha, [&hellip;]<\/p>\n","protected":false},"author":149,"featured_media":0,"parent":0,"menu_order":0,"comment_status":"closed","ping_status":"closed","template":"","meta":{"footnotes":""},"class_list":["post-3208","page","type-page","status-publish","hentry"],"_links":{"self":[{"href":"https:\/\/centros.unileon.es\/derecho\/wp-json\/wp\/v2\/pages\/3208","targetHints":{"allow":["GET"]}}],"collection":[{"href":"https:\/\/centros.unileon.es\/derecho\/wp-json\/wp\/v2\/pages"}],"about":[{"href":"https:\/\/centros.unileon.es\/derecho\/wp-json\/wp\/v2\/types\/page"}],"author":[{"embeddable":true,"href":"https:\/\/centros.unileon.es\/derecho\/wp-json\/wp\/v2\/users\/149"}],"replies":[{"embeddable":true,"href":"https:\/\/centros.unileon.es\/derecho\/wp-json\/wp\/v2\/comments?post=3208"}],"version-history":[{"count":2,"href":"https:\/\/centros.unileon.es\/derecho\/wp-json\/wp\/v2\/pages\/3208\/revisions"}],"predecessor-version":[{"id":3211,"href":"https:\/\/centros.unileon.es\/derecho\/wp-json\/wp\/v2\/pages\/3208\/revisions\/3211"}],"wp:attachment":[{"href":"https:\/\/centros.unileon.es\/derecho\/wp-json\/wp\/v2\/media?parent=3208"}],"curies":[{"name":"wp","href":"https:\/\/api.w.org\/{rel}","templated":true}]}}

La evolución de la teoría del delito y la influencia del Derecho Penal económico, 16 de octubre de 2019

<p style="text-align: justify;">El Área de Derecho penal de la Universidad de León, organiza la segunda sesión (curso 2019-2020) del Seminario permanente de docencia e investigación en Derecho Penal. Intervendrá como ponente el Prof. Dr. D. Ramiro José García Falconí, Catedrático de Derecho Penal de la Universidad Central del Ecuador y Presidente del Colegio de Abogados de Pichincha, que disertará sobre «La evolución de la teoría del delito y la influencia del Derecho Penal económico».</p>
<strong>Fecha y hora:</strong> miércoles 16 de octubre de 2019, 13:30 horas.

<strong>Lugar:</strong> Salón de Grados de la Facultad de Derecho de la Universidad de León.

<strong>Cartel:</strong> <a href="https://centros.unileon.es/derecho/files/2019/10/Cartel-Seminario-DP-ULE-2019-10-16-García-Falconí-1.pdf">Seminario DP-ULE 2019-10-16 (García Falconí)</a>

<p>El Área de Derecho penal de la Universidad de León, organiza la segunda sesión (curso 2019-2020) del Seminario permanente de docencia e investigación en Derecho Penal. Intervendrá como ponente el Prof. Dr. D. Ramiro José García Falconí, Catedrático de Derecho Penal de la Universidad Central del Ecuador y Presidente del Colegio de Abogados de Pichincha, [&hellip;]</p>
