{"id":3143,"date":"2019-09-02T16:52:48","date_gmt":"2019-09-02T16:52:48","guid":{"rendered":"https:\/\/centros.unileon.es\/derecho\/?page_id=3143"},"modified":"2019-09-02T17:00:20","modified_gmt":"2019-09-02T17:00:20","slug":"congreso-internacional-exclusiones-probatorias-en-el-entorno-de-la-investigacion-y-la-prueba-electronica-3-y-4-de-octubre","status":"publish","type":"page","link":"https:\/\/centros.unileon.es\/derecho\/congreso-internacional-exclusiones-probatorias-en-el-entorno-de-la-investigacion-y-la-prueba-electronica-3-y-4-de-octubre\/","title":{"rendered":"Congreso Internacional: Exclusiones probatorias en el entorno de la investigaci\u00f3n y la prueba electr\u00f3nica, 3 y 4 de octubre de 2019."},"content":{"rendered":"<p style=\"text-align: justify;\">El \u00c1rea de Derecho Procesal de la Universidad de Le\u00f3n organiza un Congreso Internacional sobre <em>Exclusiones probatorias en el entorno de la investigaci\u00f3n y la prueba electr\u00f3nica<\/em>.<\/p>\r\n\r\n<ul style=\"list-style-type: disc;\">\r\n \t<li style=\"text-align: justify;\"><strong>Fecha y Hora:<\/strong> 3 y 4 de octubre de 2019, en horario de ma\u00f1ana de 9:30 a 13:30, y el 3 de octubre por la tarde de 18:00 a 20:00.<\/li>\r\n \t<li style=\"text-align: justify;\"><strong>Lugar:<\/strong> Sal\u00f3n de Grados de las Facultades de Derecho y Ciencias del Trabajo de la Universidad de Le\u00f3n.<\/li>\r\n \t<li style=\"text-align: justify;\"><strong>Inscripciones:<\/strong>\u00a0 Gratuita (a excepci\u00f3n de los estudiantes de Grado que pretendan la convaalidaci\u00f3n de 1 cr\u00e9dito). Con la inscripci\u00f3n se podr\u00e1 obtener el correspondiente certificado de asistencia. Inscripciones en el siguiente <a href=\"http:\/\/extensionuniversitaria.unileon.es\/euniversitaria\/curso.aspx?id=1768\">Enlace<\/a>.<\/li>\r\n \t<li style=\"text-align: justify;\"><strong> Comunicaciones:<\/strong> antes del 20 de septiembre de 2019, de acuerdo con las indicaciones que aparecen en el tr\u00edptico a la direcci\u00f3n de correo electr\u00f3nico: pgong@unileon.es (en el asunto del correo se indicar\u00e1 \u201cPropuesta de Comunicaci\u00f3n\u201d).<\/li>\r\n \t<li><a href=\"https:\/\/centros.unileon.es\/derecho\/files\/2019\/09\/CARTEL-CONGRESO-PROCESAL-OCT..pdf\">Tr\u00edptico del Congreso<\/a><\/li>\r\n<\/ul>","protected":false},"excerpt":{"rendered":"<p>El \u00c1rea de Derecho Procesal de la Universidad de Le\u00f3n organiza un Congreso Internacional sobre Exclusiones probatorias en el entorno de la investigaci\u00f3n y la prueba electr\u00f3nica. Fecha y Hora: 3 y 4 de octubre de 2019, en horario de ma\u00f1ana de 9:30 a 13:30, y el 3 de octubre por la tarde de 18:00 [&hellip;]<\/p>\n","protected":false},"author":149,"featured_media":0,"parent":0,"menu_order":0,"comment_status":"closed","ping_status":"closed","template":"","meta":{"footnotes":""},"class_list":["post-3143","page","type-page","status-publish","hentry"],"_links":{"self":[{"href":"https:\/\/centros.unileon.es\/derecho\/wp-json\/wp\/v2\/pages\/3143","targetHints":{"allow":["GET"]}}],"collection":[{"href":"https:\/\/centros.unileon.es\/derecho\/wp-json\/wp\/v2\/pages"}],"about":[{"href":"https:\/\/centros.unileon.es\/derecho\/wp-json\/wp\/v2\/types\/page"}],"author":[{"embeddable":true,"href":"https:\/\/centros.unileon.es\/derecho\/wp-json\/wp\/v2\/users\/149"}],"replies":[{"embeddable":true,"href":"https:\/\/centros.unileon.es\/derecho\/wp-json\/wp\/v2\/comments?post=3143"}],"version-history":[{"count":5,"href":"https:\/\/centros.unileon.es\/derecho\/wp-json\/wp\/v2\/pages\/3143\/revisions"}],"predecessor-version":[{"id":3150,"href":"https:\/\/centros.unileon.es\/derecho\/wp-json\/wp\/v2\/pages\/3143\/revisions\/3150"}],"wp:attachment":[{"href":"https:\/\/centros.unileon.es\/derecho\/wp-json\/wp\/v2\/media?parent=3143"}],"curies":[{"name":"wp","href":"https:\/\/api.w.org\/{rel}","templated":true}]}}

Congreso Internacional: Exclusiones probatorias en el entorno de la investigación y la prueba electrónica, 3 y 4 de octubre de 2019.

<p style="text-align: justify;">El Área de Derecho Procesal de la Universidad de León organiza un Congreso Internacional sobre <em>Exclusiones probatorias en el entorno de la investigación y la prueba electrónica</em>.</p>

<ul style="list-style-type: disc;">
 	<li style="text-align: justify;"><strong>Fecha y Hora:</strong> 3 y 4 de octubre de 2019, en horario de mañana de 9:30 a 13:30, y el 3 de octubre por la tarde de 18:00 a 20:00.</li>
 	<li style="text-align: justify;"><strong>Lugar:</strong> Salón de Grados de las Facultades de Derecho y Ciencias del Trabajo de la Universidad de León.</li>
 	<li style="text-align: justify;"><strong>Inscripciones:</strong>  Gratuita (a excepción de los estudiantes de Grado que pretendan la convaalidación de 1 crédito). Con la inscripción se podrá obtener el correspondiente certificado de asistencia. Inscripciones en el siguiente <a href="http://extensionuniversitaria.unileon.es/euniversitaria/curso.aspx?id=1768">Enlace</a>.</li>
 	<li style="text-align: justify;"><strong> Comunicaciones:</strong> antes del 20 de septiembre de 2019, de acuerdo con las indicaciones que aparecen en el tríptico a la dirección de correo electrónico: pgong@unileon.es (en el asunto del correo se indicará “Propuesta de Comunicación”).</li>
 	<li><a href="https://centros.unileon.es/derecho/files/2019/09/CARTEL-CONGRESO-PROCESAL-OCT..pdf">Tríptico del Congreso</a></li>
</ul>

<p>El Área de Derecho Procesal de la Universidad de León organiza un Congreso Internacional sobre Exclusiones probatorias en el entorno de la investigación y la prueba electrónica. Fecha y Hora: 3 y 4 de octubre de 2019, en horario de mañana de 9:30 a 13:30, y el 3 de octubre por la tarde de 18:00 [&hellip;]</p>
