{"id":2860,"date":"2019-06-17T12:45:07","date_gmt":"2019-06-17T12:45:07","guid":{"rendered":"http:\/\/centros.unileon.es\/derecho\/?page_id=2860"},"modified":"2019-06-17T12:45:19","modified_gmt":"2019-06-17T12:45:19","slug":"xx-seminario-internacional-de-filosofia-del-derecho-y-derecho-penal-casos-tragicos-y-derecho-penal-4-y-5-de-julio-de-2019","status":"publish","type":"page","link":"https:\/\/centros.unileon.es\/derecho\/xx-seminario-internacional-de-filosofia-del-derecho-y-derecho-penal-casos-tragicos-y-derecho-penal-4-y-5-de-julio-de-2019\/","title":{"rendered":"XX Seminario Internacional de Filosof\u00eda del Derecho y Derecho Penal: \u00abCasos tr\u00e1gicos y derecho penal\u00bb, 4 y 5 de julio de 2019"},"content":{"rendered":"<p style=\"text-align: justify;\">La Facultad de Derecho de la Unviersidad de Le\u00f3n acoge la XX Edici\u00f3n de los Seminarios Internacionales de Filosof\u00eda del Derecho y Derecho Penal, que ene sta ocasi\u00f3n proponen debatir sobre \u00abCasos tr\u00e1gicos y Derecho penal\u00bb.<\/p>\r\n<p style=\"text-align: justify;\">Fecha y hora: jueves 4 de julio de 16:30 a 20:00 y viernes 5 de julio de 10:00 a 14:00.<\/p>\r\n<p style=\"text-align: justify;\">Lugar: Sal\u00f3n de Grados de la Facultad de Derecho de la Universidad de Le\u00f3n.<\/p>\r\nInformaci\u00f3n e Inscriciones en: jagara@unileon.es\r\n\r\n<a href=\"\/\/centros.unileon.es\/derecho\/files\/2019\/06\/0.-Cartel-XX-Seminario-de-FD-y-DP.-Casos-tr\u00e1gicos-y-Derecho-penal.pdf\">Cartel XX Seminario de FD y DP. Casos tr\u00e1gicos y Derecho penal<\/a>","protected":false},"excerpt":{"rendered":"<p>La Facultad de Derecho de la Unviersidad de Le\u00f3n acoge la XX Edici\u00f3n de los Seminarios Internacionales de Filosof\u00eda del Derecho y Derecho Penal, que ene sta ocasi\u00f3n proponen debatir sobre \u00abCasos tr\u00e1gicos y Derecho penal\u00bb. Fecha y hora: jueves 4 de julio de 16:30 a 20:00 y viernes 5 de julio de 10:00 a [&hellip;]<\/p>\n","protected":false},"author":149,"featured_media":0,"parent":0,"menu_order":0,"comment_status":"closed","ping_status":"closed","template":"","meta":{"footnotes":""},"class_list":["post-2860","page","type-page","status-publish","hentry"],"_links":{"self":[{"href":"https:\/\/centros.unileon.es\/derecho\/wp-json\/wp\/v2\/pages\/2860","targetHints":{"allow":["GET"]}}],"collection":[{"href":"https:\/\/centros.unileon.es\/derecho\/wp-json\/wp\/v2\/pages"}],"about":[{"href":"https:\/\/centros.unileon.es\/derecho\/wp-json\/wp\/v2\/types\/page"}],"author":[{"embeddable":true,"href":"https:\/\/centros.unileon.es\/derecho\/wp-json\/wp\/v2\/users\/149"}],"replies":[{"embeddable":true,"href":"https:\/\/centros.unileon.es\/derecho\/wp-json\/wp\/v2\/comments?post=2860"}],"version-history":[{"count":2,"href":"https:\/\/centros.unileon.es\/derecho\/wp-json\/wp\/v2\/pages\/2860\/revisions"}],"predecessor-version":[{"id":2863,"href":"https:\/\/centros.unileon.es\/derecho\/wp-json\/wp\/v2\/pages\/2860\/revisions\/2863"}],"wp:attachment":[{"href":"https:\/\/centros.unileon.es\/derecho\/wp-json\/wp\/v2\/media?parent=2860"}],"curies":[{"name":"wp","href":"https:\/\/api.w.org\/{rel}","templated":true}]}}