{"id":2746,"date":"2019-02-24T20:13:37","date_gmt":"2019-02-24T20:13:37","guid":{"rendered":"http:\/\/centros.unileon.es\/derecho\/?page_id=2746"},"modified":"2019-02-24T20:13:48","modified_gmt":"2019-02-24T20:13:48","slug":"conferencia-la-ciberseguridad-en-las-administraciones-publicas-martes-26-de-febrero-de-2019","status":"publish","type":"page","link":"https:\/\/centros.unileon.es\/derecho\/conferencia-la-ciberseguridad-en-las-administraciones-publicas-martes-26-de-febrero-de-2019\/","title":{"rendered":"Conferencia \u00abLa Ciberseguridad en las Administraciones P\u00fablicas\u00bb, martes 26 de febrero de 2019."},"content":{"rendered":"<p style=\"text-align: justify;\">La Facultad de Derecho de la Universidad de Le\u00f3n y la C\u00e1tedra Almirante Bonifaz organizan, en el marco del M\u00e1ster de Derecho de la Ciberseguridad y Entorno Digital, una conferencia abierta a todo el p\u00fablico, sobre \u00abLa Ciberseguridad en las Asministraciones P\u00fablicas\u00bb, que ser\u00e1 impartida por D. Carlos C\u00f3rdoba Fern\u00e1ndez, experto del Centro Criptol\u00f3gico Nacional.<\/p>\r\n<p style=\"text-align: justify;\"><strong>Fecha y Hora:<\/strong> martes 26 de febrero de 2019, de 15:00 a 17:00 horas.<\/p>\r\n<p style=\"text-align: justify;\"><strong>Lugar:<\/strong> Sal\u00f3n de Grados de la Facultad de Derecho de la Universidad de Le\u00f3n.<\/p>\r\n<p style=\"text-align: justify;\"><a href=\"\/\/centros.unileon.es\/derecho\/files\/2019\/02\/cartel-centro-criptol\u00f3gico-def.pdf\">Cartel<\/a><\/p>\r\n<p style=\"text-align: justify;\"><\/p>","protected":false},"excerpt":{"rendered":"<p>La Facultad de Derecho de la Universidad de Le\u00f3n y la C\u00e1tedra Almirante Bonifaz organizan, en el marco del M\u00e1ster de Derecho de la Ciberseguridad y Entorno Digital, una conferencia abierta a todo el p\u00fablico, sobre \u00abLa Ciberseguridad en las Asministraciones P\u00fablicas\u00bb, que ser\u00e1 impartida por D. Carlos C\u00f3rdoba Fern\u00e1ndez, experto del Centro Criptol\u00f3gico Nacional. [&hellip;]<\/p>\n","protected":false},"author":149,"featured_media":0,"parent":0,"menu_order":0,"comment_status":"closed","ping_status":"closed","template":"","meta":{"footnotes":""},"class_list":["post-2746","page","type-page","status-publish","hentry"],"_links":{"self":[{"href":"https:\/\/centros.unileon.es\/derecho\/wp-json\/wp\/v2\/pages\/2746","targetHints":{"allow":["GET"]}}],"collection":[{"href":"https:\/\/centros.unileon.es\/derecho\/wp-json\/wp\/v2\/pages"}],"about":[{"href":"https:\/\/centros.unileon.es\/derecho\/wp-json\/wp\/v2\/types\/page"}],"author":[{"embeddable":true,"href":"https:\/\/centros.unileon.es\/derecho\/wp-json\/wp\/v2\/users\/149"}],"replies":[{"embeddable":true,"href":"https:\/\/centros.unileon.es\/derecho\/wp-json\/wp\/v2\/comments?post=2746"}],"version-history":[{"count":2,"href":"https:\/\/centros.unileon.es\/derecho\/wp-json\/wp\/v2\/pages\/2746\/revisions"}],"predecessor-version":[{"id":2749,"href":"https:\/\/centros.unileon.es\/derecho\/wp-json\/wp\/v2\/pages\/2746\/revisions\/2749"}],"wp:attachment":[{"href":"https:\/\/centros.unileon.es\/derecho\/wp-json\/wp\/v2\/media?parent=2746"}],"curies":[{"name":"wp","href":"https:\/\/api.w.org\/{rel}","templated":true}]}}