{"id":2645,"date":"2018-11-01T14:35:19","date_gmt":"2018-11-01T14:35:19","guid":{"rendered":"http:\/\/centros.unileon.es\/derecho\/?page_id=2645"},"modified":"2024-07-06T17:26:49","modified_gmt":"2024-07-06T17:26:49","slug":"breve-resena-historica","status":"publish","type":"page","link":"https:\/\/centros.unileon.es\/derecho\/breve-resena-historica\/","title":{"rendered":"Breve Rese\u00f1a Hist\u00f3rica"},"content":{"rendered":"<a href=\"https:\/\/centros.unileon.es\/derecho\/files\/2024\/07\/uleFacultadDerecho.jpg\"><img loading=\"lazy\" decoding=\"async\" class=\"alignnone size-medium wp-image-5526\" src=\"https:\/\/centros.unileon.es\/derecho\/files\/2024\/07\/uleFacultadDerecho-300x180.jpg\" alt=\"\" width=\"300\" height=\"180\" srcset=\"https:\/\/centros.unileon.es\/derecho\/files\/2024\/07\/uleFacultadDerecho-300x180.jpg 300w, https:\/\/centros.unileon.es\/derecho\/files\/2024\/07\/uleFacultadDerecho-768x461.jpg 768w, https:\/\/centros.unileon.es\/derecho\/files\/2024\/07\/uleFacultadDerecho.jpg 1000w\" sizes=\"auto, (max-width: 300px) 100vw, 300px\" \/><\/a>\r\n<p style=\"text-align: justify;\">Los or\u00edgenes de los estudios de Derecho en Le\u00f3n se remontan al a\u00f1o 1953 con la Academia de Formaci\u00f3n Profesional del SEU \u00abSan Raimundo de Pe\u00f1afort\u00bb, adscrita a la Facultad de Derecho de la Universidad de Oviedo. Con posterioridad, en 1972, la Academia se integr\u00f3 en el Colegio Universitario de Le\u00f3n (Secci\u00f3n Derecho), igualmente dependiente de la Universidad de Oviedo. Ser\u00e1 a partir del Curso 1980\/1981 cuando los estudios de Derecho comiencen a depender ya de la Universidad de Le\u00f3n. A lo largo de esos m\u00e1s de 40 a\u00f1os, la Facultad de Derecho de Le\u00f3n ha venido asumiendo la formaci\u00f3n de juristas a trav\u00e9s de la impartici\u00f3n del t\u00edtulo de Licenciado en Derecho que, desde el curso 2010\/11, pas\u00f3 a ser sustituido gradualmente por el nuevo Grado en Derecho adaptado al Espacio Europeo de Educaci\u00f3n Superior.<\/p>\r\nHoy en d\u00eda la Facultad de Derecho de la Universidad de Le\u00f3n oferta los siguientes t\u00edtulos:\r\n<ul>\r\n \t<li><a href=\"https:\/\/centros.unileon.es\/derecho\/informacion-general\/\">Grado en Derecho<\/a>.<\/li>\r\n \t<li><a href=\"https:\/\/centros.unileon.es\/derecho\/informacion-basica\/\">Doble Grado en Derecho y Administraci\u00f3n y Direcci\u00f3n de Empresa (DADE)<\/a>.<\/li>\r\n \t<li><a href=\"https:\/\/centros.unileon.es\/derecho\/informacion-general-2\/\">M\u00e1ster Universitario en Abogac\u00eda y Procura<\/a>.<\/li>\r\n \t<li><a href=\"https:\/\/cyberlaw.unileon.es\/\">M\u00e1ster Universitario en Derecho de la Ciberseguridad y Entorno Digital<\/a>.<\/li>\r\n<\/ul>","protected":false},"excerpt":{"rendered":"<p>Los or\u00edgenes de los estudios de Derecho en Le\u00f3n se remontan al a\u00f1o 1953 con la Academia de Formaci\u00f3n Profesional del SEU \u00abSan Raimundo de Pe\u00f1afort\u00bb, adscrita a la Facultad de Derecho de la Universidad de Oviedo. Con posterioridad, en 1972, la Academia se integr\u00f3 en el Colegio Universitario de Le\u00f3n (Secci\u00f3n Derecho), igualmente dependiente [&hellip;]<\/p>\n","protected":false},"author":149,"featured_media":0,"parent":0,"menu_order":0,"comment_status":"closed","ping_status":"closed","template":"","meta":{"footnotes":""},"class_list":["post-2645","page","type-page","status-publish","hentry"],"_links":{"self":[{"href":"https:\/\/centros.unileon.es\/derecho\/wp-json\/wp\/v2\/pages\/2645","targetHints":{"allow":["GET"]}}],"collection":[{"href":"https:\/\/centros.unileon.es\/derecho\/wp-json\/wp\/v2\/pages"}],"about":[{"href":"https:\/\/centros.unileon.es\/derecho\/wp-json\/wp\/v2\/types\/page"}],"author":[{"embeddable":true,"href":"https:\/\/centros.unileon.es\/derecho\/wp-json\/wp\/v2\/users\/149"}],"replies":[{"embeddable":true,"href":"https:\/\/centros.unileon.es\/derecho\/wp-json\/wp\/v2\/comments?post=2645"}],"version-history":[{"count":8,"href":"https:\/\/centros.unileon.es\/derecho\/wp-json\/wp\/v2\/pages\/2645\/revisions"}],"predecessor-version":[{"id":5527,"href":"https:\/\/centros.unileon.es\/derecho\/wp-json\/wp\/v2\/pages\/2645\/revisions\/5527"}],"wp:attachment":[{"href":"https:\/\/centros.unileon.es\/derecho\/wp-json\/wp\/v2\/media?parent=2645"}],"curies":[{"name":"wp","href":"https:\/\/api.w.org\/{rel}","templated":true}]}}