{"id":2587,"date":"2018-10-16T17:50:31","date_gmt":"2018-10-16T17:50:31","guid":{"rendered":"http:\/\/centros.unileon.es\/derecho\/?page_id=2587"},"modified":"2018-10-23T11:14:01","modified_gmt":"2018-10-23T11:14:01","slug":"vi-seminario-sobre-relaciones-juridicas-internacionales-19-de-octubre-de-2018","status":"publish","type":"page","link":"https:\/\/centros.unileon.es\/derecho\/vi-seminario-sobre-relaciones-juridicas-internacionales-19-de-octubre-de-2018\/","title":{"rendered":"VI Seminario sobre relaciones jur\u00eddicas internacionales, 19 de octubre de 2018."},"content":{"rendered":"<p style=\"text-align: justify;\">La Facultad de Derecho de la Universidad de Le\u00f3n acoge la VI edici\u00f3n del Seminario sobre Relaciones Jur\u00eddicas Intenacionales que tendr\u00e1 como tema de reflexi\u00f3n los \u00abNuevos retos para la acogida e integraci\u00f3n de las familias migrantes\u00bb.<\/p>\r\nFecha: viernes 19 de octubre de 2018.\r\n\r\nHora: de 9:30 a 14:30 y de 16:30 a 20:15.\r\n\r\nLugar: Sal\u00f3n de Grados de la Facultad de Derecho de la Universidad de Le\u00f3n.\r\n\r\n<a href=\"http:\/\/centros.unileon.es\/derecho\/files\/2018\/10\/0.-Cartel_VI_Seminario_Relaciones-Internacionales.pdf\">Cartel VI Seminario Relaciones Internacionales<\/a>\r\n\r\n<a href=\"http:\/\/centros.unileon.es\/derecho\/files\/2018\/10\/0.-Programa_VI_Seminario_Relaciones-Internacionales.pdf\">Programa VI Seminario Relaciones Internacionales<\/a>","protected":false},"excerpt":{"rendered":"<p>La Facultad de Derecho de la Universidad de Le\u00f3n acoge la VI edici\u00f3n del Seminario sobre Relaciones Jur\u00eddicas Intenacionales que tendr\u00e1 como tema de reflexi\u00f3n los \u00abNuevos retos para la acogida e integraci\u00f3n de las familias migrantes\u00bb. Fecha: viernes 19 de octubre de 2018. Hora: de 9:30 a 14:30 y de 16:30 a 20:15. Lugar: [&hellip;]<\/p>\n","protected":false},"author":149,"featured_media":0,"parent":0,"menu_order":0,"comment_status":"closed","ping_status":"closed","template":"","meta":{"footnotes":""},"class_list":["post-2587","page","type-page","status-publish","hentry"],"_links":{"self":[{"href":"https:\/\/centros.unileon.es\/derecho\/wp-json\/wp\/v2\/pages\/2587","targetHints":{"allow":["GET"]}}],"collection":[{"href":"https:\/\/centros.unileon.es\/derecho\/wp-json\/wp\/v2\/pages"}],"about":[{"href":"https:\/\/centros.unileon.es\/derecho\/wp-json\/wp\/v2\/types\/page"}],"author":[{"embeddable":true,"href":"https:\/\/centros.unileon.es\/derecho\/wp-json\/wp\/v2\/users\/149"}],"replies":[{"embeddable":true,"href":"https:\/\/centros.unileon.es\/derecho\/wp-json\/wp\/v2\/comments?post=2587"}],"version-history":[{"count":3,"href":"https:\/\/centros.unileon.es\/derecho\/wp-json\/wp\/v2\/pages\/2587\/revisions"}],"predecessor-version":[{"id":2618,"href":"https:\/\/centros.unileon.es\/derecho\/wp-json\/wp\/v2\/pages\/2587\/revisions\/2618"}],"wp:attachment":[{"href":"https:\/\/centros.unileon.es\/derecho\/wp-json\/wp\/v2\/media?parent=2587"}],"curies":[{"name":"wp","href":"https:\/\/api.w.org\/{rel}","templated":true}]}}