{"id":2566,"date":"2018-10-11T11:02:29","date_gmt":"2018-10-11T11:02:29","guid":{"rendered":"http:\/\/centros.unileon.es\/derecho\/?page_id=2566"},"modified":"2025-07-21T13:08:35","modified_gmt":"2025-07-21T13:08:35","slug":"tablon-de-anuncios-master-en-derecho-de-la-ciberseguridad","status":"publish","type":"page","link":"https:\/\/centros.unileon.es\/derecho\/tablon-de-anuncios-master-en-derecho-de-la-ciberseguridad\/","title":{"rendered":"Tabl\u00f3n de anuncios (M\u00e1ster en Derecho de la Ciberseguridad)"},"content":{"rendered":"<strong>D\u00eda de comienzo de las clases del Curso 2025\/2026:<\/strong>\r\n<ul>\r\n \t<li class=\"first-child\" style=\"text-align: justify;\"><em>Complementos formativos previos<\/em> (Cursos previos de formaci\u00f3n b\u00e1sica en Inform\u00e1tica y en Derecho):\u00a0 lunes 15 de septiembre de 2025.\r\n<ul>\r\n \t<li class=\"first-child\">Introducci\u00f3n al Derecho Digital (para estudiantes que provengan de titulaciones t\u00e9cnicas o de ordenamientos jur\u00eddicos diferentes al espa\u00f1ol): de 10:00 a 14:00 horas, Facultad de Derecho.<\/li>\r\n \t<li class=\"last-child\">Introducci\u00f3n a la Ingenier\u00eda Inform\u00e1tica (para estudiantes que provengan de titulaciones jur\u00eddicas): de 16:00 a 20:00 horas, Aula de Inform\u00e1tica de la Facultad de Derecho.<\/li>\r\n<\/ul>\r\n<\/li>\r\n \t<li class=\"last-child\"><em>Asignaturas del Plan de Estudios<\/em>:\r\n<ul>\r\n \t<li class=\"last-child first-child\" style=\"text-align: justify;\">Lunes 22 de septiembre: Inauguraci\u00f3n del Curso (Sal\u00f3n de Actos de INCIBE) de 16:00 a 20:00 horas.<\/li>\r\n \t<li class=\"last-child\" style=\"text-align: justify;\">A partir del martes 23 de septiembre las clases se desarrollaran de 16:00 a 20:00 horas en la Facultad de Derecho.<\/li>\r\n<\/ul>\r\n<\/li>\r\n<\/ul>","protected":false},"excerpt":{"rendered":"<p>D\u00eda de comienzo de las clases del Curso 2025\/2026: Complementos formativos previos (Cursos previos de formaci\u00f3n b\u00e1sica en Inform\u00e1tica y en Derecho):\u00a0 lunes 15 de septiembre de 2025. Introducci\u00f3n al Derecho Digital (para estudiantes que provengan de titulaciones t\u00e9cnicas o de ordenamientos jur\u00eddicos diferentes al espa\u00f1ol): de 10:00 a 14:00 horas, Facultad de Derecho. Introducci\u00f3n [&hellip;]<\/p>\n","protected":false},"author":149,"featured_media":0,"parent":0,"menu_order":0,"comment_status":"closed","ping_status":"closed","template":"","meta":{"footnotes":""},"class_list":["post-2566","page","type-page","status-publish","hentry"],"_links":{"self":[{"href":"https:\/\/centros.unileon.es\/derecho\/wp-json\/wp\/v2\/pages\/2566","targetHints":{"allow":["GET"]}}],"collection":[{"href":"https:\/\/centros.unileon.es\/derecho\/wp-json\/wp\/v2\/pages"}],"about":[{"href":"https:\/\/centros.unileon.es\/derecho\/wp-json\/wp\/v2\/types\/page"}],"author":[{"embeddable":true,"href":"https:\/\/centros.unileon.es\/derecho\/wp-json\/wp\/v2\/users\/149"}],"replies":[{"embeddable":true,"href":"https:\/\/centros.unileon.es\/derecho\/wp-json\/wp\/v2\/comments?post=2566"}],"version-history":[{"count":10,"href":"https:\/\/centros.unileon.es\/derecho\/wp-json\/wp\/v2\/pages\/2566\/revisions"}],"predecessor-version":[{"id":5868,"href":"https:\/\/centros.unileon.es\/derecho\/wp-json\/wp\/v2\/pages\/2566\/revisions\/5868"}],"wp:attachment":[{"href":"https:\/\/centros.unileon.es\/derecho\/wp-json\/wp\/v2\/media?parent=2566"}],"curies":[{"name":"wp","href":"https:\/\/api.w.org\/{rel}","templated":true}]}}