{"id":2557,"date":"2018-10-11T08:36:44","date_gmt":"2018-10-11T08:36:44","guid":{"rendered":"http:\/\/centros.unileon.es\/derecho\/?page_id=2557"},"modified":"2025-10-13T09:21:16","modified_gmt":"2025-10-13T09:21:16","slug":"informacion-general-3","status":"publish","type":"page","link":"https:\/\/centros.unileon.es\/derecho\/informacion-general-3\/","title":{"rendered":"Informaci\u00f3n General"},"content":{"rendered":"<strong>INFORMACI\u00d3N GENERAL<\/strong>\r\n<ul style=\"list-style-type: disc;\">\r\n \t<li><a href=\"https:\/\/cyberlaw.unileon.es\/\">P\u00e1gina WEB del M\u00e1ster Universitario en Derecho de la Ciberseguridad y Entorno Digital<\/a>.<\/li>\r\n \t<li><a href=\"https:\/\/centros.unileon.es\/derecho\/files\/2021\/04\/master-universitario-en-derecho-de-la-ciberseguridad-y-entorno-digital.pdf\">Tr\u00edptico M\u00e1ster Universitario Derecho de la Ciberseguridad y Entorno Digital<\/a><\/li>\r\n \t<li><a href=\"https:\/\/centros.unileon.es\/derecho\/files\/2019\/09\/Autorizaci\u00f3n_CCAA_BOCYL-D-16.10.2018-16.pdf\">Autorizaci\u00f3n de las Ense\u00f1anzas CCAA (BOCYL n\u00fam. 200, de 16\/10\/2018)<\/a>.<\/li>\r\n \t<li><a href=\"https:\/\/centros.unileon.es\/derecho\/files\/2019\/09\/Resoluci\u00f3n_Car\u00e1cter_Oficial_T\u00edtulo_08.01_2019_BOE-A-2019-1933.pdf\">Reconocimiento del Car\u00e1cter Oficial del T\u00edtulo_(BOE n\u00fam. 38 de 13\/02\/2019)<\/a>.<\/li>\r\n \t<li><a href=\"https:\/\/www.unileon.es\/estudiantes\/estudiantes-master\/oferta-titulaciones\/mu-derecho-ciberseguridad-entorno-digital\/plan-estudios\">Plan de Estudios y Gu\u00edas Docentes de las Asignaturas<\/a><\/li>\r\n \t<li><a href=\"https:\/\/www.unileon.es\/estudiantes\/estudiantes-master\">Informaci\u00f3n y Matr\u00edcula<\/a><\/li>\r\n<\/ul>\r\n<p style=\"text-align: justify;\"><strong>\u00bfPOR QU\u00c9 ESTUDIAR ESTE M\u00c1STER?<\/strong><\/p>\r\n<p style=\"text-align: justify;\">La Universidad de Le\u00f3n es pionera en Espa\u00f1a en los estudios especializados, bajo la forma de M\u00e1ster, que ponen en relaci\u00f3n los avances de la t\u00e9cnica en Ciberseguridad con su regulaci\u00f3n normativa a trav\u00e9s del Derecho. Los avances tecnol\u00f3gicos en un mundo globalizado han hecho que proliferen y adquieran gran complejidad las normas jur\u00eddicas llamadas a ordenar su funcionalidad, creando una demanda creciente de profesionales del Derecho expertos en este sector del Ordenamiento. El T\u00edtulo, a partir de una ense\u00f1anza de calidad, permite adquirir unas competencias que tiene como punto de partida la fruct\u00edfera colaboraci\u00f3n entre la Universidad de Le\u00f3n y el Instituto Nacional de Ciberseguridad (INCIBE).<\/p>\r\n<p style=\"text-align: justify;\">A esta l\u00ednea de tendencia apunta sin ninguna duda la entrada en vigor del nuevo Reglamento (UE) 2016\/679, del Parlamento Europeo y del Consejo, de 27 de abril de 2016, sobre protecci\u00f3n de datos, cuando narra en sus considerandos la necesidad de un nuevo marco legal que haga frente a los desaf\u00edos tecnol\u00f3gicos en un mundo globalizado, y configura, junto a la Autoridad de Control, tres figuras clave: el \u201cResponsable\u201d, el \u201cEncargado\u201d [seg\u00fan definici\u00f3n del art\u00edculo 4.7) y 8] y el \u201cDelegado de Protecci\u00f3n de Datos\u201d.<\/p>\r\n<p style=\"text-align: justify;\"><strong>REQUISITOS DE ACCESO\r\n<\/strong><\/p>\r\n<p style=\"text-align: justify;\"><strong><em>Requisitos generales:<\/em><\/strong><\/p>\r\n<p style=\"text-align: justify;\">El estudiante deber\u00e1 cumplir los requisitos generales de acceso a los estudios de M\u00e1ster recogidos en el art\u00edculo 16 del R.D. 1393\/2007:<\/p>\r\n\r\n<ul style=\"list-style-type: disc;\">\r\n \t<li style=\"text-align: justify;\">Estar en posesi\u00f3n de un t\u00edtulo universitario oficial espa\u00f1ol u otro expedido por una instituci\u00f3n de educaci\u00f3n superior del Espacio Europeo de Educaci\u00f3n Superior que facultan en el pa\u00eds expedidor del t\u00edtulo para el acceso a ense\u00f1anzas de m\u00e1ster.<\/li>\r\n \t<li style=\"text-align: justify;\">Titulados conforme a sistemas educativos ajenos al Espacio Europeo de Educaci\u00f3n Superior sin necesidad de la homologaci\u00f3n de sus t\u00edtulos, previa comprobaci\u00f3n por la Universidad de que aquellos acreditan un nivel de formaci\u00f3n equivalente a los correspondientes t\u00edtulos universitarios oficiales espa\u00f1oles y que facultan en el pa\u00eds expedidor del t\u00edtulo para el acceso a ense\u00f1anzas de postgrado. El acceso por esta v\u00eda no implicar\u00e1, en ning\u00fan caso, la homologaci\u00f3n del t\u00edtulo previo de que est\u00e9 en posesi\u00f3n el interesado, ni su reconocimiento a otros efectos que el de cursar las ense\u00f1anzas de M\u00e1ster.<\/li>\r\n<\/ul>\r\n<p style=\"text-align: justify;\"><strong><em>Requisitos espec\u00edficos:<\/em><\/strong><\/p>\r\n<p style=\"text-align: justify;\">El <em>M\u00e1ster Universitario en Derecho de la Ciberseguridad y Entorno Digital por la Universidad de Le\u00f3n<\/em> contempla las siguientes tres v\u00edas de acceso:<\/p>\r\n\r\n<h5 style=\"text-align: justify;\"><strong>1.- ESTAR EN POSESI\u00d3N DE UNA TITULACI\u00d3N DIRECTAMENTE RELACIONADA CON EL T\u00cdTULO:<\/strong><\/h5>\r\n<ul style=\"list-style-type: disc;\">\r\n \t<li style=\"text-align: justify;\">Graduado o Licenciado en Derecho u otro T\u00edtulo universitario oficial equivalente que acredite la adquisici\u00f3n de las competencias jur\u00eddicas estipuladas en el art\u00edculo 3 del Real Decreto 775\/2011;<\/li>\r\n<\/ul>\r\n<h5 style=\"text-align: justify;\"><strong>2.- ESTAR EN POSESI\u00d3N DE UNA TITULACI\u00d3N AF\u00cdN:<\/strong><\/h5>\r\n<ul style=\"list-style-type: disc;\">\r\n \t<li style=\"text-align: justify;\">Poseer un T\u00edtulo universitario oficial de Grado o Licenciatura en Ingenier\u00eda Inform\u00e1tica o en una \u00c1rea af\u00edn al Derecho o a la Ingenier\u00eda Inform\u00e1tica.\r\n<ul style=\"list-style-type: circle;\">\r\n \t<li style=\"text-align: justify;\">Entendi\u00e9ndose por titulaci\u00f3n af\u00edn al Grado en Derecho, aquellas otras titulaciones de la Rama de Ciencias Sociales y Jur\u00eddicas con al menos 60 cr\u00e9ditos superados en materias jur\u00eddicas.<\/li>\r\n \t<li style=\"text-align: justify;\">Entendi\u00e9ndose por titulaci\u00f3n af\u00edn a la Ingenier\u00eda Inform\u00e1tica, aquellas otras Ingenier\u00edas con al menos 60 cr\u00e9ditos superados en materias de inform\u00e1tica, nuevas tecnolog\u00edas o entorno digital.<\/li>\r\n<\/ul>\r\n<\/li>\r\n<\/ul>\r\n<h5 style=\"text-align: justify;\"><strong>3.- ESTAR EN POSESI\u00d3N DE CUALQUIER OTRA TITULACI\u00d3N SUPERIOR Y ACREDITAR TRES A\u00d1OS DE EXPERIENCIA LABORAL EN CIBERSEGURIDAD O ENTORNO DIGITAL:<\/strong><\/h5>\r\n<ul style=\"list-style-type: disc;\">\r\n \t<li style=\"text-align: justify;\">Poseer cualquier T\u00edtulo universitario de Grado o Licenciatura y acreditar, al menos, tres a\u00f1os de experiencia laboral o profesional en el \u00e1mbito del Derecho de las Nuevas Tecnolog\u00edas, la Ciberseguridad o el Entorno Digital. Este requisito deber\u00e1 ser valorarado por la Comisi\u00f3n Acad\u00e9mica del M\u00e1ster.<\/li>\r\n<\/ul>\r\n<p style=\"text-align: justify;\">Los estudiantes que hayan accedido con una titulaci\u00f3n jur\u00eddica deber\u00e1n realizar el Curso previo de <a href=\"https:\/\/www.unileon.es\/estudiantes\/estudiantes-master\/oferta-titulaciones\/mu-derecho-ciberseguridad-entorno-digital\/plan-estudios?id=1738017&amp;curso=2019\">Introducci\u00f3n a la Ingenier\u00eda Inform\u00e1tica aplicada a la Ciberseguridad<\/a>.<\/p>\r\n<p style=\"text-align: justify;\">Los estudiantes que hayan accedido con una titulaci\u00f3n t\u00e9cnica o que provengan de otros pa\u00edses con ordenamientos jur\u00eddicos diferentes del espa\u00f1ol deber\u00e1n realizar el Curso previo de <a href=\"https:\/\/www.unileon.es\/estudiantes\/estudiantes-master\/oferta-titulaciones\/mu-derecho-ciberseguridad-entorno-digital\/plan-estudios?id=1738016&amp;curso=2019\">Introducci\u00f3n al Derecho Digital.<\/a><\/p>\r\n&nbsp;\r\n<p style=\"text-align: justify;\"><strong>PLAN DE ESTUDIOS:<\/strong><\/p>\r\n<p style=\"text-align: justify;\"><strong>Primer Semestre: <\/strong>30 Cr\u00e9ditos ECTS (6 asignaturas obligatorias):<\/p>\r\n\r\n<ul style=\"list-style-type: disc;\">\r\n \t<li style=\"text-align: justify;\"><em>Aspectos T\u00e9cnicos de la Ciberseguridad: el Hacking <\/em>(obligatoria, 4 cr\u00e9ditos ECTS)<\/li>\r\n \t<li style=\"text-align: justify;\"><em>Derechos Fundamentales digitales de las personas <\/em>(obligatoria, 4 cr\u00e9ditos ECTS)<\/li>\r\n \t<li style=\"text-align: justify;\"><em>La Ciberseguridad en la Empresa, Propiedad intelectual e industrial y medidas de protecci\u00f3n <\/em>(obligatoria, 6 cr\u00e9ditos ECTS)<\/li>\r\n \t<li style=\"text-align: justify;\"><em>Libertad de informaci\u00f3n, privacidad y protecci\u00f3n de datos <\/em>(obligatoria, 4 cr\u00e9ditos ECTS)<\/li>\r\n \t<li style=\"text-align: justify;\"><em>Il\u00edcitos digitales <\/em>(obligatoria, 4 cr\u00e9ditos ECTS)<\/li>\r\n \t<li style=\"text-align: justify;\"><em>Buenas pr\u00e1cticas en la gesti\u00f3n t\u00e9cnica de la informaci\u00f3n <\/em>(obligatoria, 4 cr\u00e9ditos ECTS)<em>.<\/em><\/li>\r\n<\/ul>\r\n<p style=\"text-align: justify;\"><strong>Segundo semestre: <\/strong>30 Cr\u00e9ditos ECTS (tres asignaturas obligatorias de 4 cr\u00e9ditos ECTS cada una, 12 cr\u00e9ditos de optatividad y 6 cr\u00e9ditos de Trabajo Fin de M\u00e1ster):<\/p>\r\n\r\n<ul style=\"list-style-type: disc;\">\r\n \t<li style=\"text-align: justify;\"><em>La Ciberseguridad en las Administraciones p\u00fablicas y otros aspectos regulatorios de la seguridad nacional <\/em>(obligatoria, 4 cr\u00e9ditos ECTS);<\/li>\r\n \t<li style=\"text-align: justify;\"><em> Investigaci\u00f3n y prueba electr\u00f3nica <\/em>(obligatoria, 4 cr\u00e9ditos ECTS);<em> Responsabilidad legal y social de la empresa <\/em>(obligatoria, 4 cr\u00e9ditos ECTS).<\/li>\r\n \t<li style=\"text-align: justify;\">12 cr\u00e9ditos de asignaturas optativas a elegir entre las siguientes asignaturas\r\n<ul style=\"list-style-type: circle;\">\r\n \t<li style=\"text-align: justify;\"><em>La Ciberseguridad en el comercio electr\u00f3nico y el marketing digital <\/em>(optativa, 3 cr\u00e9ditos ECTS)<em>;<\/em><\/li>\r\n \t<li style=\"text-align: justify;\"><em> Ingl\u00e9s aplicado al entorno digital <\/em>(optativa, 3 cr\u00e9ditos ECTS)<em>;<\/em><\/li>\r\n \t<li style=\"text-align: justify;\"><em> Supervisi\u00f3n p\u00fablica para la protecci\u00f3n de datos (optativa, 3 cr\u00e9ditos ECTS);<\/em><\/li>\r\n \t<li style=\"text-align: justify;\"><em> Aspectos internacionales de la ciberseguridad <\/em>(optativa, 3 cr\u00e9ditos ECTS)<em>;<\/em><\/li>\r\n \t<li style=\"text-align: justify;\"><em> Pr\u00e1cticas Externas <\/em>(optativa, 6 cr\u00e9ditos ECTS).<\/li>\r\n<\/ul>\r\n<\/li>\r\n \t<li style=\"text-align: justify;\">El Plan de Estudios se completa con una asignatura final obligatoria consistente en la elaboraci\u00f3n, dep\u00f3sito y defensa de un <em>Trabajo Fin de M\u00e1ster<\/em> (6 cr\u00e9ditos ECTS)<em>.<\/em><\/li>\r\n<\/ul>\r\n<p style=\"text-align: justify;\"><strong>INFORMACI\u00d3N Y MATR\u00cdCULA<\/strong><\/p>\r\n<p style=\"text-align: justify;\">Para m\u00e1s informaci\u00f3n sobre estos estudios universitarios oficiales de posgrado de la Universidad de Le\u00f3n puedes dirigirte a:<\/p>\r\n\r\n<ul style=\"text-align: justify;\">\r\n \t<li class=\"first-child last-child\"><strong>\u00a0UNIDAD DE POSGRADO:<\/strong>\r\n<ul>\r\n \t<li class=\"first-child\">Edificio de Gesti\u00f3n Acad\u00e9mica<\/li>\r\n \t<li>Campus de Vegazana s\/n.<\/li>\r\n \t<li>24071 Le\u00f3n<\/li>\r\n \t<li>Tlfo.: 987 291696<\/li>\r\n \t<li>Fax: 987 291616<\/li>\r\n \t<li class=\"last-child\"><a class=\"customize-unpreviewable\" href=\"http:\/\/centros.unileon.es\/derecho\/wp-admin\/posgrado@unileon.es\">posgrado@unileon.es<\/a><\/li>\r\n<\/ul>\r\n<\/li>\r\n<\/ul>\r\n<ul>\r\n \t<li class=\"first-child last-child\"><strong>\u00a0FACULTAD DE DERECHO:<\/strong>\r\n<ul>\r\n \t<li class=\"first-child\" style=\"text-align: justify;\">Campus de Vegazana, s\/n<\/li>\r\n \t<li style=\"text-align: justify;\">24071 Le\u00f3n<\/li>\r\n \t<li style=\"text-align: justify;\">Tlfo.: 987 291354 \u2013 1355 \u2013 1357<\/li>\r\n \t<li class=\"last-child\" style=\"text-align: justify;\"><a class=\"customize-unpreviewable\" href=\"http:\/\/centros.unileon.es\/derecho\/wp-admin\/www3.unileon.es\/ce\/fde\">www3.unileon.es\/ce\/fde<\/a><\/li>\r\n<\/ul>\r\n<\/li>\r\n<\/ul>\r\n&nbsp;\r\n\r\n<strong>COMPETENCIAS QUE SE ADQUIEREN CON EL T\u00cdTULO<\/strong>\r\n<table>\r\n<tbody>\r\n<tr>\r\n<td>\r\n<h5><strong>1. COMPETENCIAS B\u00c1SICAS Y GENERALES:<\/strong><\/h5>\r\n<\/td>\r\n<\/tr>\r\n<tr>\r\n<td>\r\n<h5><strong>1.1. COMPETENCIAS B\u00c1SICAS:<\/strong><\/h5>\r\n<\/td>\r\n<\/tr>\r\n<tr>\r\n<td>\r\n<h6>CB6 \u2013 Poseer y comprender conocimientos que aporten una base u oportunidad de ser originales en el desarrollo y\/o aplicaci\u00f3n de ideas, a menudo en un contexto de investigaci\u00f3n<\/h6>\r\n<\/td>\r\n<\/tr>\r\n<tr>\r\n<td>\r\n<h6>CB7 \u2013 Que los estudiantes sepan aplicar los conocimientos adquiridos y su capacidad de resoluci\u00f3n de problemas en entornos nuevos o poco conocidos dentro de contextos m\u00e1s amplios (o multidisciplinares) relacionados con su \u00e1rea de estudio<\/h6>\r\n<\/td>\r\n<\/tr>\r\n<tr>\r\n<td>\r\n<h6>CB8 \u2013 Que los estudiantes sean capaces de integrar conocimientos y enfrentarse a la complejidad de formular juicios a partir de una informaci\u00f3n que, siendo incompleta o limitada, incluya reflexiones sobre las responsabilidades sociales y \u00e9ticas vinculadas a la aplicaci\u00f3n de sus conocimientos y juicios<\/h6>\r\n<\/td>\r\n<\/tr>\r\n<tr>\r\n<td>\r\n<h6>CB9 \u2013 Que los estudiantes sepan comunicar sus conclusiones y los conocimientos y razones \u00faltimas que las sustentan a p\u00fablicos especializados y no especializados de un modo claro y sin ambig\u00fcedades<\/h6>\r\n<\/td>\r\n<\/tr>\r\n<tr>\r\n<td>\r\n<h6>CB10 \u2013 Que los estudiantes posean las habilidades de aprendizaje que les permitan continuar estudiando de un modo que habr\u00e1 de ser en gran medida autodirigido o aut\u00f3nomo.<\/h6>\r\n<\/td>\r\n<\/tr>\r\n<tr>\r\n<td>\r\n<h5><strong>1.2. COMPETENCIAS GENERALES:<\/strong><\/h5>\r\n<\/td>\r\n<\/tr>\r\n<tr>\r\n<td>\r\n<h6>CG1 \u2013 Conocer el sistema de fuentes, los derechos y libertades fundamentales y los principios b\u00e1sicos del Derecho de la Ciberseguridad y Entorno Digital.<\/h6>\r\n<\/td>\r\n<\/tr>\r\n<tr>\r\n<td>\r\n<h6>CG2 \u2013 Conocer y saber aplicar, en un contexto multidisciplinar y avanzado, la normativa y regulaci\u00f3n internacional, nacional, auton\u00f3mica y local en el campo del Derecho de la Ciberseguridad y Entorno Digital.<\/h6>\r\n<\/td>\r\n<\/tr>\r\n<tr>\r\n<td>\r\n<h6>CG3 \u2013 Comprender, relacionar y aplicar a la pr\u00e1ctica, conceptos, metodolog\u00edas y pr\u00e1cticas profesionales, provenientes de diversas disciplinas, que sean \u00fatiles para identificar y resolver problemas de Derecho de la Ciberseguridad y Entorno Digital.<\/h6>\r\n<\/td>\r\n<\/tr>\r\n<tr>\r\n<td>\r\n<h6>CG4 \u2013 Saber integrar conceptos multidisciplinares para ser capaz de analizar, interpretar y resolver problemas y conflictos jur\u00eddicos, pol\u00edticos y sociales que se planteen en el \u00e1mbito del Derecho de la Ciberseguridad y Entorno Digital.<\/h6>\r\n<\/td>\r\n<\/tr>\r\n<tr>\r\n<td>\r\n<h6>CG5 \u2013 Aplicar el conjunto de capacidades, habilidades y actitudes adquiridas al desarrollo personal y social, definiendo y promoviendo soluciones jur\u00eddicas a partir del Derecho de la Ciberseguridad y Entorno Digital, que favorezcan la igualdad de g\u00e9nero, la participaci\u00f3n democr\u00e1tica y la accesibilidad universal.<\/h6>\r\n<\/td>\r\n<\/tr>\r\n<tr>\r\n<td>\r\n<h5><strong>2. COMPETENCIAS TRANSVERSALES:<\/strong><\/h5>\r\n<\/td>\r\n<\/tr>\r\n<tr>\r\n<td>\r\n<h6>CT1 \u2013 Poseer capacidad de s\u00edntesis y de an\u00e1lisis cr\u00edtico, formando y emitiendo juicios cient\u00edficos, sociales o \u00e9ticos suficientemente fundamentados.<\/h6>\r\n<\/td>\r\n<\/tr>\r\n<tr>\r\n<td>\r\n<h6>CT2 \u2013 Saber comunicar de forma clara, precisa y argumentada, en lenguaje oral y escrito, las hip\u00f3tesis, argumentos y conclusiones que sustentan los argumentos que permiten interpretar y resolver las cuestiones t\u00e9cnicas relacionadas con la materia.<\/h6>\r\n<\/td>\r\n<\/tr>\r\n<tr>\r\n<td>\r\n<h6>CT3 \u2013 Buscar, acceder, valorar, seleccionar, priorizar y utilizar de forma eficaz la informaci\u00f3n relevante, en cualquier soporte y, especialmente, el uso de las nuevas tecnolog\u00edas caracter\u00edsticas de la Sociedad de la Informaci\u00f3n y la Comunicaci\u00f3n.<\/h6>\r\n<\/td>\r\n<\/tr>\r\n<tr>\r\n<td>\r\n<h6>CT4 \u2013 Poseer los h\u00e1bitos metodol\u00f3gicos necesarios para desarrollar capacidades de aprendizaje aut\u00f3nomo, cr\u00edtico y autodirigido, que permita enfrentarse con \u00e9xito a problemas en entornos diversos.<\/h6>\r\n<\/td>\r\n<\/tr>\r\n<tr>\r\n<td>\r\n<h5><strong>3. COMPETENCIAS ESPEC\u00cdFICAS:<\/strong><\/h5>\r\n<\/td>\r\n<\/tr>\r\n<tr>\r\n<td>\r\n<h6>CE1 \u2013 Conocer y manejar los aspectos t\u00e9cnicos de la Ciberseguridad y comprender el ecosistema digital en el que se desarrollan.<\/h6>\r\n<\/td>\r\n<\/tr>\r\n<tr>\r\n<td>\r\n<h6>CE2 \u2013 Conocer y saber aplicar las medidas de protecci\u00f3n de las libertades y derechos fundamentales vinculados al entorno digital.<\/h6>\r\n<\/td>\r\n<\/tr>\r\n<tr>\r\n<td>\r\n<h6>CE3 \u2013 Coordinar y planificar, desde una perspectiva multidisciplinar, la gesti\u00f3n de los ciber-riesgos en organizaciones y empresas. Conocer las peculiaridades que el entorno digital plantea en las relaciones laborales, los diferentes \u00e1mbitos de responsabilidad tanto de las personas jur\u00eddicas como de administradores, directivos y gestores.<\/h6>\r\n<\/td>\r\n<\/tr>\r\n<tr>\r\n<td>\r\n<h6>CE4 \u2013 Desarrollar destrezas que permitan dise\u00f1ar e implementar estrategias de protecci\u00f3n de activos en entornos digitales: propiedad industrial e intelectual, licencias, marcas, dominios, patentes.<\/h6>\r\n<\/td>\r\n<\/tr>\r\n<tr>\r\n<td>\r\n<h6>CE5 \u2013 Saber desarrollar habilidades y actitudes personales y profesionales que garanticen la protecci\u00f3n de la libertad de informaci\u00f3n, la privacidad y la protecci\u00f3n de datos.<\/h6>\r\n<\/td>\r\n<\/tr>\r\n<tr>\r\n<td>\r\n<h6>CE6 \u2013 Conocer y prevenir los il\u00edcitos digitales, en particular los relacionados con derechos fundamentales, g\u00e9nero y la especial protecci\u00f3n de los menores de edad.<\/h6>\r\n<\/td>\r\n<\/tr>\r\n<\/tbody>\r\n<\/table>\r\n<table>\r\n<tbody>\r\n<tr>\r\n<td width=\"642\">\r\n<h6>CE7 \u2013 Conocer aspectos \u00e9ticos, dise\u00f1ar herramientas y adquirir la capacidad de extraer conclusiones relacionadas con los aspectos deontol\u00f3gicos que plantea la Ciberseguridad, sabiendo implementar tales acciones en las organizaciones y empresas. Saber hacer auditor\u00edas de seguridad de sistemas de informaci\u00f3n.<\/h6>\r\n<\/td>\r\n<\/tr>\r\n<tr>\r\n<td width=\"642\">\r\n<h6>CE8 \u2013 Saber identificar vulnerabilidades y planificar ciberincidentes asociados a la gesti\u00f3n t\u00e9cnica de la informaci\u00f3n.<\/h6>\r\n<\/td>\r\n<\/tr>\r\n<tr>\r\n<td width=\"642\">\r\n<h6>CE9 \u2013 Conocer las estrategias y procesos de ciberseguridad que afectan a las Administraciones P\u00fablicas. Conocer la normativa y reforzar las capacidades de adaptaci\u00f3n a un contexto cambiante y de Ciberseguridad nacional.<\/h6>\r\n<\/td>\r\n<\/tr>\r\n<tr>\r\n<td width=\"642\">\r\n<h6>CE10 \u2013 Desarrollar destrezas relacionadas con los procesos mediante el acceso a fuentes de informaci\u00f3n digital como gesti\u00f3n del conocimiento y manejo de herramientas aplicadas.<\/h6>\r\n<\/td>\r\n<\/tr>\r\n<tr>\r\n<td width=\"642\">\r\n<h6>CE11 \u2013 Conocer las t\u00e9cnicas digitales dirigidas a la investigaci\u00f3n y averiguaci\u00f3n de los hechos en los distintos tipos de procedimientos, especialmente en prueba pericial forense y acciones de investigaci\u00f3n policial y judicial.<\/h6>\r\n<\/td>\r\n<\/tr>\r\n<tr>\r\n<td width=\"642\">\r\n<h6>CE12 \u2013 Conocer y saber aplicar los principios y fundamentos b\u00e1sicos de la responsabilidad legal y social de la empresa en entornos digitales.<\/h6>\r\n<\/td>\r\n<\/tr>\r\n<\/tbody>\r\n<\/table>\r\n&nbsp;","protected":false},"excerpt":{"rendered":"<p>INFORMACI\u00d3N GENERAL P\u00e1gina WEB del M\u00e1ster Universitario en Derecho de la Ciberseguridad y Entorno Digital. Tr\u00edptico M\u00e1ster Universitario Derecho de la Ciberseguridad y Entorno Digital Autorizaci\u00f3n de las Ense\u00f1anzas CCAA (BOCYL n\u00fam. 200, de 16\/10\/2018). Reconocimiento del Car\u00e1cter Oficial del T\u00edtulo_(BOE n\u00fam. 38 de 13\/02\/2019). Plan de Estudios y Gu\u00edas Docentes de las Asignaturas Informaci\u00f3n [&hellip;]<\/p>\n","protected":false},"author":149,"featured_media":0,"parent":0,"menu_order":0,"comment_status":"closed","ping_status":"closed","template":"","meta":{"footnotes":""},"class_list":["post-2557","page","type-page","status-publish","hentry"],"_links":{"self":[{"href":"https:\/\/centros.unileon.es\/derecho\/wp-json\/wp\/v2\/pages\/2557","targetHints":{"allow":["GET"]}}],"collection":[{"href":"https:\/\/centros.unileon.es\/derecho\/wp-json\/wp\/v2\/pages"}],"about":[{"href":"https:\/\/centros.unileon.es\/derecho\/wp-json\/wp\/v2\/types\/page"}],"author":[{"embeddable":true,"href":"https:\/\/centros.unileon.es\/derecho\/wp-json\/wp\/v2\/users\/149"}],"replies":[{"embeddable":true,"href":"https:\/\/centros.unileon.es\/derecho\/wp-json\/wp\/v2\/comments?post=2557"}],"version-history":[{"count":33,"href":"https:\/\/centros.unileon.es\/derecho\/wp-json\/wp\/v2\/pages\/2557\/revisions"}],"predecessor-version":[{"id":5997,"href":"https:\/\/centros.unileon.es\/derecho\/wp-json\/wp\/v2\/pages\/2557\/revisions\/5997"}],"wp:attachment":[{"href":"https:\/\/centros.unileon.es\/derecho\/wp-json\/wp\/v2\/media?parent=2557"}],"curies":[{"name":"wp","href":"https:\/\/api.w.org\/{rel}","templated":true}]}}