{"id":254,"date":"2013-04-15T06:36:22","date_gmt":"2013-04-15T06:36:22","guid":{"rendered":"http:\/\/centros.unileon.es\/derecho\/?page_id=254"},"modified":"2013-04-15T06:36:51","modified_gmt":"2013-04-15T06:36:51","slug":"254-2","status":"publish","type":"page","link":"https:\/\/centros.unileon.es\/derecho\/254-2\/","title":{"rendered":"Seminario-Conferencias sobre Derecho Penal"},"content":{"rendered":"El \u00c1rea de Derecho Penal de la Universidad de Le\u00f3n organiza un Seminario-Conferencias sobre aspectos penales de la detenci\u00f3n y lucha contra la corrupci\u00f3n.\r\n\r\nFecha: Martes 18 de Abril de 2013 a partir de las 17 horas.\r\n\r\nLugar: Sal\u00f3n de Grados de la Facultad de Derecho.\r\n\r\nPara m\u00e1s informaci\u00f3n pincha <a href=\"http:\/\/centros.unileon.es\/derecho\/files\/2013\/04\/Cartel-Conferencia-Derecho-Penal.pdf\">aqu\u00ed<\/a>.","protected":false},"excerpt":{"rendered":"<p>El \u00c1rea de Derecho Penal de la Universidad de Le\u00f3n organiza un Seminario-Conferencias sobre aspectos penales de la detenci\u00f3n y lucha contra la corrupci\u00f3n. Fecha: Martes 18 de Abril de 2013 a partir de las 17 horas. Lugar: Sal\u00f3n de Grados de la Facultad de Derecho. Para m\u00e1s informaci\u00f3n pincha aqu\u00ed.<\/p>\n","protected":false},"author":67,"featured_media":0,"parent":0,"menu_order":0,"comment_status":"closed","ping_status":"open","template":"","meta":{"footnotes":""},"class_list":["post-254","page","type-page","status-publish","hentry"],"_links":{"self":[{"href":"https:\/\/centros.unileon.es\/derecho\/wp-json\/wp\/v2\/pages\/254","targetHints":{"allow":["GET"]}}],"collection":[{"href":"https:\/\/centros.unileon.es\/derecho\/wp-json\/wp\/v2\/pages"}],"about":[{"href":"https:\/\/centros.unileon.es\/derecho\/wp-json\/wp\/v2\/types\/page"}],"author":[{"embeddable":true,"href":"https:\/\/centros.unileon.es\/derecho\/wp-json\/wp\/v2\/users\/67"}],"replies":[{"embeddable":true,"href":"https:\/\/centros.unileon.es\/derecho\/wp-json\/wp\/v2\/comments?post=254"}],"version-history":[{"count":3,"href":"https:\/\/centros.unileon.es\/derecho\/wp-json\/wp\/v2\/pages\/254\/revisions"}],"predecessor-version":[{"id":258,"href":"https:\/\/centros.unileon.es\/derecho\/wp-json\/wp\/v2\/pages\/254\/revisions\/258"}],"wp:attachment":[{"href":"https:\/\/centros.unileon.es\/derecho\/wp-json\/wp\/v2\/media?parent=254"}],"curies":[{"name":"wp","href":"https:\/\/api.w.org\/{rel}","templated":true}]}}