{"id":2507,"date":"2018-10-11T07:56:58","date_gmt":"2018-10-11T07:56:58","guid":{"rendered":"http:\/\/centros.unileon.es\/derecho\/?page_id=2507"},"modified":"2026-02-02T13:59:02","modified_gmt":"2026-02-02T13:59:02","slug":"trabajos-fin-de-master","status":"publish","type":"page","link":"https:\/\/centros.unileon.es\/derecho\/trabajos-fin-de-master\/","title":{"rendered":"Trabajos Fin de M\u00e1ster"},"content":{"rendered":"<strong>NORMATIVA TRABAJOS FIN DE M\u00c1STER:<\/strong>\r\n<ul style=\"list-style-type: square;\">\r\n \t<li><a href=\"https:\/\/centros.unileon.es\/derecho\/files\/2022\/03\/2022.03.11.-Reglamento-TFM-ULE-Modificacion-del-Reglamento-de-2019.11.15.-1.pdf\">Reglamento Trabajo Fin de M\u00e1ster de la Universidad de Le\u00f3n (Modificado el 11\/03\/2022)<\/a><\/li>\r\n \t<li><a href=\"https:\/\/centros.unileon.es\/derecho\/files\/2020\/05\/Reglamento-TFM-en-Abogac\u00eda-Aprobado-23_01_2020_PRO-1.pdf\">Reglamento TFM en Abogac\u00eda y Procura (Aprobado Comisi\u00f3n Ejecutiva 23\/01\/2020)<\/a><\/li>\r\n \t<li><a href=\"https:\/\/centros.unileon.es\/derecho\/files\/2019\/08\/pautas-de-actuaci\u00f3n-en-los-supuestos-de-plagio-copio-o-fraude-en-ex\u00e1menes-o-pruebas-de-evaluaci\u00f3n-1.pdf\">Pautas de actuaci\u00f3n en los supuestos de plagio, copia o fraude en ex\u00e1menes o pruebas de evaluaci\u00f3n (aprobadas en Consejo de Gobierno de 29\/01\/2015)<\/a><\/li>\r\n<\/ul>\r\n<p style=\"text-align: justify;\"><strong>IMPORTANTE:<\/strong> La tramitaci\u00f3n de dep\u00f3sito del TFM se realiza <b>a trav\u00e9s de la aplicaci\u00f3n inform\u00e1tica de la ULE<\/b><strong>: (<a href=\"https:\/\/tfg.unileon.es\/\">https:\/\/tfg.unileon.es<\/a>)<\/strong><\/p>\r\n<strong>IMPRESOS TRABAJOS FIN DE M\u00c1STER:<\/strong>\r\n<ul>\r\n \t<li>ANEXO 1. <a href=\"https:\/\/centros.unileon.es\/derecho\/files\/2020\/05\/ANEXO-1.-Solicitud-cambio-de-tutor-TFM-2.docx\">Solicitud Cambio de Tutor TFM<\/a><\/li>\r\n \t<li>ANEXO 2. <a href=\"https:\/\/centros.unileon.es\/derecho\/files\/2020\/05\/ANEXO-2.-Solicitud-cambio-de-tutorando-TFM-1.docx\">Solicitud Cambio de Tutorando TFM<\/a><\/li>\r\n \t<li>ANEXO 3. <a href=\"https:\/\/centros.unileon.es\/derecho\/files\/2023\/07\/ANEXO-3.-Portada-TFM-Abogacia-2020.doc\"> Modelo Portada TFM Abogac\u00eda y Procura<\/a><\/li>\r\n \t<li>ANEXO 4. <a href=\"https:\/\/centros.unileon.es\/derecho\/files\/2023\/07\/ANEXO-4.-Modelo-Informe-Calificacion-Tutor-Master-Abogacia.docx\">Modelo Informe\/Calificaci\u00f3n Tutor M\u00e1ster Abogac\u00eda y Procura<\/a><\/li>\r\n \t<li>ANEXO 6. <a href=\"https:\/\/centros.unileon.es\/derecho\/files\/2021\/03\/ANEXO-6.-Modelo-Autorizacion-Publicacion-Abierto-TFG.TFM_.docx\">Modelo Autorizaci\u00f3n Publicaci\u00f3n Abierto TFM<\/a><\/li>\r\n<\/ul>\r\n<div>\r\n<h3><strong>TRABAJO FIN DE M\u00c1STER CURSO ACAD\u00c9MICO 2025\/2026:<\/strong><\/h3>\r\n<h3 style=\"text-align: justify;\"><em><strong>Convocatoria de febrero 2026<\/strong><\/em><\/h3>\r\n<ul style=\"text-align: justify;\">\r\n \t<li><strong>Plazo para solicitar la convocatoria<\/strong>: del 20 al 27 de febrero.<\/li>\r\n \t<li><strong>Plazo de Dep\u00f3sito: <\/strong>del 22 de febrero, al 2 de marzo (antes de las 12:00 hs.), a trav\u00e9s de la plataforma: <strong><em>https:\/\/tfg.unileon.es<\/em><\/strong><\/li>\r\n \t<li><strong>Fecha de Defensa: <\/strong>6 de marzo de 2026.\r\n<ul style=\"text-align: justify;\">\r\n \t<li>Comisi\u00f3n n\u00ba 1: Sala de Juntas.<\/li>\r\n \t<li>Comisi\u00f3n n\u00ba 2: Aula 7.<\/li>\r\n<\/ul>\r\n<\/li>\r\n \t<li><strong>Cierre de Actas:<\/strong> 13 de marzo de 2026.<\/li>\r\n<\/ul>\r\n<h3 style=\"text-align: justify;\"><em><strong>Convocatoria de julio 2026\r\n<\/strong><\/em><\/h3>\r\n<ul style=\"text-align: justify;\">\r\n \t<li><strong>Plazo para solicitar la convocatoria<\/strong> (solo hay que solicitar convocatoria en caso de que se haya consumido la de febrero): fecha por determinar, en Administraci\u00f3n del Centro.<\/li>\r\n \t<li class=\"first-child\"><strong>Plazo de Dep\u00f3sito: <\/strong>fecha por determinar,\u00a0a trav\u00e9s de la plataforma: https:\/\/tfg.unileon.es.<\/li>\r\n \t<li class=\"last-child\"><strong>Fecha de Defensa:<\/strong> fecha por determinar.\r\n<ul style=\"text-align: justify;\">\r\n \t<li>Sala de Juntas, Comisi\u00f3n 1.<\/li>\r\n \t<li>Aula 7, Comisi\u00f3n 2.<\/li>\r\n<\/ul>\r\n<\/li>\r\n \t<li><strong>Cierre de actas:<\/strong> 24 de julio de 2026.<\/li>\r\n<\/ul>\r\n<h3 style=\"text-align: justify;\"><em><strong>Convocatoria de septiembre 2026<\/strong><\/em><\/h3>\r\n<ul style=\"list-style-type: square; text-align: justify;\">\r\n \t<li class=\"first-child\"><strong>Plazo de Dep\u00f3sito:<\/strong> fecha por determinar., a trav\u00e9s de la plataforma: https:\/\/tfg.unileon.es<\/li>\r\n \t<li class=\"last-child\"><strong>Fecha de Defensa:<\/strong> fecha por determinar.<\/li>\r\n \t<li class=\"last-child\">Sala de Juntas, Comisi\u00f3n 1.<\/li>\r\n \t<li class=\"last-child\">Aula 7, Comisi\u00f3n 2.<\/li>\r\n \t<li><strong>Cierre de actas:<\/strong> 18 de septiembre de 2026.<\/li>\r\n<\/ul>\r\n<p style=\"text-align: justify;\"><strong>Acta Constituci\u00f3n Comisi\u00f3n Convocatorias febrero, julio y septiembre 2026.<\/strong><\/p>\r\n\r\n<ul style=\"list-style-type: square;\">\r\n \t<li style=\"text-align: justify;\">El tribunal asignado y la fecha horaria se comunicar\u00e1 por la plataforma finalizado el plazo de dep\u00f3sito.<\/li>\r\n<\/ul>\r\n<\/div>\r\n<div style=\"text-align: justify;\"><\/div>","protected":false},"excerpt":{"rendered":"<p>NORMATIVA TRABAJOS FIN DE M\u00c1STER: Reglamento Trabajo Fin de M\u00e1ster de la Universidad de Le\u00f3n (Modificado el 11\/03\/2022) Reglamento TFM en Abogac\u00eda y Procura (Aprobado Comisi\u00f3n Ejecutiva 23\/01\/2020) Pautas de actuaci\u00f3n en los supuestos de plagio, copia o fraude en ex\u00e1menes o pruebas de evaluaci\u00f3n (aprobadas en Consejo de Gobierno de 29\/01\/2015) IMPORTANTE: La tramitaci\u00f3n [&hellip;]<\/p>\n","protected":false},"author":149,"featured_media":0,"parent":0,"menu_order":0,"comment_status":"closed","ping_status":"closed","template":"","meta":{"footnotes":""},"class_list":["post-2507","page","type-page","status-publish","hentry"],"_links":{"self":[{"href":"https:\/\/centros.unileon.es\/derecho\/wp-json\/wp\/v2\/pages\/2507","targetHints":{"allow":["GET"]}}],"collection":[{"href":"https:\/\/centros.unileon.es\/derecho\/wp-json\/wp\/v2\/pages"}],"about":[{"href":"https:\/\/centros.unileon.es\/derecho\/wp-json\/wp\/v2\/types\/page"}],"author":[{"embeddable":true,"href":"https:\/\/centros.unileon.es\/derecho\/wp-json\/wp\/v2\/users\/149"}],"replies":[{"embeddable":true,"href":"https:\/\/centros.unileon.es\/derecho\/wp-json\/wp\/v2\/comments?post=2507"}],"version-history":[{"count":104,"href":"https:\/\/centros.unileon.es\/derecho\/wp-json\/wp\/v2\/pages\/2507\/revisions"}],"predecessor-version":[{"id":6155,"href":"https:\/\/centros.unileon.es\/derecho\/wp-json\/wp\/v2\/pages\/2507\/revisions\/6155"}],"wp:attachment":[{"href":"https:\/\/centros.unileon.es\/derecho\/wp-json\/wp\/v2\/media?parent=2507"}],"curies":[{"name":"wp","href":"https:\/\/api.w.org\/{rel}","templated":true}]}}