{"id":2475,"date":"2018-10-11T06:46:06","date_gmt":"2018-10-11T06:46:06","guid":{"rendered":"http:\/\/centros.unileon.es\/derecho\/?page_id=2475"},"modified":"2025-12-02T13:36:48","modified_gmt":"2025-12-02T13:36:48","slug":"informacion-general","status":"publish","type":"page","link":"https:\/\/centros.unileon.es\/derecho\/informacion-general\/","title":{"rendered":"Informaci\u00f3n General"},"content":{"rendered":"<strong>INFORMACI\u00d3N GENERAL: GRADO EN DERECHO<\/strong>\r\n<ul style=\"list-style-type: disc;\">\r\n \t<li><a href=\"https:\/\/www.unileon.es\/ficheros\/estudiantes\/tripticos\/derecho.pdf\">Tr\u00edptico del Grado en Derecho de la Universidad de Le\u00f3n<\/a><\/li>\r\n \t<li><a href=\"\/\/centros.unileon.es\/derecho\/files\/2012\/09\/Plan-de-Estudios.-Grado.-Optativas.1.pdf\">Plan de estudios Grado en Derecho<\/a><\/li>\r\n \t<li><a href=\"https:\/\/www.unileon.es\/estudiantes\/oferta-academica\/grados\/grado-en-derecho\/plan-estudios\">Gu\u00edas Docentes de las asignaturas<\/a><\/li>\r\n \t<li><a href=\"https:\/\/centros.unileon.es\/derecho\/files\/2021\/09\/Reglamento-Evaluacion-Compensacion-2017-Modificado-24.03.2021.pdf\">Reglamento Evaluaci\u00f3n Compensacion 2017 (Modificado 24.03.2021)<\/a><\/li>\r\n<\/ul>\r\n<strong>\u00a0<\/strong>El Grado en Derecho tiene una carga lectiva de 240 cr\u00e9ditos ECTS que se distribuyen en cuatro a\u00f1os acad\u00e9micos (60 cr\u00e9ditos por curso).\r\n<p style=\"text-align: justify;\">El cargo de COORDINADOR del Grado en Derecho lo ocupa actualmente el Prof. Dr. D. David Carrizo Aguado (E-mail: <a href=\"mailto:dcara@unileon.es\">dcara@unileon.es<\/a>).<\/p>\r\n<p style=\"text-align: justify;\">Los coordinadores de Curso son los siguientes Profesores:<\/p>\r\n\r\n<ul style=\"list-style-type: disc; text-align: justify;\">\r\n \t<li>1\u00ba de Grado: Profa. Dra. D\u00f1a. Gema Vallejo P\u00e9rez (E-mail: <a href=\"mailto:gema.vallejo@unileon.es\">gema.vallejo@unileon.es<\/a>)<\/li>\r\n \t<li>2\u00ba de Grado: Profa. Dra. D\u00f1a. Mar\u00eda Anunciaci\u00f3n Trapero Barreales (E-mail: <a href=\"mailto:matrab@unileon.es\">matrab@unileon.es<\/a>)<\/li>\r\n \t<li>3\u00ba de Grado: Profa. Dra. D\u00f1a. Eva Isabel Sanjurjo R\u00edos (E-mail: eva.sanjurjo@unileon.es)<\/li>\r\n \t<li>4\u00ba de Grado: Profa. Dra. D\u00f1a. Selene de la Fuente Garc\u00eda (E-mail: selene.delafuente@unileon.es)<\/li>\r\n<\/ul>\r\n<p style=\"text-align: right;\">\u00a0<a href=\"https:\/\/centros.unileon.es\/derecho\/files\/2021\/09\/69828945_741583106292806_7818713599857131520_o_2.jpg\"><img loading=\"lazy\" decoding=\"async\" class=\" wp-image-4121 aligncenter\" src=\"https:\/\/centros.unileon.es\/derecho\/files\/2021\/09\/69828945_741583106292806_7818713599857131520_o_2.jpg\" alt=\"\" width=\"279\" height=\"349\" \/><\/a><\/p>\r\n<p style=\"text-align: justify;\"><strong><em>Edificios e instalaciones<\/em><\/strong><\/p>\r\n<p style=\"text-align: justify;\">Este Grado se cursa en el edificio de la Facultad de Derecho de Le\u00f3n, sita en el Campus de Vegazana. Se cuenta con aulas, sala de vistas y otras instalaciones de car\u00e1cter general (bibliotecas, sala de estudio, aula de inform\u00e1tica, etc.) debidamente equipadas para impartir las citadas ense\u00f1anzas.<\/p>\r\n<strong><em>Acceso de alumnos<\/em><\/strong>\r\n<p style=\"text-align: justify;\">El acceso a los estudios de Grado en Derecho podr\u00e1 realizarse, principalmente, a trav\u00e9s de las siguientes v\u00edas:<\/p>\r\n\r\n<ul style=\"list-style-type: disc;\">\r\n \t<li style=\"text-align: justify;\">Pruebas de Acceso a la Universidad (con independencia de la rama o modalidad de bachillerato de que el alumno proceda, al no exigirse un perfil espec\u00edfico de ingreso en la titulaci\u00f3n).<\/li>\r\n \t<li style=\"text-align: justify;\">Ciclos Formativos de Grado Superior (Familias Profesionales de: Administraci\u00f3n; Comercio y Marketing; Mantenimiento y Servicios a la Producci\u00f3n).<\/li>\r\n<\/ul>\r\n<p style=\"text-align: justify;\">Posteriormente, mediante preinscripci\u00f3n en la Secci\u00f3n de Acceso de la Universidad, se solicita plaza y, en caso de ser concedida, se procede a formalizar la matr\u00edcula en los plazos establecidos para ello en la Unidad Administrativa del Centro en el que se imparte la titulaci\u00f3n.<\/p>\r\n<p style=\"text-align: justify;\"><em>N\u00famero de plazas de nuevo ingreso<\/em>: 150.<\/p>\r\n<strong>\u00bf<em>Qu\u00e9 competencias se adquieren?<\/em><\/strong>\r\n<p style=\"text-align: justify;\">El estudiante del Grado en Derecho adquirir\u00e1, entre las m\u00e1s destacadas, las siguientes competencias:<\/p>\r\n\r\n<ul style=\"list-style-type: disc;\">\r\n \t<li style=\"text-align: justify;\">Comprender los conceptos jur\u00eddicos fundamentales de cada una de las ramas del Derecho e interpretar la normativa, los criterios jurisprudenciales y las opiniones doctrinales.<\/li>\r\n \t<li style=\"text-align: justify;\">Aplicar los conocimientos jur\u00eddicos en la pr\u00e1ctica, demostrando las habilidades t\u00e9cnicas necesarias para el desempe\u00f1o eficaz y responsable de las actividades profesionales para las que habilita o prepara el t\u00edtulo de Grado en Derecho.<\/li>\r\n \t<li style=\"text-align: justify;\">Buscar, acceder, valorar, priorizar y utilizar de forma eficiente la informaci\u00f3n jur\u00eddica, en cualquier soporte, de acuerdo con las exigencias de la Sociedad de la Comunicaci\u00f3n y la Informaci\u00f3n, para adoptar decisiones y resolver problemas jur\u00eddicos.<\/li>\r\n \t<li style=\"text-align: justify;\">Detectar conflictos jur\u00eddicos, analizarlos, localizar sus causas, identificar las posibles alternativas de soluci\u00f3n y proponer la m\u00e1s id\u00f3nea de forma cient\u00edficamente argumentada.<\/li>\r\n \t<li style=\"text-align: justify;\">Transmitir informaci\u00f3n, juicios, razonamientos y soluciones de forma clara, precisa y argumentada, tanto de forma oral como escrita y manejando con soltura los diferentes registros propios del \u00e1mbito cient\u00edfico y profesional del Derecho. Leer, interpretar y redactar textos jur\u00eddicos en una lengua extranjera.<\/li>\r\n \t<li style=\"text-align: justify;\">Desarrollar habilidades y actitudes necesarias para acometer un aprendizaje cr\u00edtico y aut\u00f3nomo que permita al graduado proseguir ulteriores estudios de especializaci\u00f3n en el campo jur\u00eddico.<\/li>\r\n \t<li style=\"text-align: justify;\">Adquirir las destrezas necesarias para la gesti\u00f3n de recursos de trabajo, fomentando el desarrollo de tareas en equipo, la capacidad de iniciativa e innovaci\u00f3n, la asunci\u00f3n de responsabilidades y la aplicaci\u00f3n de t\u00e9cnicas de resoluci\u00f3n de conflictos, negociaci\u00f3n y mediaci\u00f3n.<\/li>\r\n \t<li style=\"text-align: justify;\">Conocer otros ordenamientos jur\u00eddicos, as\u00ed como la problem\u00e1tica jur\u00eddica de la diversidad y la multiculturalidad desde el respeto a los derechos fundamentales y a los valores democr\u00e1ticos.<\/li>\r\n<\/ul>\r\n<strong><em>Salidas profesionales<\/em><\/strong>\r\n<p style=\"text-align: justify;\">El graduado en Derecho estar\u00e1 capacitado para poder acceder, a trav\u00e9s de los requisitos legales exigibles en cada caso, principalmente a las siguientes actividades profesionales:<\/p>\r\n\r\n<ul style=\"list-style-type: disc;\">\r\n \t<li style=\"text-align: justify;\">Ejercicio Profesional Libre (Abogados, Procuradores, Asesores, Gestores, etc.).<\/li>\r\n \t<li style=\"text-align: justify;\">Trabajo dependiente en la empresa privada (Abogados, Asesores, Ejecutivos, Banca, etc.).<\/li>\r\n \t<li style=\"text-align: justify;\">Puestos en las Administraciones P\u00fablicas:\r\n<ul style=\"list-style-type: circle;\">\r\n \t<li style=\"text-align: justify;\">Estatal.<\/li>\r\n \t<li style=\"text-align: justify;\">Comunidades Aut\u00f3nomas y Corporaciones Locales (Letrados, T\u00e9cnicos, Secretarios de Ayuntamiento, etc.).<\/li>\r\n \t<li style=\"text-align: justify;\">Todos los Ministerios (Letrados, T\u00e9cnicos de la Administraci\u00f3n Civil, etc.).<\/li>\r\n \t<li style=\"text-align: justify;\">Ministerios de Justicia (Notarios, Registradores de la Propiedad, Jueces y Magistrados, Fiscales, Secretarios judiciales, Abogados del Estado, etc.).<\/li>\r\n \t<li style=\"text-align: justify;\">Ministerio de Hacienda (Inspectores de Hacienda, Auditores de Cuentas, etc.).<\/li>\r\n \t<li style=\"text-align: justify;\">Ministerio de Trabajo y Seguridad Social (Letrados, Inspectores de Trabajo, T\u00e9cnicos del INSS, etc.).<\/li>\r\n \t<li style=\"text-align: justify;\">Ministerio de Defensa (Cuerpos Jur\u00eddicos militares).<\/li>\r\n \t<li style=\"text-align: justify;\">Cortes Espa\u00f1olas, Consejo de Estado, Tribunal Constitucional (Letrados).<\/li>\r\n \t<li style=\"text-align: justify;\">Comunidades Europeas (T\u00e9cnicos).<\/li>\r\n<\/ul>\r\n<\/li>\r\n<\/ul>\r\n<p style=\"text-align: justify;\">Por ampliar algo m\u00e1s las profesiones para las que capacita la obtenci\u00f3n del t\u00edtulo de Grado en Derecho, cabe sistematizar del modo que sigue la multiplicidad y diversidad de actividades profesionales que el graduado en Derecho podr\u00e1 desempe\u00f1ar:<\/p>\r\n\r\n<ul style=\"list-style-type: disc;\">\r\n \t<li style=\"text-align: justify;\">De un lado, quiz\u00e1 la m\u00e1s propia actividad ser\u00eda el ejercicio libre de las profesiones de Abogado y Procurador ante los Tribunales de Justicia. Aun cuando tradicionalmente en Espa\u00f1a ha bastado con el t\u00edtulo de licenciado en Derecho para poder proceder a la colegiaci\u00f3n obligatoria y comenzar as\u00ed el ejercicio de tales profesiones, tal panorama ha cambiado sustancialmente tras la entrada en vigor de la Ley 34\/2006; a partir de ese momento ser\u00e1 necesario, adem\u00e1s del t\u00edtulo de Grado en Derecho (que se convertir\u00eda as\u00ed en una suerte de <em>conditio sine qua non<\/em>), acreditar la capacitaci\u00f3n profesional mediante de la superaci\u00f3n de lo que la Ley denomina \u201cuna formaci\u00f3n especializada\u201d, la cual habr\u00e1 de ser acreditada conjuntamente por el Ministerio de Justicia y el Ministerio de Educaci\u00f3n y Ciencia. La Facultad de Derecho de la Universidad de Le\u00f3n oferta el M\u00e1ster en Abogac\u00eda, que permite obtener la formaci\u00f3n especializada necesaria para el acceso a las profesiones de Abogado y Procurador.<\/li>\r\n \t<li style=\"text-align: justify;\">No menos importante para el futuro graduado en Derecho ser\u00e1 la posibilidad de desempe\u00f1ar un amplio elenco de puestos en la Administraci\u00f3n P\u00fablica. En este sentido, es necesario poner de manifiesto que diversas normas reguladoras de las oposiciones conducentes al acceso a determinados cuerpos de funcionarios exigen espec\u00edficamente la condici\u00f3n de titulado en Derecho. Entre ellas se encuentran algunas de las m\u00e1s importantes en la estructura del Estado, tales como las de Jueces y Fiscales, Abogado del Estado, Notar\u00edas o Registros; y a las anteriores han de sumarse las que permiten acceder a diversos puestos en las Administraciones auton\u00f3micas y locales (letrados, t\u00e9cnicos, Secretarios de Ayuntamiento,\u2026).<\/li>\r\n \t<li style=\"text-align: justify;\">Por otro lado, tampoco cabe olvidar la posibilidad de acceso a la empresa privada, en donde el futuro graduado en Derecho habr\u00e1 de jugar un papel fundamental en la asesor\u00eda jur\u00eddica, la gesti\u00f3n y la administraci\u00f3n, destacando el papel relevante que desempe\u00f1an en sectores tan importantes como la Banca o el comercio.<\/li>\r\n<\/ul>\r\n<p style=\"text-align: justify;\">Finalmente, y en estrecha relaci\u00f3n con lo anteriormente expuesto, es preciso hacer una menci\u00f3n particular de las <strong><em>Jornadas y Ciclos de Salidas Profesionales<\/em><\/strong> que desde hace ya varios a\u00f1os es tradicional celebrar en la Facultad de Derecho de la Universidad de Le\u00f3n. Organizadas por el Decanato del Centro \u2013y desde el a\u00f1o 2009 canalizadas por el Vicerrectorado de Estudiantes y el \u00c1rea de Inserci\u00f3n Laboral de la Universidad de Le\u00f3n-, dichas Jornadas tienen por objeto orientar en su futuro profesional a los alumnos de la Facultad (especialmente a los de los \u00faltimos cursos de la titulaci\u00f3n de Derecho). Dicha actividad se concreta en una serie de charlas en las que, en un clima de di\u00e1logo y de animada participaci\u00f3n estudiantil, distintos profesionales del Derecho en las m\u00e1s diversas vertientes (registradores de la propiedad, notarios, abogados del Estado, jueces y magistrados, fiscales, abogados, procuradores,\u2026) explican al alumnado las caracter\u00edsticas de dichas profesiones, los modos y requisitos de acceso a las mismas, su visi\u00f3n de futuro de cada profesi\u00f3n, etc.<\/p>","protected":false},"excerpt":{"rendered":"<p>INFORMACI\u00d3N GENERAL: GRADO EN DERECHO Tr\u00edptico del Grado en Derecho de la Universidad de Le\u00f3n Plan de estudios Grado en Derecho Gu\u00edas Docentes de las asignaturas Reglamento Evaluaci\u00f3n Compensacion 2017 (Modificado 24.03.2021) \u00a0El Grado en Derecho tiene una carga lectiva de 240 cr\u00e9ditos ECTS que se distribuyen en cuatro a\u00f1os acad\u00e9micos (60 cr\u00e9ditos por curso). [&hellip;]<\/p>\n","protected":false},"author":149,"featured_media":0,"parent":0,"menu_order":0,"comment_status":"closed","ping_status":"closed","template":"","meta":{"footnotes":""},"class_list":["post-2475","page","type-page","status-publish","hentry"],"_links":{"self":[{"href":"https:\/\/centros.unileon.es\/derecho\/wp-json\/wp\/v2\/pages\/2475","targetHints":{"allow":["GET"]}}],"collection":[{"href":"https:\/\/centros.unileon.es\/derecho\/wp-json\/wp\/v2\/pages"}],"about":[{"href":"https:\/\/centros.unileon.es\/derecho\/wp-json\/wp\/v2\/types\/page"}],"author":[{"embeddable":true,"href":"https:\/\/centros.unileon.es\/derecho\/wp-json\/wp\/v2\/users\/149"}],"replies":[{"embeddable":true,"href":"https:\/\/centros.unileon.es\/derecho\/wp-json\/wp\/v2\/comments?post=2475"}],"version-history":[{"count":30,"href":"https:\/\/centros.unileon.es\/derecho\/wp-json\/wp\/v2\/pages\/2475\/revisions"}],"predecessor-version":[{"id":6080,"href":"https:\/\/centros.unileon.es\/derecho\/wp-json\/wp\/v2\/pages\/2475\/revisions\/6080"}],"wp:attachment":[{"href":"https:\/\/centros.unileon.es\/derecho\/wp-json\/wp\/v2\/media?parent=2475"}],"curies":[{"name":"wp","href":"https:\/\/api.w.org\/{rel}","templated":true}]}}