{"id":1822,"date":"2017-10-03T14:06:24","date_gmt":"2017-10-03T14:06:24","guid":{"rendered":"http:\/\/centros.unileon.es\/derecho\/?page_id=1822"},"modified":"2017-10-06T12:43:00","modified_gmt":"2017-10-06T12:43:00","slug":"iii-jornadas-de-derecho-y-ciberseguridad-25-y-26-de-octubre-de-2017","status":"publish","type":"page","link":"https:\/\/centros.unileon.es\/derecho\/iii-jornadas-de-derecho-y-ciberseguridad-25-y-26-de-octubre-de-2017\/","title":{"rendered":"III Jornadas de Derecho y Ciberseguridad, 25 y 26 de octubre de 2017."},"content":{"rendered":"<a href=\"http:\/\/centros.unileon.es\/derecho\/files\/2017\/10\/Jornadas-Ciberseguridad.png\"><img loading=\"lazy\" decoding=\"async\" class=\" wp-image-1827 aligncenter\" src=\"http:\/\/centros.unileon.es\/derecho\/files\/2017\/10\/Jornadas-Ciberseguridad.png\" alt=\"\" width=\"260\" height=\"163\" \/><\/a>\r\n<p style=\"text-align: justify;\"><strong>Fechas:<\/strong> mi\u00e9rcoles 25 (18:00 hs.) y jueves 26 de octubre (16:00 hs.) de 2017.<\/p>\r\n<p style=\"text-align: justify;\"><strong>Lugar:<\/strong> Auditorio Ciudad de Le\u00f3n (mi\u00e9rcoles 25); Sal\u00f3n de Grados de la Facultad de Derecho de la Universidad de Le\u00f3n (jueves 26).<\/p>\r\n<p style=\"text-align: justify;\"><strong>Intervienen: <\/strong>D. Jos\u00e9 Luis Pi\u00f1ar Ma\u00f1as, Catedr\u00e1tico de Derecho Administrativo, Universidad CEU San Pablo, Director de la C\u00e1tedra Google. D Juan Antonio Garc\u00eda Amado, Catedr\u00e1tico de Filosof\u00eda del Derecho de la Universidad de Le\u00f3n; D. Jos\u00e9 Fern\u00e1ndez D\u00edaz, Jefe de Secci\u00f3n de Inform\u00e1tica del Servicio de Asistencia a Municipios; D. Luis Ballesteros Moffa, Profesor Titular de Derecho Administrativo de la Universidad de Le\u00f3n; D\u00f1a. Mar\u00eda Jos\u00e9 Santos Gonz\u00e1lez, Coordinadora del Departamento Jur\u00eddico de INCIBE; D. C\u00e9sar Lorenzana, Jefe de Tecnolog\u00eda del Departamento de Delitos Telem\u00e1ticos de la Guardia Civil; D. Francisco Javier Guti\u00e9rrez Hern\u00e1ndez, Fiscal de Le\u00f3n; D\u00f1a. Laura Fra Rodr\u00edguez, Abogada del Ilustre Colegio de Abogados de Le\u00f3n.<\/p>\r\n<strong>Clausurar\u00e1n las Jornadas:<\/strong> D. Juan Jos\u00e9 Fern\u00e1ndez Dom\u00ednguez, Decano de la Facultad de Derecho de la Universidad de Le\u00f3n; D\u00f1a. Teresa Mata Sierra, Subdelegada de Gobierno de Le\u00f3n; D. Francisco P\u00e9rez Bes, INCIBE; y, D. Jos\u00e9 Luis Gorgojo Del Pozo, Decano del Ilustre Colegio de Abogados de Le\u00f3n.\r\n<p style=\"text-align: justify;\"><strong>Organizan:<\/strong> D. Francisco P\u00e9rez Bes (INCIBE) y D\u00f1a. Isabel Dur\u00e1n Seco (Facultad de Derecho ULE).<\/p>\r\n<strong>M\u00e1s informaci\u00f3n e inscripciones en:<\/strong> <a href=\"http:\/\/centros.unileon.es\/derecho\/files\/2017\/10\/Tr\u00edptico-III-Jornadas-Ciberseguridad.pdf\">Tr\u00edptico III Jornadas Ciberseguridad<\/a>","protected":false},"excerpt":{"rendered":"<p>Fechas: mi\u00e9rcoles 25 (18:00 hs.) y jueves 26 de octubre (16:00 hs.) de 2017. Lugar: Auditorio Ciudad de Le\u00f3n (mi\u00e9rcoles 25); Sal\u00f3n de Grados de la Facultad de Derecho de la Universidad de Le\u00f3n (jueves 26). Intervienen: D. Jos\u00e9 Luis Pi\u00f1ar Ma\u00f1as, Catedr\u00e1tico de Derecho Administrativo, Universidad CEU San Pablo, Director de la C\u00e1tedra Google. [&hellip;]<\/p>\n","protected":false},"author":149,"featured_media":0,"parent":0,"menu_order":0,"comment_status":"closed","ping_status":"closed","template":"","meta":{"footnotes":""},"class_list":["post-1822","page","type-page","status-publish","hentry"],"_links":{"self":[{"href":"https:\/\/centros.unileon.es\/derecho\/wp-json\/wp\/v2\/pages\/1822","targetHints":{"allow":["GET"]}}],"collection":[{"href":"https:\/\/centros.unileon.es\/derecho\/wp-json\/wp\/v2\/pages"}],"about":[{"href":"https:\/\/centros.unileon.es\/derecho\/wp-json\/wp\/v2\/types\/page"}],"author":[{"embeddable":true,"href":"https:\/\/centros.unileon.es\/derecho\/wp-json\/wp\/v2\/users\/149"}],"replies":[{"embeddable":true,"href":"https:\/\/centros.unileon.es\/derecho\/wp-json\/wp\/v2\/comments?post=1822"}],"version-history":[{"count":5,"href":"https:\/\/centros.unileon.es\/derecho\/wp-json\/wp\/v2\/pages\/1822\/revisions"}],"predecessor-version":[{"id":1832,"href":"https:\/\/centros.unileon.es\/derecho\/wp-json\/wp\/v2\/pages\/1822\/revisions\/1832"}],"wp:attachment":[{"href":"https:\/\/centros.unileon.es\/derecho\/wp-json\/wp\/v2\/media?parent=1822"}],"curies":[{"name":"wp","href":"https:\/\/api.w.org\/{rel}","templated":true}]}}