{"id":1799,"date":"2017-09-24T16:47:44","date_gmt":"2017-09-24T16:47:44","guid":{"rendered":"http:\/\/centros.unileon.es\/derecho\/?page_id=1799"},"modified":"2017-09-24T16:50:06","modified_gmt":"2017-09-24T16:50:06","slug":"v-seminario-sobre-relaciones-juridicas-internacionales-infancia-menas-y-resolucion-de-conflictos-familiares-y-culturales-26-de-septiembre-de-2017","status":"publish","type":"page","link":"https:\/\/centros.unileon.es\/derecho\/v-seminario-sobre-relaciones-juridicas-internacionales-infancia-menas-y-resolucion-de-conflictos-familiares-y-culturales-26-de-septiembre-de-2017\/","title":{"rendered":"V Seminario sobre Relaciones Jur\u00eddicas Internacionales: \u00abInfancia, menas y resoluci\u00f3n de conflictos familiares y culturales\u00bb, 26 de septiembre de 2017."},"content":{"rendered":"<p style=\"text-align: justify;\">La Facultad de Derecho de la Universidad de Le\u00f3n acoge el <strong>V Seminario sobre Relaciones Jur\u00eddicas Internacionales<\/strong> que en esta edici\u00f3n, con el tema de la protecci\u00f3n jur\u00eddica del menor de edad, propondr\u00e1 un debate sobre: <em>\u00abInfancia, menas y resoluci\u00f3n de conflictos familiares y culturales\u00bb<\/em>.<\/p>\r\n<p style=\"text-align: justify;\"><strong>Fecha:<\/strong> martes 26 de septiembre de 2017, 10:30 (jornada de ma\u00f1ana) y 17:30 (jornada de tarde).<\/p>\r\n<p style=\"text-align: justify;\"><strong>Lugar:<\/strong> Sal\u00f3n de Grados de la Facultad de Derecho de la Universidad de Le\u00f3n.<\/p>\r\n<p style=\"text-align: justify;\"><strong>Apertura del Seminario a cargo de:<\/strong> D\u00f1a. M\u00aa Dolores Alonso-Cort\u00e9s Fradejas, Vicerrectora de Relaciones Institucionales y con la Sociedad; y, D\u00f1a. Aurora Baza Rodr\u00edguez, Concejala de Familia y Servicios Sociales del Ayuntamiento de Le\u00f3n.<\/p>\r\n<p style=\"text-align: justify;\"><strong>Intervendr\u00e1n:<\/strong> D. Javier Amoedo Conde, Ana del Ser L\u00f3pez, Lourdes Rodr\u00edguez Rey, Purificaci\u00f3n Mu\u00f1oz Gra\u00f1a, Roberto Baelo \u00c1lvarez, Isabel E. L\u00e1zaro Gonz\u00e1lez, M\u00aa de los Reyes Mart\u00ednez Barroso, Beatriz Agra Viforcos, Helena D\u00edez Garc\u00eda, Marta Ord\u00e1s Alonso, Aurelia \u00c1lvarez Rodr\u00edguez y Salvador Tarodo Soria.<\/p>\r\n<p style=\"text-align: justify;\"><strong>Organizan:<\/strong> Aurelia \u00c1lvarez Rodr\u00edguez, Paulino C\u00e9sar Pardo Prieto, Salvador Tarodo Soria y David Carrizo Aguado.<\/p>\r\n<a href=\"http:\/\/centros.unileon.es\/derecho\/files\/2017\/09\/Cartel-V-Seminario-Relaciones-Jur\u00eddicas-Internacionales_26.09.17.pdf\">Cartel V Seminario Relaciones Jur\u00eddicas Internacionales 26.09.17<\/a>","protected":false},"excerpt":{"rendered":"<p>La Facultad de Derecho de la Universidad de Le\u00f3n acoge el V Seminario sobre Relaciones Jur\u00eddicas Internacionales que en esta edici\u00f3n, con el tema de la protecci\u00f3n jur\u00eddica del menor de edad, propondr\u00e1 un debate sobre: \u00abInfancia, menas y resoluci\u00f3n de conflictos familiares y culturales\u00bb. Fecha: martes 26 de septiembre de 2017, 10:30 (jornada de [&hellip;]<\/p>\n","protected":false},"author":149,"featured_media":0,"parent":0,"menu_order":0,"comment_status":"closed","ping_status":"closed","template":"","meta":{"footnotes":""},"class_list":["post-1799","page","type-page","status-publish","hentry"],"_links":{"self":[{"href":"https:\/\/centros.unileon.es\/derecho\/wp-json\/wp\/v2\/pages\/1799","targetHints":{"allow":["GET"]}}],"collection":[{"href":"https:\/\/centros.unileon.es\/derecho\/wp-json\/wp\/v2\/pages"}],"about":[{"href":"https:\/\/centros.unileon.es\/derecho\/wp-json\/wp\/v2\/types\/page"}],"author":[{"embeddable":true,"href":"https:\/\/centros.unileon.es\/derecho\/wp-json\/wp\/v2\/users\/149"}],"replies":[{"embeddable":true,"href":"https:\/\/centros.unileon.es\/derecho\/wp-json\/wp\/v2\/comments?post=1799"}],"version-history":[{"count":2,"href":"https:\/\/centros.unileon.es\/derecho\/wp-json\/wp\/v2\/pages\/1799\/revisions"}],"predecessor-version":[{"id":1805,"href":"https:\/\/centros.unileon.es\/derecho\/wp-json\/wp\/v2\/pages\/1799\/revisions\/1805"}],"wp:attachment":[{"href":"https:\/\/centros.unileon.es\/derecho\/wp-json\/wp\/v2\/media?parent=1799"}],"curies":[{"name":"wp","href":"https:\/\/api.w.org\/{rel}","templated":true}]}}