{"id":139,"date":"2012-09-21T10:16:28","date_gmt":"2012-09-21T10:16:28","guid":{"rendered":"http:\/\/centros.unileon.es\/derecho\/?page_id=139"},"modified":"2012-09-26T07:46:13","modified_gmt":"2012-09-26T07:46:13","slug":"cursos-de-formacion-destinado-a-los-alumnos-de-la-facultad","status":"publish","type":"page","link":"https:\/\/centros.unileon.es\/derecho\/cursos-de-formacion-destinado-a-los-alumnos-de-la-facultad\/","title":{"rendered":"Cursos de Formaci\u00f3n Destinado a los Alumnos de la Facultad"},"content":{"rendered":"El personal de Biblioteca de la Facultad de Derecho organiza unos Cursos de Formaci\u00f3n destinado a los alumnos de la Facultad de Derecho sobre manejo de cat\u00e1logos, bases de datos y herramientas inform\u00e1ticas de la Biblioteca.\r\n\r\nLos cursos se impartir\u00e1n en el Aula de Inform\u00e1tica de la Facultad los d\u00edas 19 y 26 de octubre y 9 de noviembre de 2012.\r\n\r\nPara m\u00e1s informaci\u00f3n pinchar <a href=\"http:\/\/centros.unileon.es\/derecho\/files\/2012\/09\/Cartel-Curso-Biblioteca-nuevo.pdf\">aqu\u00ed<\/a>","protected":false},"excerpt":{"rendered":"<p>El personal de Biblioteca de la Facultad de Derecho organiza unos Cursos de Formaci\u00f3n destinado a los alumnos de la Facultad de Derecho sobre manejo de cat\u00e1logos, bases de datos y herramientas inform\u00e1ticas de la Biblioteca. Los cursos se impartir\u00e1n en el Aula de Inform\u00e1tica de la Facultad los d\u00edas 19 y 26 de octubre [&hellip;]<\/p>\n","protected":false},"author":67,"featured_media":0,"parent":0,"menu_order":0,"comment_status":"closed","ping_status":"open","template":"","meta":{"footnotes":""},"class_list":["post-139","page","type-page","status-publish","hentry"],"_links":{"self":[{"href":"https:\/\/centros.unileon.es\/derecho\/wp-json\/wp\/v2\/pages\/139","targetHints":{"allow":["GET"]}}],"collection":[{"href":"https:\/\/centros.unileon.es\/derecho\/wp-json\/wp\/v2\/pages"}],"about":[{"href":"https:\/\/centros.unileon.es\/derecho\/wp-json\/wp\/v2\/types\/page"}],"author":[{"embeddable":true,"href":"https:\/\/centros.unileon.es\/derecho\/wp-json\/wp\/v2\/users\/67"}],"replies":[{"embeddable":true,"href":"https:\/\/centros.unileon.es\/derecho\/wp-json\/wp\/v2\/comments?post=139"}],"version-history":[{"count":3,"href":"https:\/\/centros.unileon.es\/derecho\/wp-json\/wp\/v2\/pages\/139\/revisions"}],"predecessor-version":[{"id":171,"href":"https:\/\/centros.unileon.es\/derecho\/wp-json\/wp\/v2\/pages\/139\/revisions\/171"}],"wp:attachment":[{"href":"https:\/\/centros.unileon.es\/derecho\/wp-json\/wp\/v2\/media?parent=139"}],"curies":[{"name":"wp","href":"https:\/\/api.w.org\/{rel}","templated":true}]}}