{"id":277,"date":"2013-07-22T10:02:51","date_gmt":"2013-07-22T10:02:51","guid":{"rendered":"http:\/\/centros.unileon.es\/cienciasdeltrabajo\/?page_id=277"},"modified":"2026-03-05T11:18:46","modified_gmt":"2026-03-05T11:18:46","slug":"horarios-grado","status":"publish","type":"page","link":"https:\/\/centros.unileon.es\/cienciasdeltrabajo\/horarios-grado\/","title":{"rendered":"Horarios del Grado en Relaciones Laborales y Recursos Humanos"},"content":{"rendered":"<h2><strong>CURSO 2025\/2026:<\/strong><\/h2>\r\n<p style=\"text-align: justify;\"><a href=\"https:\/\/centros.unileon.es\/cienciasdeltrabajo\/files\/2025\/05\/Horarios-1o-Grado-RRLLyRRHH-2025-2026.pdf\">Horarios y ex\u00e1menes 1\u00ba Grado 2025-2026<\/a><\/p>\r\n<p><a href=\"https:\/\/centros.unileon.es\/cienciasdeltrabajo\/files\/2025\/08\/Cartel-Jornada-Acogida-Grado-Relaciones-Laborales-y-Recursos-HUmanos.-Curso-25-26.pdf\">Jornada Acogida Grado Relaciones Laborales y Recursos Humanos. Curso 25-26<\/a>: Se informa a los alumnos de primer curso del Grado en Relaciones Laborales y Recursos Humanos que el d\u00eda 8 de septiembre de 2025, tendr\u00e1 lugar una Jornada de Acogida a las 10:30 horas en el Aula 1A, comenzando las clases ordinarias el d\u00eda siguiente<\/p>\r\n<p><a href=\"https:\/\/centros.unileon.es\/cienciasdeltrabajo\/files\/2025\/05\/Horarios-2o-Grado-RRLLyRRHH-2025-2026.pdf\">Horarios y ex\u00e1menes 2\u00ba Grado 2025-2026<\/a><\/p>\r\n<p><a href=\"https:\/\/centros.unileon.es\/cienciasdeltrabajo\/files\/2026\/03\/Horarios-3o-Grado-RRLLyRRHH-2025-2026.pdf\">Horarios y ex\u00e1menes 3\u00ba Grado 2025-2026<\/a><\/p>\r\n<p><a href=\"https:\/\/centros.unileon.es\/cienciasdeltrabajo\/files\/2025\/05\/Horarios-4o-Grado-RRLLyRRHH-2025-2026.pdf\">Horarios y ex\u00e1menes 4\u00ba Grado 2025-2026<\/a><\/p>\r\n<h2>\u00a0<\/h2>\r\n<h2><strong>CURSO 2024\/2025:<\/strong><\/h2>\r\n<p style=\"text-align: justify;\"><a href=\"https:\/\/centros.unileon.es\/cienciasdeltrabajo\/files\/2024\/06\/1_Primero_RRLLyRRHH.docx\">Horarios y ex\u00e1menes 1\u00ba Grado 2024-2025<\/a><\/p>\r\n<p><a href=\"https:\/\/centros.unileon.es\/cienciasdeltrabajo\/files\/2024\/06\/2_Segundo_RRLLyRRHH.docx\">Horarios y ex\u00e1menes 2\u00ba Grado 2024-2025<\/a><\/p>\r\n<p><a href=\"https:\/\/centros.unileon.es\/cienciasdeltrabajo\/files\/2025\/01\/3_Tercero_RRLLyRRHH.docx\">Horarios y ex\u00e1menes 3\u00ba Grado 2024-2025<\/a><\/p>\r\n<p><a href=\"https:\/\/centros.unileon.es\/cienciasdeltrabajo\/files\/2025\/01\/4_Cuarto_RRLLyRRHH.doc\">Horarios y ex\u00e1menes 4\u00ba Grado 2024-2025<\/a><\/p>\r\n<h2>\u00a0<\/h2>\r\n<h2><strong>CURSO 2023\/2024:<\/strong><\/h2>\r\n<p style=\"text-align: justify;\"><a href=\"https:\/\/centros.unileon.es\/cienciasdeltrabajo\/files\/2023\/06\/1_Primero_RRLLyRRHH.pdf\">Horarios y ex\u00e1menes 1\u00ba Grado 2023-2024<\/a><\/p>\r\n<p style=\"text-align: justify;\"><a href=\"https:\/\/centros.unileon.es\/cienciasdeltrabajo\/files\/2023\/09\/Cartel-Jornada-Acogida-Grado-Relaciones-Laborales-y-Recursos-HUmanos.-Curso-23-24.pdf\">Jornada Acogida Grado Relaciones Laborales y Recursos Humanos. Curso 23-24<\/a>: Se informa a los alumnos de primer curso del Grado en Relaciones Laborales y Recursos Humanos que el d\u00eda 11 de septiembre de 2023, tendr\u00e1 lugar una Jornada de Acogida a las 10:30 horas en el Aula 1A, comenzando las clases ordinarias el d\u00eda siguiente.<\/p>\r\n<p><a href=\"https:\/\/centros.unileon.es\/cienciasdeltrabajo\/files\/2023\/06\/2_Segundo_RRLLyRRHH.pdf\">Horarios y ex\u00e1menes 2\u00ba Grado 2023-2024<\/a><\/p>\r\n<p><a href=\"https:\/\/centros.unileon.es\/cienciasdeltrabajo\/files\/2023\/09\/3_Tercero_RRLLyRRHH.pdf\">Horarios y ex\u00e1menes 3\u00ba Grado 2023-2024<\/a><\/p>\r\n<p><a href=\"https:\/\/centros.unileon.es\/cienciasdeltrabajo\/files\/2024\/06\/4_Cuarto_RRLLyRRHH.pdf\">Horarios y ex\u00e1menes 4\u00ba Grado 2023-2024<\/a><\/p>\r\n<h2>\u00a0<\/h2>\r\n<h2><strong>CURSO 2022\/2023:<\/strong><\/h2>\r\n<p style=\"text-align: justify;\"><a href=\"https:\/\/centros.unileon.es\/cienciasdeltrabajo\/files\/2022\/05\/1_Primero_RRLLyRRHH.pdf\">Horarios y ex\u00e1menes 1\u00ba Grado 2022-2023<\/a><\/p>\r\n<p style=\"text-align: justify;\"><a href=\"https:\/\/centros.unileon.es\/cienciasdeltrabajo\/files\/2022\/09\/Cartel-Jornada-Acogida-Grado-Relaciones-Laborales-y-Recursos-HUmanos.-Curso-22-23.doc\">Jornada Acogida Grado Relaciones Laborales y Recursos Humanos. Curso 22-23<\/a>: Se informa a los alumnos de primer curso del Grado en Relaciones Laborales y Recursos Humanos que el d\u00eda 12 de septiembre de 2022, tendr\u00e1 lugar una Jornada de Acogida a las 10:00 horas en el Aula 1A, comenzando las clases ordinarias el d\u00eda siguiente.<\/p>\r\n<p><a href=\"https:\/\/centros.unileon.es\/cienciasdeltrabajo\/files\/2022\/05\/2_Segundo_RRLLyRRHH.pdf\">Horarios y ex\u00e1menes 2\u00ba Grado 2022-2023<\/a><\/p>\r\n<p><a href=\"https:\/\/centros.unileon.es\/cienciasdeltrabajo\/files\/2022\/05\/3_Tercero_RRLLyRRHH.pdf\">Horarios y ex\u00e1menes 3\u00ba Grado 2022-2023<\/a><\/p>\r\n<p><a href=\"https:\/\/centros.unileon.es\/cienciasdeltrabajo\/files\/2022\/09\/4_Cuarto_RRLLyRRHH.pdf\">Horarios y ex\u00e1menes 4\u00ba Grado 2022-2023<\/a><\/p>\r\n<h2>\u00a0<\/h2>\r\n<h2><strong>CURSO 2021\/2022:<\/strong><\/h2>\r\n<p>Se comunica a los alumnos de 1\u00ba del Grado en Relaciones Laborales y Recursos Humanos que el d\u00eda 13 de septiembre de 2021, tendr\u00e1 lugar una Jornada de Acogida a las 10:00 en el Aula 1A de acuerdo con el programa disponible en el enlace: <a href=\"https:\/\/centros.unileon.es\/cienciasdeltrabajo\/files\/2021\/09\/Cartel-Jornada-Acogida.doc\">Jornada Acogida<\/a><\/p>\r\n<p><a href=\"https:\/\/centros.unileon.es\/cienciasdeltrabajo\/files\/2021\/05\/1_Primero_RRLLyRRHH-1.pdf\">Horarios y ex\u00e1menes 1\u00ba Grado 2021-2022<\/a><\/p>\r\n<p><a href=\"https:\/\/centros.unileon.es\/cienciasdeltrabajo\/files\/2021\/05\/2_Segundo_RRLLyRRHH-1.pdf\">Horarios y ex\u00e1menes 2\u00ba Grado 2021-2022<\/a><\/p>\r\n<p><a href=\"https:\/\/centros.unileon.es\/cienciasdeltrabajo\/files\/2022\/02\/3_Tercero_RRLLyRRHH-1.pdf\">Horarios y ex\u00e1menes 3\u00ba Grado 2021-2022<\/a><\/p>\r\n<p><a href=\"https:\/\/centros.unileon.es\/cienciasdeltrabajo\/files\/2022\/02\/4_Cuarto_RRLLyRRHH-1.pdf\">Horarios y ex\u00e1menes 4\u00ba Grado 2021-2022<\/a><\/p>\r\n<h2>\u00a0<\/h2>\r\n<h2><strong>CURSO 2020\/2021:<\/strong><\/h2>\r\n<p style=\"text-align: justify;\">Se comunica a los alumnos de 1\u00ba del Grado en Relaciones Laborales y Recursos Humanos que el d\u00eda 15 de septiembre de 2020, tendr\u00e1 lugar una <span style=\"text-decoration: underline;\">Jornada de Acogida<\/span> a las 10:30 en el Aula 1A de acuerdo con el programa disponible en el enlace:\u00a0<a href=\"https:\/\/centros.unileon.es\/cienciasdeltrabajo\/files\/2020\/09\/JORNADA-DE-ACOGIDA-20-21.pdf\">Jornada de Acogida. Programa<\/a><\/p>\r\n<p><a href=\"https:\/\/centros.unileon.es\/cienciasdeltrabajo\/files\/2020\/09\/Primero-2.pdf\">Horarios y ex\u00e1menes 1\u00ba Grado 2020-2021<\/a><\/p>\r\n<p><a href=\"https:\/\/centros.unileon.es\/cienciasdeltrabajo\/files\/2020\/09\/Segundo-1.pdf\">Horarios y ex\u00e1menes 2\u00ba Grado 2020-2021<\/a><\/p>\r\n<p><a href=\"https:\/\/centros.unileon.es\/cienciasdeltrabajo\/files\/2020\/09\/Tercero-1.pdf\">Horarios y ex\u00e1menes 3\u00ba Grado 2020-2021<\/a><\/p>\r\n<p><a href=\"https:\/\/centros.unileon.es\/cienciasdeltrabajo\/files\/2021\/02\/Cuarto.pdf\">Horarios y ex\u00e1menes 4\u00ba Grado 2020-2021<\/a><\/p>\r\n<p>&nbsp;<\/p>\r\n<h2 style=\"text-align: justify;\">NORMATIVA SOBRE CONVOCATORIAS<\/h2>\r\n<p style=\"text-align: justify;\">De\u00a0conformidad al Reglamento de Evaluaci\u00f3n y Calificaci\u00f3n del Aprendizaje, aprobado por Acuerdo del consejo de Gobierno de 14-05-19:<\/p>\r\n<p style=\"text-align: justify;\">&#8211; En\u00a0cada asignatura se programar\u00e1n por cada curso dos convocatorias de pruebas de evaluaci\u00f3n, excepto en los Trabajos Fin de Grado (en adelante TFG) que se programar\u00e1n tres.<\/p>\r\n<p style=\"text-align: justify;\">&#8211;\u00a0A\u00a0las asignaturas\u00a0del primer semestre, le corresponder\u00e1n las convocatorias de enero y febrero, y a las del\u00a0segundo semestre o anuales, las de junio y julio.<\/p>\r\n<p style=\"text-align: justify;\">\u00a0A<span lang=\"ES-TRAD\">l TFG<\/span><span lang=\"ES-TRAD\">, las de febrero, julio y septiembre, y por defecto, se le asignar\u00e1n las convocatorias de julio y septiembre, siendo el estudiante el que podr\u00e1 optar por la de febrero.<\/span><\/p>\r\n<p style=\"text-align: justify;\">CONVOCATORIA EXTRAORDINARIA\u00a0 DE DICIEMBRE<\/p>\r\n<p style=\"text-align: justify;\">Podr\u00e1n concurrir \u00fanicamente los estudiantes que re\u00fanan los requisitos acad\u00e9micos y administrativos que a continuaci\u00f3n se indican.<\/p>\r\n<p style=\"text-align: justify;\">Requisitos acad\u00e9micos: se requerir\u00e1 que los estudiantes interesados tengan pendiente para la finalizaci\u00f3n de sus estudios un m\u00e1ximo de una asignatura y el Trabajo Fin de Grado.<\/p>\r\n<p style=\"text-align: justify;\">Requisitos administrativos: deber\u00e1n matricularse en el plazo de julio\/septiembre. Asimismo manifestar\u00e1n expresamente su deseo de participar en dicha convocatoria, solicit\u00e1ndolo en la Administraci\u00f3n de Centro en los plazos que establezcan (mes de noviembre).<\/p>\r\n<p style=\"text-align: justify;\">L<span lang=\"ES-TRAD\">os estudiantes que soliciten esta convocatoria, en caso de no presentarse o no superar una asignatura del primer semestre, tendr\u00e1n asignada la convocatoria de febrero, pudiendo optar por enero previa solicitud en la Administraci\u00f3n del Centro en los plazos establecidos (diciembre). Si es anual o del segundo semestre, por defecto tendr\u00e1 asignada la convocatoria de julio, pudiendo optar por junio, previa solicitud en la Administraci\u00f3n del Centro en los plazos establecidos (mayo).<\/span><\/p>\r\n<p style=\"text-align: justify;\"><span lang=\"ES-TRAD\">P<\/span><span lang=\"ES-TRAD\">ara el TFG, en caso de no presentarse o no superarlo, se mantendr\u00e1 como segunda convocatoria la de septiembre, siendo el estudiante el que podr\u00e1 optar por la de febrero o julio mediante el dep\u00f3sito del mismo en los plazos que se se\u00f1alen para dichas convocatorias.<\/span><\/p>\r\n<p>&nbsp;<\/p>\r\n<p>&nbsp;<\/p>\r\n<p><iframe loading=\"lazy\" style=\"border-width: 0;\" src=\"\/\/calendar.google.com\/calendar\/embed?title=1%C2%BA%20Grado%20en%20Relaciones%20Laborales%20y%20R.%20H.&amp;mode=WEEK&amp;height=500&amp;wkst=2&amp;bgcolor=%23FFFFFF&amp;src=9m25rs4qprqr3p19008plqcpec%40group.calendar.google.com&amp;color=%23333333&amp;src=e8ubvo92n9scp5miffo6j87c58%40group.calendar.google.com&amp;color=%23B1365F&amp;src=k18absg6aq5bfmab405a3fqgpc%40group.calendar.google.com&amp;color=%236B3304&amp;src=dtr32n6udbv2oiame6bth4ulk0%40group.calendar.google.com&amp;color=%23AB8B00&amp;src=v291f0vg9c81lp2br29ln1i6gg%40group.calendar.google.com&amp;color=%231B887A&amp;src=54cat4k9ta4htchgqkqvnvc3nk%40group.calendar.google.com&amp;color=%2323164E&amp;src=r4k30pvrnefcuud6c5di0im13s%40group.calendar.google.com&amp;color=%23853104&amp;src=h4hd3fpr2m1ar8nm2eqfn5amk8%40group.calendar.google.com&amp;color=%23AB8B00&amp;src=0mg52ulbkidqu163sm65jc9nm8%40group.calendar.google.com&amp;color=%2329527A&amp;src=4n275b4do8qgc2bltrbr7fljjk%40group.calendar.google.com&amp;color=%232F6309&amp;src=calendario.lectivo.ule%40gmail.com&amp;color=%23711616&amp;ctz=Europe%2FMadrid\" width=\"600\" height=\"500\" frameborder=\"0\" scrolling=\"no\"><\/iframe><\/p>\r\n<p><iframe loading=\"lazy\" style=\"border-width: 0;\" src=\"\/\/calendar.google.com\/calendar\/embed?title=2%C2%BA%20Grado%20en%20Relaciones%20Laborales%20y%20R.%20H.&amp;mode=WEEK&amp;height=500&amp;wkst=2&amp;bgcolor=%23FFFFFF&amp;src=l74ctd0dncu1vkc87qovtdu3n8%40group.calendar.google.com&amp;color=%235229A3&amp;src=54r10bj7npaspdbn71er6s5ku4%40group.calendar.google.com&amp;color=%23875509&amp;src=ave4q75tdv02793ajhi9ibtsic%40group.calendar.google.com&amp;color=%232952A3&amp;src=q7fukps86g3ohih9qruvlaesbk%40group.calendar.google.com&amp;color=%230F4B38&amp;src=3qvd4nokihtnv889k6cp7didvs%40group.calendar.google.com&amp;color=%23B1365F&amp;src=qt5r5r6fpcqcat1c4olo8qu068%40group.calendar.google.com&amp;color=%23182C57&amp;src=vs3s6ij4v780fvtersvaa5cqag%40group.calendar.google.com&amp;color=%23AB8B00&amp;src=31fbav54n6khg0bkej0tnuu7hs%40group.calendar.google.com&amp;color=%23865A5A&amp;src=cks6o81rb793hnrvtf5ehcb888%40group.calendar.google.com&amp;color=%235F6B02&amp;src=bd6ch5n9h2n9r12bj2jpve1ddk%40group.calendar.google.com&amp;color=%236B3304&amp;src=q59e8d435ol7amp8jegkh4fvsg%40group.calendar.google.com&amp;color=%230F4B38&amp;src=calendario.lectivo.ule%40gmail.com&amp;color=%23711616&amp;ctz=Europe%2FMadrid\" width=\"600\" height=\"500\" frameborder=\"0\" scrolling=\"no\"><\/iframe><\/p>\r\n<p><iframe loading=\"lazy\" style=\"border-width: 0;\" src=\"\/\/calendar.google.com\/calendar\/embed?title=3%C2%BA%20Grado%20en%20Relaciones%20Laborales%20y%20R.%20H.&amp;mode=WEEK&amp;height=500&amp;wkst=2&amp;bgcolor=%23FFFFFF&amp;src=7dc88naji016kj2pap2acm4mk0%40group.calendar.google.com&amp;color=%23333333&amp;src=l0t13m2j5fv998bs2q4i0n7ihg%40group.calendar.google.com&amp;color=%232F6309&amp;src=j562vvkkfkcljt3p9p9q5a6gd0%40group.calendar.google.com&amp;color=%236B3304&amp;src=rf4grskom5pn8jgtsjstjjll34%40group.calendar.google.com&amp;color=%231B887A&amp;src=8odsva1bo9qr0ijsmn3440derk%40group.calendar.google.com&amp;color=%2342104A&amp;src=e0eb5p5pil2ll4ul3hhion47ds%40group.calendar.google.com&amp;color=%23B1365F&amp;src=ip0t6p18bhmhr8a2o58ivmht14%40group.calendar.google.com&amp;color=%23853104&amp;src=brac6ole2cnv6sd28ovn5ev2o0%40group.calendar.google.com&amp;color=%23182C57&amp;src=2uaiac40pnc8caedhsgu3c7gpc%40group.calendar.google.com&amp;color=%230F4B38&amp;src=e26qenh5qm9euf1jgr73n4s910%40group.calendar.google.com&amp;color=%23711616&amp;src=8d080gsqkfbrk3tsk87jg8rj18%40group.calendar.google.com&amp;color=%23333333&amp;src=3e1uim2ortc1mmvuqgrn6jum0s%40group.calendar.google.com&amp;color=%23AB8B00&amp;src=rf8tg9mm9rlvl61pscgpgjutt0%40group.calendar.google.com&amp;color=%238C500B&amp;src=am8d4ioabi9rd8u2geem2a5cho%40group.calendar.google.com&amp;color=%231B887A&amp;src=ofufgds5dgn3khbab7qvu9ieog%40group.calendar.google.com&amp;color=%230F4B38&amp;src=n2tin5q1gspebg4r6qltgp245s%40group.calendar.google.com&amp;color=%238C500B&amp;src=p8qu4mpmlo59b57gm2p6dden78%40group.calendar.google.com&amp;color=%23182C57&amp;src=h9i0qei5k8f7d9hro4uc56lqps%40group.calendar.google.com&amp;color=%23865A5A&amp;src=qp8bj7s6ibmtpperil4nmnqvtg%40group.calendar.google.com&amp;color=%235F6B02&amp;src=calendario.lectivo.ule%40gmail.com&amp;color=%23711616&amp;ctz=Europe%2FMadrid\" width=\"600\" height=\"500\" frameborder=\"0\" scrolling=\"no\"><\/iframe><\/p>\r\n<p><iframe loading=\"lazy\" style=\"border-width: 0;\" src=\"\/\/calendar.google.com\/calendar\/embed?title=4%C2%BA%20Grado%20Relaciones%20Laborales%20y%20R.H.&amp;mode=WEEK&amp;height=600&amp;wkst=2&amp;bgcolor=%23FFFFFF&amp;src=46ioro5mth7l947e2ljsvri73k%40group.calendar.google.com&amp;color=%2323164E&amp;src=76pnlnqssadjiid53atd7ou0f8%40group.calendar.google.com&amp;color=%23B1440E&amp;src=513lj3kqmul9oodtlk3463n1q4%40group.calendar.google.com&amp;color=%23B1365F&amp;src=fla5k76e3iboj1vhnujtggsqdo%40group.calendar.google.com&amp;color=%2323164E&amp;src=ot5fihrtsu7745abrp3stsd6n8%40group.calendar.google.com&amp;color=%23865A5A&amp;src=9bula32e5vp3qdjib447nvub10%40group.calendar.google.com&amp;color=%23AB8B00&amp;src=vg0vu7d2eni35eqfnvh12ntfhc%40group.calendar.google.com&amp;color=%232952A3&amp;src=fcfbc3i27fh16k7k9k2mguna0g%40group.calendar.google.com&amp;color=%238C500B&amp;src=ptsj93irth5c0duao8gt6sqjqo%40group.calendar.google.com&amp;color=%238C500B&amp;src=htc3pc66833533o9sn88kamnik%40group.calendar.google.com&amp;color=%23691426&amp;src=vp40ukmknokmb9pe3susnfrlig%40group.calendar.google.com&amp;color=%23B1440E&amp;src=vv9996tmet1sdc3ihban1ndfq0%40group.calendar.google.com&amp;color=%230F4B38&amp;src=khgom3ppf3r4cvhfme0ag2ojuc%40group.calendar.google.com&amp;color=%232F6309&amp;src=b05n3gigd0qbd1a1ah92092g00%40group.calendar.google.com&amp;color=%23333333&amp;src=calendario.lectivo.ule%40gmail.com&amp;color=%232952A3&amp;src=es.spain%23holiday%40group.v.calendar.google.com&amp;color=%238C500B&amp;ctz=Europe%2FMadrid\" width=\"600\" height=\"600\" frameborder=\"0\" scrolling=\"no\"><\/iframe><\/p>","protected":false},"excerpt":{"rendered":"<p>CURSO 2025\/2026: Horarios y ex\u00e1menes 1\u00ba Grado 2025-2026 Jornada Acogida Grado Relaciones Laborales y Recursos Humanos. Curso 25-26: Se informa a los alumnos de primer curso del Grado en Relaciones Laborales y Recursos Humanos que el d\u00eda 8 de septiembre de 2025, tendr\u00e1 lugar una Jornada de Acogida a las 10:30 horas en el Aula [&hellip;]<\/p>\n","protected":false},"author":44,"featured_media":0,"parent":0,"menu_order":0,"comment_status":"closed","ping_status":"closed","template":"","meta":{"footnotes":""},"class_list":["post-277","page","type-page","status-publish","hentry"],"_links":{"self":[{"href":"https:\/\/centros.unileon.es\/cienciasdeltrabajo\/wp-json\/wp\/v2\/pages\/277","targetHints":{"allow":["GET"]}}],"collection":[{"href":"https:\/\/centros.unileon.es\/cienciasdeltrabajo\/wp-json\/wp\/v2\/pages"}],"about":[{"href":"https:\/\/centros.unileon.es\/cienciasdeltrabajo\/wp-json\/wp\/v2\/types\/page"}],"author":[{"embeddable":true,"href":"https:\/\/centros.unileon.es\/cienciasdeltrabajo\/wp-json\/wp\/v2\/users\/44"}],"replies":[{"embeddable":true,"href":"https:\/\/centros.unileon.es\/cienciasdeltrabajo\/wp-json\/wp\/v2\/comments?post=277"}],"version-history":[{"count":115,"href":"https:\/\/centros.unileon.es\/cienciasdeltrabajo\/wp-json\/wp\/v2\/pages\/277\/revisions"}],"predecessor-version":[{"id":3391,"href":"https:\/\/centros.unileon.es\/cienciasdeltrabajo\/wp-json\/wp\/v2\/pages\/277\/revisions\/3391"}],"wp:attachment":[{"href":"https:\/\/centros.unileon.es\/cienciasdeltrabajo\/wp-json\/wp\/v2\/media?parent=277"}],"curies":[{"name":"wp","href":"https:\/\/api.w.org\/{rel}","templated":true}]}}