{"id":2705,"date":"2022-10-06T10:01:27","date_gmt":"2022-10-06T10:01:27","guid":{"rendered":"https:\/\/centros.unileon.es\/cienciasdeltrabajo\/?page_id=2705"},"modified":"2025-12-09T09:18:07","modified_gmt":"2025-12-09T09:18:07","slug":"elecciones-a-junta-de-facultad-curso-2022-2023","status":"publish","type":"page","link":"https:\/\/centros.unileon.es\/cienciasdeltrabajo\/informacion-academica-general\/elecciones-a-junta-de-facultad-curso-2022-2023\/","title":{"rendered":"Elecciones a Junta de Facultad. Curso 2025-2026"},"content":{"rendered":"<h2><strong>Elecciones Junta de Centro 2025-2026<\/strong><\/h2>\r\n<p><a href=\"https:\/\/centros.unileon.es\/cienciasdeltrabajo\/files\/2025\/10\/1.-Convocatoria-de-elecciones-a-la-Junta-de-Facultad-de-Ciencias-del-Trabajo.-Curso-2025-2026-1.pdf\">1.- Convocatoria de elecciones a la Junta de Facultad de Ciencias del Trabajo. Curso 2025-2026<\/a><\/p>\r\n<p><a href=\"https:\/\/centros.unileon.es\/cienciasdeltrabajo\/files\/2025\/10\/2a.-Acta-Comision-Electoral-24-noviembre-2025.pdf\">2.- Acta de constituci\u00f3n de la Comisi\u00f3n Electoral<\/a><\/p>\r\n<p><a href=\"https:\/\/centros.unileon.es\/cienciasdeltrabajo\/files\/2025\/10\/2b.-Calendario-electoral-Junta-de-Facultad-CCTT-25-26.pdf\">3.- Calendario electoral<\/a><\/p>\r\n<h4><strong>4.- Censo provisional. Plazo de presentaci\u00f3n de reclamaciones al censo provisional: hasta el 14 de noviembre de 2025 a las 14:00 horas<\/strong><\/h4>\r\n<p><a href=\"https:\/\/centros.unileon.es\/cienciasdeltrabajo\/files\/2025\/10\/3_EstudiantesGradoRL.pdf\">Censo Provisional Alumnos \u2013 Grado en Relaciones Laborales y Recursos Humanos<\/a><\/p>\r\n<p><a href=\"https:\/\/centros.unileon.es\/cienciasdeltrabajo\/files\/2025\/10\/4_Estudiantes_MU_GestionPrevencionRiesgosLaborales.pdf\">Censo Provisional Alumnos \u2013 Master en Gesti\u00f3n de la Prevenci\u00f3n de Riesgos Laborales<\/a><\/p>\r\n<p><a href=\"https:\/\/centros.unileon.es\/cienciasdeltrabajo\/files\/2025\/10\/5_Estudiantes_MU_GestionPersonalPracticaLaboral.pdf\">Censo Provisional Alumnos \u2013 Master en Gesti\u00f3n de Personal y Practica Laboral<\/a><\/p>\r\n<p><a href=\"https:\/\/centros.unileon.es\/cienciasdeltrabajo\/files\/2025\/10\/6_Censo_PTGAS.pdf\">Censo Provisional PTGAS (PAS)<\/a><\/p>\r\n<p><a href=\"https:\/\/centros.unileon.es\/cienciasdeltrabajo\/files\/2025\/10\/1_MiembrosNatos_VinculacionPermanente.pdf\">Censo Provisional PDI Permanente<\/a><\/p>\r\n<p><a href=\"https:\/\/centros.unileon.es\/cienciasdeltrabajo\/files\/2025\/10\/2_MiembrosElectos_Vinculacion-no-Permanente.pdf\">Censo Provisional PDI NO Permanente<\/a><\/p>\r\n<p><a href=\"https:\/\/centros.unileon.es\/cienciasdeltrabajo\/files\/2025\/11\/Reclamaciones-y-censo-definitivo.pdf\">Resoluci\u00f3n de reclamaciones al censo provisional y publicaci\u00f3n de censos definitivos<\/a><\/p>\r\n<p><a href=\"https:\/\/centros.unileon.es\/cienciasdeltrabajo\/files\/2025\/11\/Modelo-de-solicitud-para-formar-parte-de-la-Junta-de-Facultad-de-CCTT-25-26.-Personal-docente-e-investigador-con-vinculacion-permanente.docx\">Modelo de solicitud del Personal Docente e Investigador con vinculaci\u00f3n permanente para formar parte de la Junta de Centro de la Facultad de Ciencias del Trabajo 2026. (Plazo: del 18 al 21 de noviembre de 2025 a las 14:00 horas)<\/a><\/p>\r\n<p><a href=\"https:\/\/centros.unileon.es\/cienciasdeltrabajo\/files\/2025\/11\/Determinacion-del-numero-de-representantes-a-elegir.pdf\">Determinaci\u00f3n del numero de representantes a elegir<\/a><\/p>\r\n<p><a href=\"https:\/\/centros.unileon.es\/cienciasdeltrabajo\/files\/2025\/11\/Modelo-candidatura-PDI-sin-vinculacion-permanente.doc\">Modelo de solicitud del Personal Docente e Investigador sin vinculaci\u00f3n permanente para formar parte de la Junta de Centro de la Facultad de Ciencias del Trabajo 2026. (Plazo: del 25 al 28 de noviembre de 2025 a las 14:00 horas)<\/a><\/p>\r\n<p><a href=\"https:\/\/centros.unileon.es\/cienciasdeltrabajo\/files\/2025\/11\/Modelo-candidatura-PTGAS.doc\">Modelo de solicitud del Personal T\u00e9cnico de Gesti\u00f3n y de Administraci\u00f3n y Servicios para formar parte de la Junta de Centro de la Facultad de Ciencias del Trabajo 2026. (Plazo: del 25 al 28 de noviembre de 2025 a las 14:00 horas)<\/a><\/p>\r\n<p><a href=\"https:\/\/centros.unileon.es\/cienciasdeltrabajo\/files\/2025\/12\/Proclamacion-definitiva-candidatos-PDI-no-permanente.pdf\">Proclamaci\u00f3n provisional de candidatos PDI No permanente<\/a><\/p>\r\n<p><a href=\"https:\/\/centros.unileon.es\/cienciasdeltrabajo\/files\/2025\/12\/Proclamacion-definitiva-candidatos-PTGAS.pdf\">Proclamaci\u00f3n provisional de candidatos PTGAS<\/a><\/p>\r\n<p><a href=\"https:\/\/centros.unileon.es\/cienciasdeltrabajo\/files\/2025\/12\/Proclamacion-definitiva-candidatos-PDI-no-permanente-1.pdf\">Proclamaci\u00f3n definitiva de candidatos PDI No permanente. De conformidad con el art. 24 del Reglamento Electoral de la Universidad de Le\u00f3n, no siendo el n\u00famero de candidaturas superior al de puestos a cubrir, no procede la celebraci\u00f3n de elecciones y quedan proclamados los candidatos como electos de forma directa.<\/a><\/p>\r\n<p><a href=\"https:\/\/centros.unileon.es\/cienciasdeltrabajo\/files\/2025\/12\/Proclamacion-definitiva-candidatos-PTGAS-1.pdf\">Proclamaci\u00f3n definitiva de candidatos PTGAS. De conformidad con el art. 24 del Reglamento Electoral de la Universidad de Le\u00f3n, no siendo el n\u00famero de candidaturas superior al de puestos a cubrir, no procede la celebraci\u00f3n de elecciones y quedan proclamados los candidatos como electos de forma directa.<\/a><\/p>\r\n<p>&nbsp;<\/p>\r\n<h2><strong>Elecciones Junta de Centro 2024-2025<\/strong><\/h2>\r\n<p><a href=\"https:\/\/centros.unileon.es\/cienciasdeltrabajo\/files\/2024\/11\/1.-Convocatoria-de-elecciones-a-la-Junta-de-Facultad-de-Ciencias-del-Trabajo.-Curso-2024-2025.pdf\">1.- Convocatoria de elecciones a la Junta de Facultad de Ciencias del Trabajo. Curso 2024-2025<\/a><\/p>\r\n<p><a href=\"https:\/\/centros.unileon.es\/cienciasdeltrabajo\/files\/2024\/11\/2a.-Acta-Comision-Electoral-5-noviembre-2024.pdf\">2.- Acta de constituci\u00f3n de la Comisi\u00f3n Electoral<\/a><\/p>\r\n<p><a href=\"https:\/\/centros.unileon.es\/cienciasdeltrabajo\/files\/2024\/11\/2b.-Calendario-electoral-Junta-de-Facultad-CCTT-24-25.pdf\">3.- Calendario electoral<\/a><\/p>\r\n<p><strong>4.- Censo provisional. Plazo de presentaci\u00f3n de reclamaciones al censo provisional: hasta el 29 de noviembre de 2024 a las 14:00 horas<\/strong><\/p>\r\n<p><a href=\"https:\/\/centros.unileon.es\/cienciasdeltrabajo\/files\/2024\/11\/3_Censo_GradoRRLL.pdf\">Censo Provisional Alumnos \u2013 Grado en Relaciones Laborales y Recursos Humanos<\/a><\/p>\r\n<p><a href=\"https:\/\/centros.unileon.es\/cienciasdeltrabajo\/files\/2024\/11\/4_Censo_M.U.G.PrevencionR.L.-1.pdf\">Censo Provisional Alumnos \u2013 Master en Gesti\u00f3n de la Prevenci\u00f3n de Riesgos Laborales<\/a><\/p>\r\n<p><a href=\"https:\/\/centros.unileon.es\/cienciasdeltrabajo\/files\/2024\/11\/5_Censo_M.U.G.PersonalP.L.pdf\">Censo Provisional Alumnos \u2013 Master en Gesti\u00f3n de Personal y Practica Laboral<\/a><\/p>\r\n<p><a href=\"https:\/\/centros.unileon.es\/cienciasdeltrabajo\/files\/2024\/11\/6_Censo_PTGAS.pdf\">Censo Provisional PTGAS (PAS)<\/a><\/p>\r\n<p><a href=\"https:\/\/centros.unileon.es\/cienciasdeltrabajo\/files\/2024\/11\/1_MiembrosNatos_VinculacionPermanente.pdf\">Censo Provisional PDI Permanente<\/a><\/p>\r\n<p><a href=\"https:\/\/centros.unileon.es\/cienciasdeltrabajo\/files\/2024\/11\/2_MiembrosElectos_Vinculacion-no-Permanente.pdf\">Censo Provisional PDI NO Permanente<\/a><\/p>\r\n<p><a href=\"https:\/\/centros.unileon.es\/cienciasdeltrabajo\/files\/2024\/12\/Reclamaciones-y-censo-definitivo.pdf\">Resoluci\u00f3n de reclamaciones al censo provisional y publicaci\u00f3n de censos definitivos<\/a><\/p>\r\n<p><a href=\"https:\/\/centros.unileon.es\/cienciasdeltrabajo\/files\/2024\/12\/Modelo-de-solicitud-para-formar-parte-de-la-Junta-de-Facultad-de-CCTT-24-25.-Personal-docente-e-investigador-con-vinculacion-permanente.docx\">Modelo de solicitud del Personal Docente e Investigador con vinculaci\u00f3n permanente para formar parte de la Junta de Centro de la Facultad de Ciencias del Trabajo 2025. (Plazo: del 3 al 12 de diciembre de 2024 a las 14:00 horas)<\/a><\/p>\r\n<p><a href=\"https:\/\/centros.unileon.es\/cienciasdeltrabajo\/files\/2024\/12\/Determinacion-del-numero-de-representantes-a-elegir.pdf\">Determinaci\u00f3n del numero de representantes a elegir<\/a><\/p>\r\n<p><a href=\"https:\/\/centros.unileon.es\/cienciasdeltrabajo\/files\/2025\/01\/Proclamacion-provisional-de-candidatos-PDI-No-permanente.pdf\">Proclamaci\u00f3n provisional de candidatos PDI No permanente<\/a><\/p>\r\n<p><a href=\"https:\/\/centros.unileon.es\/cienciasdeltrabajo\/files\/2025\/01\/Proclamacion-provisional-de-candidatos-PTGAS.pdf\">Proclamaci\u00f3n provisional de candidatos PTGAS<\/a><\/p>\r\n<p><a href=\"https:\/\/centros.unileon.es\/cienciasdeltrabajo\/files\/2025\/01\/Proclamacion-definitiva-de-candidatos-PDI-No-permanente.pdf\">Proclamaci\u00f3n definitiva de candidatos PDI No permanente. De conformidad con el art. 24 del Reglamento Electoral de la Universidad de Le\u00f3n, no siendo el n\u00famero de candidaturas superior al de puestos a cubrir, no procede la celebraci\u00f3n de elecciones y quedan proclamados los candidatos como electos de forma directa.<\/a><\/p>\r\n<p><a href=\"https:\/\/centros.unileon.es\/cienciasdeltrabajo\/files\/2025\/01\/Proclamacion-definitiva-de-candidatos-PTGAS-1.pdf\">Proclamaci\u00f3n definitiva de candidatos PTGAS. De conformidad con el art. 24 del Reglamento Electoral de la Universidad de Le\u00f3n, no siendo el n\u00famero de candidaturas superior al de puestos a cubrir, no procede la celebraci\u00f3n de elecciones y quedan proclamados los candidatos como electos de forma directa.<\/a><\/p>\r\n<p>&nbsp;<\/p>","protected":false},"excerpt":{"rendered":"<p>Elecciones Junta de Centro 2025-2026 1.- Convocatoria de elecciones a la Junta de Facultad de Ciencias del Trabajo. Curso 2025-2026 2.- Acta de constituci\u00f3n de la Comisi\u00f3n Electoral 3.- Calendario electoral 4.- Censo provisional. Plazo de presentaci\u00f3n de reclamaciones al censo provisional: hasta el 14 de noviembre de 2025 a las 14:00 horas Censo Provisional [&hellip;]<\/p>\n","protected":false},"author":106,"featured_media":0,"parent":265,"menu_order":0,"comment_status":"closed","ping_status":"closed","template":"","meta":{"footnotes":""},"class_list":["post-2705","page","type-page","status-publish","hentry"],"_links":{"self":[{"href":"https:\/\/centros.unileon.es\/cienciasdeltrabajo\/wp-json\/wp\/v2\/pages\/2705","targetHints":{"allow":["GET"]}}],"collection":[{"href":"https:\/\/centros.unileon.es\/cienciasdeltrabajo\/wp-json\/wp\/v2\/pages"}],"about":[{"href":"https:\/\/centros.unileon.es\/cienciasdeltrabajo\/wp-json\/wp\/v2\/types\/page"}],"author":[{"embeddable":true,"href":"https:\/\/centros.unileon.es\/cienciasdeltrabajo\/wp-json\/wp\/v2\/users\/106"}],"replies":[{"embeddable":true,"href":"https:\/\/centros.unileon.es\/cienciasdeltrabajo\/wp-json\/wp\/v2\/comments?post=2705"}],"version-history":[{"count":66,"href":"https:\/\/centros.unileon.es\/cienciasdeltrabajo\/wp-json\/wp\/v2\/pages\/2705\/revisions"}],"predecessor-version":[{"id":3361,"href":"https:\/\/centros.unileon.es\/cienciasdeltrabajo\/wp-json\/wp\/v2\/pages\/2705\/revisions\/3361"}],"up":[{"embeddable":true,"href":"https:\/\/centros.unileon.es\/cienciasdeltrabajo\/wp-json\/wp\/v2\/pages\/265"}],"wp:attachment":[{"href":"https:\/\/centros.unileon.es\/cienciasdeltrabajo\/wp-json\/wp\/v2\/media?parent=2705"}],"curies":[{"name":"wp","href":"https:\/\/api.w.org\/{rel}","templated":true}]}}