{"id":263,"date":"2013-07-22T09:23:00","date_gmt":"2013-07-22T09:23:00","guid":{"rendered":"http:\/\/centros.unileon.es\/cienciasdeltrabajo\/?page_id=263"},"modified":"2021-01-27T11:51:17","modified_gmt":"2021-01-27T11:51:17","slug":"novedades","status":"publish","type":"page","link":"https:\/\/centros.unileon.es\/cienciasdeltrabajo\/novedades\/","title":{"rendered":"Novedades"},"content":{"rendered":"<h2 style=\"text-align: justify;\"><\/h2>\r\n<h1 style=\"text-align: justify;\"><span style=\"text-decoration: underline;\"><strong>AVISO IMPORTANTE<\/strong><\/span><\/h1>\r\n<h1 style=\"text-align: justify;\"><span style=\"text-decoration: underline;\"><strong>MATR\u00cdCULA DE FEBRERO DE 2021<\/strong><\/span><\/h1>\r\n<div style=\"text-align: justify;\"><\/div>\r\n<h3 style=\"text-align: justify;\">Seg\u00fan las indicaciones de la Vicerrectora\u00a0 de Actividad Acad\u00e9mica, por estado de alarma sanitaria y no estando implementada\u00a0la matr\u00edcula ON\u00a0LINE\u00a0 para el\u00a0segundo semestre, \u00e9sta\u00a0se podr\u00e1 realizar v\u00eda\u00a0correo electr\u00f3nico, siendo obligatoriamente el Institucional (\u00a0@<a href=\"http:\/\/estudiantes.es\/\" target=\"_blank\" rel=\"noopener\" data-saferedirecturl=\"https:\/\/www.google.com\/url?q=http:\/\/estudiantes.es&amp;source=gmail&amp;ust=1611834446230000&amp;usg=AFQjCNHFf4XFp-mQeMod9OkF9HIKb37zPw\">estudiantes.es<\/a>) .<\/h3>\r\n<h3 style=\"text-align: justify;\">El plazo de matr\u00edcula ser\u00e1 desde el 28 de enero hasta el 4 de febrero (se ha prorrogado un d\u00eda, por el cierre del d\u00eda 29)<\/h3>\r\n<h3 style=\"text-align: justify;\"><\/h3>\r\n<h3 style=\"text-align: justify;\">Procedimiento:<\/h3>\r\n<h3 style=\"text-align: justify;\">&#8211; El estudiante deber\u00e1 remitir por correo electr\u00f3nico :\u00a0<a href=\"mailto:erladm@unileon.es\" target=\"_blank\" rel=\"noopener\">erladm@unileon.es<\/a>, el impreso de matr\u00edcula cumplimentado y firmado. adjuntando\u00a0 el justificante de haber abonado el precio de los cr\u00e9ditos.<\/h3>\r\n<h3 style=\"text-align: justify;\">-Una vez recibido el impreso y el justificante se proceder\u00e1 a grabar la matr\u00edcula<\/h3>\r\n<h3 style=\"text-align: justify;\">-El alumno la revisar\u00e1 a trav\u00e9s de la Secretar\u00eda Virtual.<\/h3>\r\n<h3 style=\"text-align: justify;\">En caso de solicitar reconocimiento de Cr\u00e9ditos\u00a0por cursos y actividades, deber\u00e1 en el plazo de 10 d\u00edas de la realizaci\u00f3n de la matr\u00edcula presentar una instancia y los certificados ( originales y copias),<\/h3>\r\n<h3 style=\"text-align: justify;\">Si los certificados que presenta est\u00e1n firmados electr\u00f3nicamente y con c\u00f3digo\u00a0de verificaci\u00f3n se podr\u00e1 hacer por este medio .<\/h3>\r\n<h3 style=\"text-align: justify;\">Se recuerda que en caso de no venir el interesado, se tendr\u00e1 que otorgar una autorizaci\u00f3n para la realizaci\u00f3n de los tr\u00e1mites.<\/h3>\r\n<h2 style=\"text-align: justify;\"><\/h2>\r\n<h3><strong>II CURSO EN MEDIACI\u00d3N LABORAL:<\/strong><\/h3>\r\n<h3><a href=\"http:\/\/www.unileon.es\/estudiantes\/estudiantes-titulos-propios\/oferta\/especialista-mediacion-laboral\">Enlace al Curso<\/a><\/h3>\r\n<h2 style=\"text-align: justify;\"><\/h2>\r\n<h2 style=\"text-align: justify;\"><span style=\"text-decoration: underline;\"><strong>PAUTAS DE ACTUACI\u00d3N EN CASO DE PLAGIO, COPIA\u00a0O FRAUDE\u00a0EN EX\u00c1MENES O PRUEBAS DE EVALUACI\u00d3N<\/strong><\/span><\/h2>\r\nEl 29 enero de 2015, la Comisi\u00f3n Permanente del Consejo de Gobierno\u00a0APROB\u00d3\u00a0las <a href=\"http:\/\/centros.unileon.es\/cienciasdeltrabajo\/files\/2013\/07\/pautas-de-actuaci\u00f3n-en-los-supuestos-de-plagio-copio-o-fraude-en-ex\u00e1menes-o-pruebas-de-evaluaci\u00f3n.pdf\">pautas de actuaci\u00f3n en los supuestos de plagio, copio o fraude en ex\u00e1menes o pruebas de evaluaci\u00f3n<\/a>.\r\n<h2 style=\"text-align: justify;\"><span style=\"text-decoration: underline;\"><strong>PR\u00c1CTICAS ACAD\u00c9MICAS EXTERNAS<\/strong><\/span><\/h2>\r\n<a href=\"http:\/\/centros.unileon.es\/cienciasdeltrabajo\/files\/2013\/07\/Real-Decreto-592-2014-de-11-de-julio-por-el-que-se-regulan-las-pr\u00e1cticas-acad\u00e9micas-externas-de-los-estudiantes-univ.pdf\">Real Decreto 592-2014, de 11 de julio, por el que se regulan las pr\u00e1cticas acad\u00e9micas externas de los estudiantes univ<\/a>ersitarios.\r\n<h2><span style=\"text-decoration: underline;\"><strong>RECONOCIMIENTO Y TRANFERENCIA DE CR\u00c9DITOS<\/strong><\/span><\/h2>\r\nEl 26 de enero de 2015, el Consejo de Gobierno de la Universidad de Le\u00f3n aprob\u00f3 la Normativa de\u00a0<a href=\"http:\/\/centros.unileon.es\/cienciasdeltrabajo\/files\/2013\/07\/Reconocimiento-y-Transferencia-de-creditos-para-los-estudios-de-Grado-y-Master.pdf\">Reconocimiento y Transferencia de creditos para los estudios de Grado y Master<\/a>, establecidos al amparo del RD 1393\/2007, de 29 de octubre.\r\n<h2><\/h2>\r\n<h2><\/h2>\r\n<h2><\/h2>\r\n<h2><strong><span style=\"text-decoration: underline;\">CORREO ELECTR\u00d3NICO<\/span>:<\/strong><\/h2>\r\n<ul>\r\n \t<li><a href=\"http:\/\/centros.unileon.es\/cienciasdeltrabajo\/files\/2010\/10\/Como-saber-que-cuenta-de-correo-le-ha-asignado-la-Universidad.pdf\">Como saber que cuenta de correo le ha asignado la Universidad<\/a><\/li>\r\n \t<li>Como r<a href=\"http:\/\/centros.unileon.es\/cienciasdeltrabajo\/files\/2010\/10\/Recuperar-o-cambiar-la-contrase\u00f1a-del-correo-electronico.pdf\">ecuperar o cambiar la contrase\u00f1a del correo electr\u00f3nico<\/a><\/li>\r\n<\/ul>\r\n<h2><span style=\"text-decoration: underline;\"><strong>NORMATIVA DE R\u00c9GIMEN ACAD\u00c9MICO Y PERMANENCIA EN LAS TITULACIONES DE GRADO Y MASTER<\/strong><\/span><\/h2>\r\n<p style=\"text-align: justify;\"><a href=\"http:\/\/centros.unileon.es\/cienciasdeltrabajo\/files\/2013\/07\/normativa-de-regimen-academico-y-permanencia-en-las-titulaciones-oficiales-de-Grado-y-Master.pdf\">normativa de regimen academico y permanencia en las titulaciones oficiales de Grado y Master<\/a>\u00a0de la Universidad de Le\u00f3n.<\/p>\r\n\r\n<ul>\r\n \t<li>Respecto a la continuidad de estudiantes de nuevo inicio, el Vicerrectorado de Ordenaci\u00f3n Acad\u00e9mica, en virtud de las competencias que le est\u00e1n atribuidas, ha resuelto lo siguiente:\r\n<ul>\r\n \t<li>Salvo en los casos de anulaci\u00f3n de la matr\u00edcula, para poder continuar estudios, los estudiantes de nuevo inicio a tiempo completo deber\u00e1n superar al menos 12 cr\u00e9ditos de primer curso. Si fueran estudiantes a tiempo parcial de nuevo inicio deber\u00e1n superar al menos 6 cr\u00e9ditos de primer curso, para poder continuar estudios. A estos efectos, los cr\u00e9ditos reconocidos\u00a0 computar\u00e1n como cr\u00e9ditos obtenidos o superados.<\/li>\r\n \t<li>Con car\u00e1cter excepcional y siempre que hubiera plazas vacantes en la titulaci\u00f3n correspondiente, en los casos de estudiantes que acrediten la existencia de circunstancias especiales que han impedido seguir los estudios con la dedicaci\u00f3n y aprovechamiento suficientes, podr\u00e1n solicitar al Rector la concesi\u00f3n de la continuidad de sus estudios pese a no haber superado el m\u00ednimo de 12 cr\u00e9ditos (matr\u00edcula a tiempo completo) o 6 cr\u00e9ditos (matr\u00edcula parcial). Si el Rector concediera dicha posibilidad, el estudiante deber\u00e1 formalizar la matr\u00edcula (en segunda vez) en el curso acad\u00e9mico<\/li>\r\n<\/ul>\r\n<\/li>\r\n<\/ul>\r\n<h2><\/h2>\r\n<h3 style=\"text-align: justify;\"><\/h3>\r\n<h2><\/h2>","protected":false},"excerpt":{"rendered":"<p>AVISO IMPORTANTE MATR\u00cdCULA DE FEBRERO DE 2021 Seg\u00fan las indicaciones de la Vicerrectora\u00a0 de Actividad Acad\u00e9mica, por estado de alarma sanitaria y no estando implementada\u00a0la matr\u00edcula ON\u00a0LINE\u00a0 para el\u00a0segundo semestre, \u00e9sta\u00a0se podr\u00e1 realizar v\u00eda\u00a0correo electr\u00f3nico, siendo obligatoriamente el Institucional (\u00a0@estudiantes.es) . El plazo de matr\u00edcula ser\u00e1 desde el 28 de enero hasta el 4 de [&hellip;]<\/p>\n","protected":false},"author":44,"featured_media":0,"parent":0,"menu_order":0,"comment_status":"closed","ping_status":"closed","template":"","meta":{"footnotes":""},"class_list":["post-263","page","type-page","status-publish","hentry"],"_links":{"self":[{"href":"https:\/\/centros.unileon.es\/cienciasdeltrabajo\/wp-json\/wp\/v2\/pages\/263","targetHints":{"allow":["GET"]}}],"collection":[{"href":"https:\/\/centros.unileon.es\/cienciasdeltrabajo\/wp-json\/wp\/v2\/pages"}],"about":[{"href":"https:\/\/centros.unileon.es\/cienciasdeltrabajo\/wp-json\/wp\/v2\/types\/page"}],"author":[{"embeddable":true,"href":"https:\/\/centros.unileon.es\/cienciasdeltrabajo\/wp-json\/wp\/v2\/users\/44"}],"replies":[{"embeddable":true,"href":"https:\/\/centros.unileon.es\/cienciasdeltrabajo\/wp-json\/wp\/v2\/comments?post=263"}],"version-history":[{"count":54,"href":"https:\/\/centros.unileon.es\/cienciasdeltrabajo\/wp-json\/wp\/v2\/pages\/263\/revisions"}],"predecessor-version":[{"id":2322,"href":"https:\/\/centros.unileon.es\/cienciasdeltrabajo\/wp-json\/wp\/v2\/pages\/263\/revisions\/2322"}],"wp:attachment":[{"href":"https:\/\/centros.unileon.es\/cienciasdeltrabajo\/wp-json\/wp\/v2\/media?parent=263"}],"curies":[{"name":"wp","href":"https:\/\/api.w.org\/{rel}","templated":true}]}}