{"id":1388,"date":"2017-02-07T11:22:33","date_gmt":"2017-02-07T11:22:33","guid":{"rendered":"http:\/\/centros.unileon.es\/cienciasdeltrabajo\/?page_id=1388"},"modified":"2025-11-04T12:07:36","modified_gmt":"2025-11-04T12:07:36","slug":"salidas-profesionales-2","status":"publish","type":"page","link":"https:\/\/centros.unileon.es\/cienciasdeltrabajo\/salidas-profesionales-2\/","title":{"rendered":"Salidas Profesionales"},"content":{"rendered":"<p>&nbsp;<\/p>\r\n<h2><a href=\"https:\/\/www.eleconomista.es\/ecoaula\/noticias\/11232262\/05\/21\/Las-carreras-con-mas-salidas-laborales-y-las-que-menos-de-ADE-e-Informatica-a-Periodismo-o-Humanidades.html\">Las carreras con m\u00e1s salidas laborales (5\u00ba puesto: Relaciones Laborales y Recursos Humanos)<\/a><\/h2>\r\n<p>&nbsp;<\/p>\r\n<p><strong>SALIDAS PROFESIONALES<\/strong><\/p>\r\n<p><strong>TITULACIONES DE LA FACULTAD DE CIENCIAS DEL TRABAJO<\/strong><\/p>\r\n<p><strong>UNIVERSIDAD DE LE\u00d3N<\/strong><\/p>\r\n<p>&nbsp;<\/p>\r\n<p><strong><u>1.- GRADO EN RELACIONES LABORALES Y RECURSOS HUMANOS<\/u><\/strong><\/p>\r\n<p>&nbsp;<\/p>\r\n<p>&#8212; Ejercicio libre como Graduado Social, profesi\u00f3n jur\u00eddica regulada.<\/p>\r\n<p>&#8212; Asesor\u00eda jur\u00eddico-laboral en la empresa privada, sindicatos o asociaciones empresariales.<\/p>\r\n<p>&#8212; Gesti\u00f3n de n\u00f3minas, seguros sociales, impuestos y contabilidad.<\/p>\r\n<p>&#8212; Actuaci\u00f3n como representante y asistente t\u00e9cnico en procedimientos administrativos y judiciales del orden laboral.<\/p>\r\n<p>&#8212; Auditor\u00eda sociolaboral.<\/p>\r\n<p>&#8212; Gesti\u00f3n y direcci\u00f3n de recursos humanos.<\/p>\r\n<p>&#8212; Mediaci\u00f3n, conciliaci\u00f3n y arbitraje laboral.<\/p>\r\n<p>&#8212; Negociaci\u00f3n colectiva.<\/p>\r\n<p>&#8212; Desarrollo de pol\u00edticas sociolaborales, agentes de empleo y desarrollo local.<\/p>\r\n<p>&#8212; Acceso a la administraci\u00f3n p\u00fablica: T\u00e9cnico de la Seguridad Social, Inspector de Trabajo, Subinspector de Empleo y Seguridad Social, T\u00e9cnico de la Administraci\u00f3n (estatal, auton\u00f3mica o local), etc.<\/p>\r\n<p>&#8212; Acceso a la formaci\u00f3n y ense\u00f1anza en materia jur\u00eddico-laboral, privada o p\u00fablica (Educaci\u00f3n Secundaria: Formaci\u00f3n y Orientaci\u00f3n Laboral o Empresa e Iniciativa Emprendedora).<\/p>\r\n<p>&nbsp;<\/p>\r\n<p><strong><u>2.- M\u00c1STER EN GESTI\u00d3N DE PREVENCI\u00d3N DE RIESGOS LABORALES<\/u><\/strong><\/p>\r\n<p>&nbsp;<\/p>\r\n<p>&#8212; Habilitaci\u00f3n como T\u00e9cnico Superior en Prevenci\u00f3n de Riesgos Laborales en las especialidades y disciplinas preventivas de Seguridad en el Trabajo, Higiene Industrial y Ergonom\u00eda y Psicosociolog\u00eda Aplicada.<\/p>\r\n<p>&#8212; Servicios de Prevenci\u00f3n propios, ajenos o mancomunados.<\/p>\r\n<p>&#8212; T\u00e9cnico de Prevenci\u00f3n en administraciones p\u00fablicas.<\/p>\r\n<p>&#8212; Auditor\u00eda de sistemas de gesti\u00f3n de prevenci\u00f3n de riesgos laborales.<\/p>\r\n<p>&#8212; Asesor\u00eda y consultor\u00eda en prevenci\u00f3n de riesgos laborales.<\/p>\r\n<p>&#8212; Acceso a estudios de doctorado y a otros t\u00edtulos de posgrado de especializaci\u00f3n en prevenci\u00f3n de riesgos laborales.<\/p>\r\n<p>&#8212; Formaci\u00f3n y ense\u00f1anza en materia de prevenci\u00f3n de riesgos laborales.<\/p>\r\n<p><strong>\u00a0<\/strong><\/p>\r\n<p><strong>\u00a0<\/strong><\/p>\r\n<p><strong><u>3.- M\u00c1STER EN GESTI\u00d3N DE PERSONAL Y PR\u00c1CTICA LABORAL<\/u><\/strong><\/p>\r\n<p>&nbsp;<\/p>\r\n<p>&#8212; Asesor\u00eda jur\u00eddico-laboral en la empresa privada, sindicatos o asociaciones empresariales.<\/p>\r\n<p>&#8212; Gesti\u00f3n de n\u00f3minas, seguros sociales, impuestos y contabilidad.<\/p>\r\n<p>&#8212; Intermediaci\u00f3n en el mercado de trabajo: servicios de b\u00fasqueda de empleo, agencias de colocaci\u00f3n, empresas de trabajo temporal, etc.<\/p>\r\n<p>&#8212; T\u00e9cnico especialista y responsable de la gesti\u00f3n de recursos humanos en la empresa: selecci\u00f3n, contrataci\u00f3n, formaci\u00f3n, coaching, regulaci\u00f3n de empleo, responsabilidad social corporativa, negociaci\u00f3n colectiva, conflict manager, etc.<\/p>\r\n<p>&#8212; Auditor\u00eda de recursos humanos.<\/p>\r\n<p>&#8212; Asesor\u00eda y consultor\u00eda en materia de recursos humanos.<\/p>\r\n<p>&#8212; Acceso a estudios de doctorado y a otros t\u00edtulos de posgrado de especializaci\u00f3n en recursos humanos.<\/p>\r\n<p>&#8212; Formaci\u00f3n y ense\u00f1anza en materia de prevenci\u00f3n de recursos humanos.<\/p>","protected":false},"excerpt":{"rendered":"<p>&nbsp; Las carreras con m\u00e1s salidas laborales (5\u00ba puesto: Relaciones Laborales y Recursos Humanos) &nbsp; SALIDAS PROFESIONALES TITULACIONES DE LA FACULTAD DE CIENCIAS DEL TRABAJO UNIVERSIDAD DE LE\u00d3N &nbsp; 1.- GRADO EN RELACIONES LABORALES Y RECURSOS HUMANOS &nbsp; &#8212; Ejercicio libre como Graduado Social, profesi\u00f3n jur\u00eddica regulada. &#8212; Asesor\u00eda jur\u00eddico-laboral en la empresa privada, sindicatos [&hellip;]<\/p>\n","protected":false},"author":106,"featured_media":0,"parent":0,"menu_order":0,"comment_status":"closed","ping_status":"closed","template":"","meta":{"footnotes":""},"class_list":["post-1388","page","type-page","status-publish","hentry"],"_links":{"self":[{"href":"https:\/\/centros.unileon.es\/cienciasdeltrabajo\/wp-json\/wp\/v2\/pages\/1388","targetHints":{"allow":["GET"]}}],"collection":[{"href":"https:\/\/centros.unileon.es\/cienciasdeltrabajo\/wp-json\/wp\/v2\/pages"}],"about":[{"href":"https:\/\/centros.unileon.es\/cienciasdeltrabajo\/wp-json\/wp\/v2\/types\/page"}],"author":[{"embeddable":true,"href":"https:\/\/centros.unileon.es\/cienciasdeltrabajo\/wp-json\/wp\/v2\/users\/106"}],"replies":[{"embeddable":true,"href":"https:\/\/centros.unileon.es\/cienciasdeltrabajo\/wp-json\/wp\/v2\/comments?post=1388"}],"version-history":[{"count":6,"href":"https:\/\/centros.unileon.es\/cienciasdeltrabajo\/wp-json\/wp\/v2\/pages\/1388\/revisions"}],"predecessor-version":[{"id":3311,"href":"https:\/\/centros.unileon.es\/cienciasdeltrabajo\/wp-json\/wp\/v2\/pages\/1388\/revisions\/3311"}],"wp:attachment":[{"href":"https:\/\/centros.unileon.es\/cienciasdeltrabajo\/wp-json\/wp\/v2\/media?parent=1388"}],"curies":[{"name":"wp","href":"https:\/\/api.w.org\/{rel}","templated":true}]}}