{"id":9753,"date":"2020-02-12T17:05:51","date_gmt":"2020-02-12T17:05:51","guid":{"rendered":"https:\/\/centros.unileon.es\/biologia\/?page_id=9753"},"modified":"2025-12-19T09:43:32","modified_gmt":"2025-12-19T09:43:32","slug":"informacion-academica-grado-en-ciencias-ambientales-2019-2020","status":"publish","type":"page","link":"https:\/\/centros.unileon.es\/biologia\/informacion-academica-grado-en-ciencias-ambientales-2019-2020\/","title":{"rendered":"Informaci\u00f3n Acad\u00e9mica"},"content":{"rendered":"<div><img loading=\"lazy\" decoding=\"async\" class=\"\" src=\"http:\/\/centros.unileon.es\/biologia\/files\/2010\/10\/gamb.jpg\" alt=\"\" width=\"617\" height=\"151\" \/><\/div>\r\n<p style=\"text-align: justify;\">La preocupaci\u00f3n por las cuestiones ambientales ha motivado la creaci\u00f3n del Grado en Ciencias Ambientales, tanto desde la perspectiva de las Ciencias Experimentales como de la Ingenier\u00eda. El objetivo es formar profesionales con una visi\u00f3n multidisciplinar y global de la problem\u00e1tica ambiental, pero con una orientaci\u00f3n espec\u00edfica, hacia la conservaci\u00f3n y gesti\u00f3n del medio y los recursos naturales, la planificaci\u00f3n territorial, la gesti\u00f3n y calidad ambiental en las empresas y administraciones, la calidad ambiental en relaci\u00f3n con la salud as\u00ed como la comunicaci\u00f3n y educaci\u00f3n ambiental, bajo la perspectiva de la sostenibilidad.<\/p>\r\n<h3 style=\"text-align: left;\" align=\"center\"><a href=\"https:\/\/seguimiento.calidad.unileon.es\/descargaPublico.php?localizacion=uploads\/ACSUCYL_RA_2014_ULE_GradodeCienciasAmbientales_Inf_Final-407-2-5-2016-04-20-13-18-48.pdf\"><span style=\"color: #800000;\"><strong>Informe Final de Acreditaci\u00f3n (20\/04\/2016)<\/strong><\/span><\/a><\/h3>\r\n<h3 style=\"text-align: left;\" align=\"center\"><a href=\"https:\/\/seguimiento.calidad.unileon.es\/descargaPublico.php?localizacion=uploads\/MEMORIA_definitiva_2014-214-2-5-2014-07-01-12-09-50.pd\"><span style=\"color: #800000;\"><strong>Modificaci\u00f3n Memoria de Verificaci\u00f3n del Grado en Ciencias Ambientales\u00a0 (20\/05\/2015)<\/strong><\/span><\/a><\/h3>\r\n<h3 style=\"text-align: left;\" align=\"center\"><a href=\"https:\/\/seguimiento.calidad.unileon.es\/descargaPublico.php?localizacion=uploads\/MEMORIA-143-2-5-2010-12-16-11-39-07.pdf\"><span style=\"color: #800000;\"><strong>Memoria de Verificaci\u00f3n del Grado en Ciencias Ambientales (20\/01\/2011)<\/strong><\/span><\/a><\/h3>\r\n<h2>\u00a0<\/h2>\r\n<h2 style=\"text-align: center;\"><span style=\"color: #003366;\"><strong>INFORMACI\u00d3N ACAD\u00c9MICA CURSO 2025\/2026<\/strong><\/span><\/h2>\r\n<h2>Calendario escolar<\/h2>\r\n<ul>\r\n\t<li>\r\n<h4 style=\"text-align: justify;\"><strong><a href=\"https:\/\/centros.unileon.es\/biologia\/files\/2025\/07\/calendario_escolar_grados_master_ULE_2025_2026.pdf\">CALENDARIO 2025-26<\/a><a id=\"a8d28c7f-fcef-4726-8ea2-c25fb2fedc15\" title=\"View this pdf file\" href=\"https:\/\/docs.google.com\/viewer?url=https%3A%2F%2Fcentros.unileon.es%2Fbiologia%2Ffiles%2F2023%2F09%2Fcalendario_escolar_grados2023_2024_sep.pdf&amp;embedded=true&amp;chrome=false&amp;dov=1\"><img decoding=\"async\" style=\"margin-left: 3px; width: 16px; height: 16px;\" src=\"chrome-extension:\/\/gmpljdlgcdkljlppaekciacdmdlhfeon\/images\/beside-link-icon.svg\" \/><\/a><\/strong><\/h4>\r\n<\/li>\r\n<\/ul>\r\n<h2>Aulas disponibles para la docencia<\/h2>\r\n<ul>\r\n\t<li class=\"first-child\"><a href=\"https:\/\/centros.unileon.es\/biologia\/files\/2025\/11\/Aulas_25-26.pdf\">Aulas_2025-26<\/a><\/li>\r\n\t<li class=\"last-child\"><a href=\"http:\/\/severoochoa1.unileon.es\/aulas\/\"><strong>Acceso al gestor de aulas de la Facultad<\/strong><\/a><\/li>\r\n<\/ul>\r\n<h2>Agendas de Actividades<\/h2>\r\n<ul>\r\n\t<li class=\"first-child last-child\">\r\n<h4><a href=\"https:\/\/centros.unileon.es\/biologia\/files\/2025\/07\/Jornada-de-acogida-y-presentacion-2025_2026.pdf\"><strong>Jornadas de acogida y presentaci\u00f3n de Primer Curso de los tres Grados 2025-26<\/strong><\/a><\/h4>\r\n<\/li>\r\n<\/ul>\r\n<ul>\r\n\t<li class=\"first-child last-child\"><a href=\"https:\/\/centros.unileon.es\/biologia\/agendas-ciencias-ambientales-1er-semestre\/\"><strong>Agendas aprobadas en la Junta de Facultad.\u00a0<\/strong><\/a><\/li>\r\n<\/ul>\r\n<h2>Calendario de evaluaci\u00f3n<\/h2>\r\n<ul>\r\n\t<li><a href=\"https:\/\/centros.unileon.es\/biologia\/files\/2025\/12\/IMPRESO-2_2a-conv-25-26_modif-BasesIngBiotec_dic25.pdf\">Cuadro-horario de ex\u00e1menes de la Segunda Convocatoria Ordinaria. Curso 2025-2026<\/a><\/li>\r\n<\/ul>\r\n<h2>Organizaci\u00f3n docente<\/h2>\r\n<ul>\r\n\t<li><strong>Coordinador del Grado en Ciencias Ambientales:<\/strong> D. Fernando Jos\u00e9 Pereira Garc\u00eda<\/li>\r\n<\/ul>\r\n<ul>\r\n\t<li><a href=\"https:\/\/centros.unileon.es\/biologia\/files\/2025\/12\/Comision-de-coord-CCAA-2025-2026.pdf\">Comisi\u00f3n de Coordinaci\u00f3n y Tribunal de Compensaci\u00f3n del Grado en Ciencias Ambientales 2025-2026<\/a><\/li>\r\n<\/ul>\r\n<ul>\r\n\t<li><a href=\"https:\/\/centros.unileon.es\/biologia\/files\/2025\/12\/Coordinadores-de-Grado-y-curso-2025-2026_noviem25.pdf\">Coordinadores de Grado y curso 2025-2026<\/a><\/li>\r\n<\/ul>\r\n<ul>\r\n\t<li><a href=\"https:\/\/centros.unileon.es\/biologia\/files\/2025\/10\/DELEGADOS-GRADO-EN-CCAA-25-26.pdf\">Representantes de estudiantes Grado en Ciencias Ambientales 2025-2026<\/a><\/li>\r\n<\/ul>\r\n<div align=\"center\">\u00a0<\/div>","protected":false},"excerpt":{"rendered":"<p>La preocupaci\u00f3n por las cuestiones ambientales ha motivado la creaci\u00f3n del Grado en Ciencias Ambientales, tanto desde la perspectiva de las Ciencias Experimentales como de la Ingenier\u00eda. El objetivo es formar profesionales con una visi\u00f3n multidisciplinar y global de la problem\u00e1tica ambiental, pero con una orientaci\u00f3n espec\u00edfica, hacia la conservaci\u00f3n y gesti\u00f3n del medio y [&hellip;]<\/p>\n","protected":false},"author":3,"featured_media":0,"parent":0,"menu_order":0,"comment_status":"closed","ping_status":"closed","template":"","meta":{"footnotes":""},"class_list":["post-9753","page","type-page","status-publish","hentry"],"_links":{"self":[{"href":"https:\/\/centros.unileon.es\/biologia\/wp-json\/wp\/v2\/pages\/9753","targetHints":{"allow":["GET"]}}],"collection":[{"href":"https:\/\/centros.unileon.es\/biologia\/wp-json\/wp\/v2\/pages"}],"about":[{"href":"https:\/\/centros.unileon.es\/biologia\/wp-json\/wp\/v2\/types\/page"}],"author":[{"embeddable":true,"href":"https:\/\/centros.unileon.es\/biologia\/wp-json\/wp\/v2\/users\/3"}],"replies":[{"embeddable":true,"href":"https:\/\/centros.unileon.es\/biologia\/wp-json\/wp\/v2\/comments?post=9753"}],"version-history":[{"count":102,"href":"https:\/\/centros.unileon.es\/biologia\/wp-json\/wp\/v2\/pages\/9753\/revisions"}],"predecessor-version":[{"id":13459,"href":"https:\/\/centros.unileon.es\/biologia\/wp-json\/wp\/v2\/pages\/9753\/revisions\/13459"}],"wp:attachment":[{"href":"https:\/\/centros.unileon.es\/biologia\/wp-json\/wp\/v2\/media?parent=9753"}],"curies":[{"name":"wp","href":"https:\/\/api.w.org\/{rel}","templated":true}]}}