{"id":9746,"date":"2020-02-12T16:54:29","date_gmt":"2020-02-12T16:54:29","guid":{"rendered":"https:\/\/centros.unileon.es\/biologia\/?page_id=9746"},"modified":"2025-12-19T09:44:06","modified_gmt":"2025-12-19T09:44:06","slug":"informacion-academica-grado-en-biotecnologia-curso-2019-2020","status":"publish","type":"page","link":"https:\/\/centros.unileon.es\/biologia\/informacion-academica-grado-en-biotecnologia-curso-2019-2020\/","title":{"rendered":"Informaci\u00f3n Acad\u00e9mica"},"content":{"rendered":"<div align=\"center\">\u00a0<\/div>\r\n<div align=\"center\">\r\n<p><img decoding=\"async\" src=\"http:\/\/centros.unileon.es\/biologia\/files\/2010\/10\/gbiot.jpg\" alt=\"\" \/><\/p>\r\n<p style=\"text-align: justify;\">El t\u00edtulo de Grado en Biotecnolog\u00eda por la Universidad de Le\u00f3n se imparte desde el curso acad\u00e9mico 2009-10, reemplazando a la Licenciatura en Biotecnolog\u00eda, titulaci\u00f3n que se curs\u00f3 en la Facultad de Ciencias Biol\u00f3gicas y Ambientales desde 2004-05, siendo por tanto uno de los Centros espa\u00f1oles pionero en la oferta de dicho t\u00edtulo, cuyas directrices generales de sus planes de estudios se establecieron en el Real Decreto 1285\/2002 de 5 de diciembre.<\/p>\r\n<p style=\"text-align: justify;\">La implantaci\u00f3n del t\u00edtulo en Biotecnolog\u00eda signific\u00f3 el reconocimiento por parte de la comunidad acad\u00e9mica, docente e investigadora, y en general por la sociedad, de la importancia que representan los avances obtenidos en el campo de las Ciencias Experimentales en Biolog\u00eda, Bioqu\u00edmica, Biolog\u00eda Molecular e Ingenier\u00eda y sus aplicaciones biotecnol\u00f3gicas.<\/p>\r\n<\/div>\r\n<div align=\"center\">\r\n<div align=\"center\">\r\n<h3 style=\"text-align: left;\" align=\"center\"><a href=\"https:\/\/seguimiento.calidad.unileon.es\/descargaPublico.php?localizacion=uploads\/ACSUCYL_RA_2014_ULE_GradoBiotecnologia_Inf_Final-407-2-6-2016-04-20-13-17-54.pdf\"><span style=\"color: #800000;\"><strong>Informe Final de Acreditaci\u00f3n (20\/04\/2016)<\/strong><\/span><\/a><\/h3>\r\n<h3 style=\"text-align: left;\" align=\"center\"><a href=\"https:\/\/seguimiento.calidad.unileon.es\/descargaPublico.php?localizacion=uploads\/Impresion-214-2-6-2013-10-25-14-12-51.pdf\"><span style=\"color: #800000;\"><strong>Modificaci\u00f3n Memoria de Verificaci\u00f3n del Grado en Biotecnolog\u00eda (25\/10\/2013)<\/strong><\/span><\/a><\/h3>\r\n<h3 style=\"text-align: left;\" align=\"center\"><a href=\"https:\/\/seguimiento.calidad.unileon.es\/descargaPublico.php?localizacion=uploads\/MEMORIA-143-2-6-2010-12-17-13-42-50.pdf\"><span style=\"color: #800000;\"><strong>Memoria de Verificaci\u00f3n del Grado en Biotecnolog\u00eda (23\/02\/2011)<\/strong><\/span><\/a><\/h3>\r\n<div align=\"center\">\u00a0<\/div>\r\n<\/div>\r\n<div align=\"center\">\u00a0<\/div>\r\n<h2 style=\"text-align: center;\"><span style=\"color: #003366;\"><strong>INFORMACI\u00d3N ACAD\u00c9MICA CURSO 2025\/2026<\/strong><\/span><\/h2>\r\n<\/div>\r\n<h2>Calendario escolar<\/h2>\r\n<ul>\r\n\t<li>\r\n<h4 style=\"text-align: justify;\"><a href=\"https:\/\/centros.unileon.es\/biologia\/files\/2025\/07\/calendario_escolar_grados_master_ULE_2025_2026.pdf\">CALENDARIO 2025-26<\/a><a id=\"92ba7e1d-4f32-41cc-adfc-1ee7bac9ad46\" title=\"View this pdf file\" href=\"https:\/\/docs.google.com\/viewer?url=https%3A%2F%2Fcentros.unileon.es%2Fbiologia%2Ffiles%2F2023%2F09%2Fcalendario_escolar_grados2023_2024_DEF-2.pdf&amp;embedded=true&amp;chrome=false&amp;dov=1\"><img decoding=\"async\" style=\"margin-left: 3px; width: 16px; height: 16px;\" src=\"chrome-extension:\/\/gmpljdlgcdkljlppaekciacdmdlhfeon\/images\/beside-link-icon.svg\" \/><\/a><\/h4>\r\n<\/li>\r\n<\/ul>\r\n<h2>Aulas disponibles para la docencia<\/h2>\r\n<ul>\r\n\t<li><a href=\"https:\/\/centros.unileon.es\/biologia\/files\/2025\/11\/Aulas_25-26.pdf\"><strong>Aulas docencia 2025-26<img decoding=\"async\" style=\"margin-left: 3px; width: 16px; height: 16px;\" src=\"chrome-extension:\/\/gmpljdlgcdkljlppaekciacdmdlhfeon\/images\/beside-link-icon.svg\" \/><\/strong><\/a><\/li>\r\n\t<li><a href=\"http:\/\/severoochoa1.unileon.es\/aulas\/\"><span style=\"color: #800000;\"><strong>Acceso al gestor de aulas de la Facultad<\/strong><\/span><\/a><\/li>\r\n<\/ul>\r\n<h2>Agendas de Actividades<\/h2>\r\n<ul>\r\n\t<li>\r\n<h4><strong><a href=\"https:\/\/centros.unileon.es\/biologia\/files\/2025\/07\/Jornada-de-acogida-y-presentacion-2025_2026.pdf\">Jornadas de acogida y presentaci\u00f3n de Primer Curso de los tres Grados 2025-26<\/a><a id=\"4ca5d28a-86c5-4f37-b31a-a99bd9163899\" title=\"View this pdf file\" href=\"https:\/\/docs.google.com\/viewer?url=https%3A%2F%2Fcentros.unileon.es%2Fbiologia%2Ffiles%2F2023%2F09%2FJornada-de-acogida-y-presentacion-2023-24_R-1.pdf&amp;embedded=true&amp;chrome=false&amp;dov=1\"><img decoding=\"async\" style=\"margin-left: 3px; width: 16px; height: 16px;\" src=\"chrome-extension:\/\/gmpljdlgcdkljlppaekciacdmdlhfeon\/images\/beside-link-icon.svg\" \/><\/a><\/strong><\/h4>\r\n<\/li>\r\n<\/ul>\r\n<ul>\r\n\t<li><a href=\"https:\/\/centros.unileon.es\/biologia\/agendas-biotecnologia-1er-semestre\/\"><span style=\"color: #800000;\"><strong>Agendas aprobadas en la Junta de Facultad<\/strong><\/span><\/a><\/li>\r\n<\/ul>\r\n<h2>Calendario de evaluaci\u00f3n<\/h2>\r\n<ul>\r\n\t<li><a href=\"https:\/\/centros.unileon.es\/biologia\/files\/2025\/12\/IMPRESO-2_2a-conv-25-26_modif-BasesIngBiotec_dic25.pdf\">Cuadro-horario de ex\u00e1menes de la Segunda Convocatoria Ordinaria. Curso 2025-2026<\/a><\/li>\r\n<\/ul>\r\n<h2>Organizaci\u00f3n docente<\/h2>\r\n<ul>\r\n\t<li><strong>Coordinadora del Grado en Biotecnolog\u00eda:<\/strong> D\u00f1a. Honorina Mart\u00ednez Blanco<\/li>\r\n<\/ul>\r\n<ul>\r\n\t<li><a href=\"https:\/\/centros.unileon.es\/biologia\/files\/2025\/12\/Comision-de-coord-Biotecnologia-2025-2026.pdf\">Comisi\u00f3n de Coordinaci\u00f3n y Tribunal de Compensaci\u00f3n del Grado en Biotecnolog\u00eda 2025-2026<\/a><\/li>\r\n<\/ul>\r\n<ul>\r\n\t<li><a href=\"https:\/\/centros.unileon.es\/biologia\/files\/2025\/12\/Coordinadores-de-Grado-y-curso-2025-2026_noviem25.pdf\">Coordinadores de Grado y curso 2025-2026<\/a><\/li>\r\n<\/ul>\r\n<ul>\r\n\t<li><a href=\"https:\/\/centros.unileon.es\/biologia\/files\/2025\/10\/DELEGADOS-GRADO-EN-BIOTECNOLOGIA-25-26.pdf\">Representantes de estudiantes Grado en Biotecnolog\u00eda 2025-2026<\/a><\/li>\r\n<\/ul>\r\n<div align=\"center\">\u00a0<\/div>","protected":false},"excerpt":{"rendered":"<p>\u00a0 El t\u00edtulo de Grado en Biotecnolog\u00eda por la Universidad de Le\u00f3n se imparte desde el curso acad\u00e9mico 2009-10, reemplazando a la Licenciatura en Biotecnolog\u00eda, titulaci\u00f3n que se curs\u00f3 en la Facultad de Ciencias Biol\u00f3gicas y Ambientales desde 2004-05, siendo por tanto uno de los Centros espa\u00f1oles pionero en la oferta de dicho t\u00edtulo, cuyas [&hellip;]<\/p>\n","protected":false},"author":3,"featured_media":0,"parent":0,"menu_order":0,"comment_status":"closed","ping_status":"closed","template":"","meta":{"footnotes":""},"class_list":["post-9746","page","type-page","status-publish","hentry"],"_links":{"self":[{"href":"https:\/\/centros.unileon.es\/biologia\/wp-json\/wp\/v2\/pages\/9746","targetHints":{"allow":["GET"]}}],"collection":[{"href":"https:\/\/centros.unileon.es\/biologia\/wp-json\/wp\/v2\/pages"}],"about":[{"href":"https:\/\/centros.unileon.es\/biologia\/wp-json\/wp\/v2\/types\/page"}],"author":[{"embeddable":true,"href":"https:\/\/centros.unileon.es\/biologia\/wp-json\/wp\/v2\/users\/3"}],"replies":[{"embeddable":true,"href":"https:\/\/centros.unileon.es\/biologia\/wp-json\/wp\/v2\/comments?post=9746"}],"version-history":[{"count":79,"href":"https:\/\/centros.unileon.es\/biologia\/wp-json\/wp\/v2\/pages\/9746\/revisions"}],"predecessor-version":[{"id":13460,"href":"https:\/\/centros.unileon.es\/biologia\/wp-json\/wp\/v2\/pages\/9746\/revisions\/13460"}],"wp:attachment":[{"href":"https:\/\/centros.unileon.es\/biologia\/wp-json\/wp\/v2\/media?parent=9746"}],"curies":[{"name":"wp","href":"https:\/\/api.w.org\/{rel}","templated":true}]}}