{"id":799,"date":"2011-05-30T08:17:06","date_gmt":"2011-05-30T08:17:06","guid":{"rendered":"http:\/\/centros.unileon.es\/biologia\/?page_id=799"},"modified":"2011-11-08T09:55:51","modified_gmt":"2011-11-08T09:55:51","slug":"licenciatura-en-biologia-2","status":"publish","type":"page","link":"https:\/\/centros.unileon.es\/biologia\/licenciatura-en-biologia-2\/","title":{"rendered":"Licenciatura en Biolog\u00eda"},"content":{"rendered":"<div align=\"center\"><a href=\"http:\/\/centros.unileon.es\/biologia\/files\/2010\/10\/gbio.jpg\"><img decoding=\"async\" src=\"http:\/\/centros.unileon.es\/biologia\/files\/2010\/10\/gbio.jpg\" alt=\"\" \/><\/a><\/div>\r\n<br>Los estudios de Biolog\u00eda comienzan en Le\u00f3n como Secci\u00f3n de Biolog\u00eda creada por Orden del Ministerio de Educaci\u00f3n y Ciencia de 12 de julio de 1961, dependiendo inicialmente de la Universidad de Oviedo, pero no comenz\u00f3 su actividad hasta el curso 1968-1969, utilizando los locales de la Facultad de Veterinaria y con fuerte participaci\u00f3n del profesorado de esta Facultad.<\/br>\r\n<br>En 1975 por Orden del Ministerial de 6 de junio se convirti\u00f3 en Facultad de Biolog\u00eda, la expansi\u00f3n del centro forz\u00f3 a dispersar las ense\u00f1anzas entre el edificio de la Facultad de Vetrinaria y diversas Escuelas Universitarias, hasta que en 1982 se concluy\u00f3 la primera fase de su edificio en el campus universitario, complet\u00e1ndose en 1985. Actualmente la Facultad de Biolog\u00eda dispone de excelentes instalaciones, con satisfactorio grado de adecuaci\u00f3n a las exigencias de docencia e investigaci\u00f3n.<\/br>\r\n<br>El plan de estudios vigente en esta Facultad comenz\u00f3 a impartirse en el curso 2001\/2002, consta de cinco cursos, divididos en un primer ciclo de tres a\u00f1os y un segundo de dos a\u00f1os. Est\u00e1 estructurado en dos opciones: Biolog\u00eda Fundamental y Biolog\u00eda Ambiental.<\/br>\r\n<br>La Facultad de Biolog\u00eda actual resiste favorablemente la comparaci\u00f3n con cualquiera de las dem\u00e1s universidades espa\u00f1olas, por la adecuaci\u00f3n de sus instalaciones, equipamiento, buen ratio profesor\/alumno y calidad de su profesorado.<\/br><p><\/p>\r\n<h2>Objetivos<\/h2>\r\n<ul>\r\n<li>Estudio, identificaci\u00f3n y clasificaci\u00f3n de los organismos vivos, as\u00ed como sus restos y se\u00f1ales de actividad.<\/li>\r\n<li>Investigaci\u00f3n, desarrollo y control de procesos biol\u00f3gicos industriales.<\/li>\r\n<li>Producci\u00f3n, transformaci\u00f3n, manipulaci\u00f3n, conservaci\u00f3n, identificaci\u00f3n y control de calidad de materiales de orden biol\u00f3gico.<\/li>\r\n<li>An\u00e1lisis de todos los agentes y mateiales biol\u00f3gicos de producci\u00f3n de cualquier naturaleza y control de su acci\u00f3n.<\/li>\r\n<li>Estudios gen\u00e9ticos y su aplicaci\u00f3n.<\/li>\r\n<li>Estudios ecol\u00f3gicos, evaluaci\u00f3n del impacto ambiental, gesti\u00f3n y conservaci\u00f3n en poblaciones y ecosistemas.<\/li>\r\n<li>Planificaci\u00f3n y explotaci\u00f3n de los recursos naturales renovables, terrestres y mar\u00edtimos.<\/li>\r\n<li>Los estudios de biolog\u00eda son eminentemente cient\u00edficos y alternan con la formaci\u00f3n pr\u00e1ctica, tanto en el laboratorio como en el campo, con la formaci\u00f3n de tipo t\u00e9cnica.<\/li>\r\n<\/ul><p><\/p><p><\/p>\r\n<h2>Salidas profesionales<\/h2>\r\n<br>El bi\u00f3logo ejerce su funci\u00f3n en un amplio rango profesional<\/br>\r\n<ul>\r\n<li>Departamentos de I+D (investigaci\u00f3n y desarrollo), de calidad y producci\u00f3n de empresas qu\u00edmicas farmace\u00faticas , de perfumer\u00eda, cosm\u00e9ticas, de residuos,&#8230;<\/li>\r\n<li>Docencia en los niveles de BUP, COU, Formaci\u00f3n Profesional y en la Universidad.<\/li>\r\n<li>Investigaci\u00f3n en centros p\u00fablicos ,empresas privadas, jardines bot\u00e1nicos y parques zool\u00f3gicos.<\/li>\r\n<li>Bi\u00f3logos internos residentes en hospitales de la Seguridad Social.<\/li>\r\n<li>Bi\u00f3logos de la Administraci\u00f3n del Estado, Auton\u00f3mica, Provincial y Local.<\/li>\r\n<li>Profesional Aut\u00f3nomo.<\/li><\/ul><p><\/p><p><\/p>\r\n<h2>Programas de Asignaturas (en extinci\u00f3n)<\/h2>\r\n<div align=\"center\">\r\n<p>\r\n<\/p>\r\n<table>\r\n<tbody>\r\n<tr>\r\n<th colspan=\"3\" align=\"center\"><span style=\"color: #0101df\"> &nbsp; &nbsp; &nbsp;  &nbsp; &nbsp; &nbsp;  &nbsp; &nbsp; &nbsp; &nbsp; &nbsp; &nbsp;  &nbsp; &nbsp; &nbsp;  &nbsp; &nbsp; &nbsp;  &nbsp; &nbsp; &nbsp;   &nbsp; &nbsp; &nbsp;  Cuarto curso &nbsp; &nbsp; &nbsp;  &nbsp; &nbsp; &nbsp;  &nbsp; &nbsp; &nbsp; &nbsp; &nbsp; &nbsp;  &nbsp; &nbsp; &nbsp;  &nbsp; &nbsp; &nbsp;  &nbsp; &nbsp; &nbsp;   &nbsp; &nbsp; &nbsp;  <\/span><\/th>\r\n<\/tr>\r\n<tr bgcolor=\"#0101df\">\r\n<th><span style=\"color: #0080FF\">1<sup>er<\/sup> Cuatrimestre &#8211; Asignaturas &nbsp; &nbsp; &nbsp; &nbsp; &nbsp; &nbsp; &nbsp; &nbsp; <\/span><\/th>\r\n<th><span style=\"color: #0080FF\">N\u00ba Cr\u00e9ditos<\/span><\/th>\r\n<th><span style=\"color: #0080FF\">Tipo<br>asignatura<\/br><\/span><\/th>\r\n<\/tr>\r\n<tr>\r\n<td>Fundamentos de antropolog\u00eda aplicada<\/td>\r\n<td align=\"center\">4,5<\/td>\r\n<td>Troncal<\/td>\r\n<\/tr>\r\n<tr>\r\n<td>Fundamentos de biolog\u00eda celular aplicada<\/td>\r\n<td align=\"center\">4,5<\/td>\r\n<td>Troncal<\/td>\r\n<\/tr>\r\n<tr>\r\n<td>Fundamentos de bioqu\u00edmica y<br> biolog\u00eda molecular aplicada<\/br><\/td>\r\n<td align=\"center\">4,5<\/td>\r\n<td>Troncal<\/td>\r\n<\/tr>\r\n<tr>\r\n<td>Fundamentos de gen\u00e9tica aplicada<\/td>\r\n<td align=\"center\">4,5<\/td>\r\n<td>Troncal<\/td>\r\n<\/tr>\r\n<tr>\r\n<td>Fundamentos de microbiolog\u00eda aplicada<\/td>\r\n<td align=\"center\">4,5<\/td>\r\n<td>Troncal<\/td>\r\n<\/tr>\r\n<tr bgcolor=\"#0101df\">\r\n<th><span style=\"color: #0080FF\">2<sup>o<\/sup> Cuatrimestre &#8211; Asignaturas <\/span><\/th>\r\n<th><\/th>\r\n<\/tr>\r\n<tr>\r\n<td>Fundamentos de bot\u00e1nica aplicada<\/td>\r\n<td align=\"center\">4,5<\/td>\r\n<td>Troncal<\/td>\r\n<\/tr>\r\n<tr>\r\n<td>Fundamentos de ecolog\u00eda aplicada<\/td>\r\n<td align=\"center\">4,5<\/td>\r\n<td>Troncal<\/td>\r\n<\/tr>\r\n<tr>\r\n<td>Fundamentos de fisiolog\u00eda animal aplicada<\/td>\r\n<td align=\"center\">4,5<\/td>\r\n<td>Troncal<\/td>\r\n<\/tr>\r\n<tr>\r\n<td>Fundamentos de fisiolog\u00eda vegetal aplicada<\/td>\r\n<td align=\"center\">4,5<\/td>\r\n<td>Troncal<\/td>\r\n<\/tr>\r\n<tr>\r\n<td>Fundamentos de zoolog\u00eda aplicada<\/td>\r\n<td align=\"center\">4,5<\/td>\r\n<td>Troncal<\/td>\r\n<\/tr>\r\n<tr>\r\n<td bgcolor=\"#ffffff\"><\/td>\r\n<td align=\"center\" bgcolor=\"#0101df\"><span style=\"color: #0080FF\">Total: 68<\/span><\/td>\r\n<td><\/td>\r\n<\/tr>\r\n<\/tbody>\r\n<\/table>\r\n<p>\r\n<\/p>\r\n<table>\r\n<tbody>\r\n<tr>\r\n<th colspan=\"3\" align=\"center\"><span style=\"color: #0101df\"> &nbsp; &nbsp; &nbsp;  &nbsp; &nbsp; &nbsp;  &nbsp; &nbsp; &nbsp; &nbsp; &nbsp; &nbsp;  &nbsp; &nbsp; &nbsp;  &nbsp; &nbsp; &nbsp;  &nbsp; &nbsp; &nbsp;   &nbsp; &nbsp; &nbsp;  Quinto curso &nbsp; &nbsp; &nbsp;  &nbsp; &nbsp; &nbsp;  &nbsp; &nbsp; &nbsp; &nbsp; &nbsp; &nbsp;  &nbsp; &nbsp; &nbsp;  &nbsp; &nbsp; &nbsp;  &nbsp; &nbsp; &nbsp;   &nbsp; &nbsp; &nbsp;  <\/span><\/th>\r\n<\/tr>\r\n<tr bgcolor=\"#0101df\">\r\n<th><span style=\"color: #0080FF\">1<sup>er<\/sup> Cuatrimestre &#8211; Asignaturas &nbsp; &nbsp; &nbsp; &nbsp; &nbsp; &nbsp; &nbsp; &nbsp; <\/span><\/th>\r\n<th><span style=\"color: #0080FF\">N\u00ba Cr\u00e9ditos<\/span><\/th>\r\n<th><span style=\"color: #0080FF\">Tipo<br>asignatura<\/br><\/span><\/th>\r\n<\/tr>\r\n<tr>\r\n<td>Cartograf\u00eda del medio natural<\/td>\r\n<td align=\"center\">4<\/td>\r\n<td>Optativa<\/td>\r\n<\/tr>\r\n<tr>\r\n<td>Entomolog\u00eda aplicada<\/td>\r\n<td align=\"center\">5,5<\/td>\r\n<td>Optativa<\/td>\r\n<\/tr>\r\n<tr>\r\n<td>Etolog\u00eda<\/td>\r\n<td align=\"center\">5,5<\/td>\r\n<td>Optativa<\/td>\r\n<\/tr>\r\n<tr>\r\n<td>Fisiolog\u00eda ambiental de las plantas<\/td>\r\n<td align=\"center\">4<\/td>\r\n<td>Optativa<\/td>\r\n<\/tr>\r\n<tr>\r\n<td>Fitosociolog\u00eda<\/td>\r\n<td align=\"center\">8,5<\/td>\r\n<td>Optativa<\/td>\r\n<\/tr>\r\n<tr>\r\n<td>Gesti\u00f3n de ecosistemas<\/td>\r\n<td align=\"center\">5,5<\/td>\r\n<td>Optativa<\/td>\r\n<\/tr>\r\n<tr>\r\n<td>Introducci\u00f3n a la filosof\u00eda de la biologia:<br>coneptos metedol\u00f3gicos y ontol\u00f3gicos<\/br><\/td>\r\n<td align=\"center\">5,5<\/td>\r\n<td>Optativa<\/td>\r\n<\/tr>\r\n<tr>\r\n<td>Proyectos en biolog\u00eda<\/td>\r\n<td align=\"center\">5,5<\/td>\r\n<td>Optativa<\/td>\r\n<\/tr>\r\n<tr>\r\n<td>Taxonom\u00eda y evoluci\u00f3n vegetal<\/td>\r\n<td align=\"center\">4<\/td>\r\n<td>Optativa<\/td>\r\n<\/tr>\r\n<tr>\r\n<td>Zoogeograf\u00eda general y aplicada<\/td>\r\n<td align=\"center\">5,5<\/td>\r\n<td>Optativa<\/td>\r\n<\/tr>\r\n<tr>\r\n<td>Biolog\u00eda del desallorro<\/td>\r\n<td align=\"center\">5,5<\/td>\r\n<td>Optativa<\/td>\r\n<\/tr>\r\n<tr>\r\n<td>Enzimolog\u00eda<\/td>\r\n<td align=\"center\">8,5<\/td>\r\n<td>Optativa<\/td>\r\n<\/tr>\r\n<tr>\r\n<td>Fisiopatolog\u00eda<\/td>\r\n<td align=\"center\">4<\/td>\r\n<td>Optativa<\/td>\r\n<\/tr>\r\n<tr>\r\n<td>Gen\u00e9tica humana<\/td>\r\n<td align=\"center\">5,5<\/td>\r\n<td>Optativa<\/td>\r\n<\/tr>\r\n<tr>\r\n<td>Metabol\u00edsmo secundario vegetal<\/td>\r\n<td align=\"center\">4<\/td>\r\n<td>Optativa<\/td>\r\n<\/tr>\r\n<tr>\r\n<td>Microbiolog\u00eda industrial y biotecnolog\u00eda<\/td>\r\n<td align=\"center\">8,5<\/td>\r\n<td>Optativa<\/td>\r\n<\/tr>\r\n<tr>\r\n<td>Neurobiolog\u00eda<\/td>\r\n<td align=\"center\">4<\/td>\r\n<td>Optativa<\/td>\r\n<\/tr>\r\n<tr bgcolor=\"#0101df\">\r\n<th><span style=\"color: #0080FF\">2<sup>o<\/sup> Cuatrimestre &#8211; Asignaturas <\/span><\/th>\r\n<th><span style=\"color: #0080FF\"><\/span><\/th>\r\n<\/tr>\r\n<tr>\r\n<td>Complemento de an\u00e1lisis estad\u00edstico<\/td>\r\n<td align=\"center\">5,5<\/td>\r\n<td>Optativa<\/td>\r\n<\/tr>\r\n<tr>\r\n<td>Ecosistemas terrestres<\/td>\r\n<td align=\"center\">4<\/td>\r\n<td>Optativa<\/td>\r\n<\/tr>\r\n<tr>\r\n<td>Filogenia y taxonomia animal<\/td>\r\n<td align=\"center\">4<\/td>\r\n<td>Optativa<\/td>\r\n<\/tr>\r\n<tr>\r\n<td>Fisiolog\u00eda adaptativa<\/td>\r\n<td align=\"center\">4<\/td>\r\n<td>Optativa<\/td>\r\n<\/tr>\r\n<tr>\r\n<td>Fitogeograf\u00eda<\/td>\r\n<td align=\"center\">5,5<\/td>\r\n<td>Optativa<\/td>\r\n<\/tr>\r\n<tr>\r\n<td>Geograf\u00eda ambiental<\/td>\r\n<td align=\"center\">4<\/td>\r\n<td>Optativa<\/td>\r\n<\/tr>\r\n<tr>\r\n<td>Gesti\u00f3n y manejo de vida silvestre,<br>caza y pesca continental<\/br><\/td>\r\n<td align=\"center\">5,5<\/td>\r\n<td>Optativa<\/td>\r\n<\/tr>\r\n<tr>\r\n<td>Limnologia<\/td>\r\n<td align=\"center\">4<\/td>\r\n<td>Optativa<\/td>\r\n<\/tr>\r\n<tr>\r\n<td>Paleontolog\u00eda<\/td>\r\n<td align=\"center\">4<\/td>\r\n<td>Optativa<\/td>\r\n<\/tr>\r\n<tr>\r\n<td>Palinolog\u00eda<\/td>\r\n<td align=\"center\">4<\/td>\r\n<td>Optativa<\/td>\r\n<\/tr>\r\n<tr>\r\n<td>Procesos de hominizaci\u00f3n<\/td>\r\n<td align=\"center\">5,5<\/td>\r\n<td>Optativa<\/td>\r\n<\/tr>\r\n<tr>\r\n<td>Zoolog\u00eda marina aplicada<\/td>\r\n<td align=\"center\">4<\/td>\r\n<td>Optativa<\/td>\r\n<\/tr>\r\n<tr>\r\n<td>Biolog\u00eda celular<\/td>\r\n<td align=\"center\">8,5<\/td>\r\n<td>Optativa<\/td>\r\n<\/tr>\r\n<tr>\r\n<td>Gen\u00e9tica molecular<\/td>\r\n<td align=\"center\">8,5<\/td>\r\n<td>Optativa<\/td>\r\n<\/tr>\r\n<tr>\r\n<td>Gen\u00e9tica vegetal<\/td>\r\n<td align=\"center\">5,5<\/td>\r\n<td>Optativa<\/td>\r\n<\/tr>\r\n<tr>\r\n<td>Ingenier\u00eda gen\u00e9tica de microorgan\u00edsmos<\/td>\r\n<td align=\"center\">8,5<\/td>\r\n<td>Optativa<\/td>\r\n<\/tr>\r\n<tr>\r\n<td>Inmunobiolog\u00eda y patogenicidad microbiana<\/td>\r\n<td align=\"center\">5,5<\/td>\r\n<td>Optativa<\/td>\r\n<\/tr>\r\n<tr>\r\n<td>Patolog\u00eda molecular<\/td>\r\n<td align=\"center\">5,5<\/td>\r\n<td>Optativa<\/td>\r\n<\/tr>\r\n<tr>\r\n<td>T\u00e9cnicas instrumentales bioqu\u00edmicas<\/td>\r\n<td align=\"center\">8,5<\/td>\r\n<td>Optativa<\/td>\r\n<\/tr>\r\n<tr>\r\n<td>Virolog\u00eda<\/td>\r\n<td align=\"center\">5,5<\/td>\r\n<td>Optativa<\/td>\r\n<\/tr>\r\n<tr>\r\n<td bgcolor=\"#ffffff\"><\/td>\r\n<td align=\"center\" bgcolor=\"#0101df\"><span style=\"color: #0080FF\">Total: 60<\/span><\/td>\r\n<td><\/td>\r\n<\/tr>\r\n<\/tbody>\r\n<\/table>\r\n<\/div>\r\n<br><\/br><div align=\"center\"><a href=\"http:\/\/centros.unileon.es\/biologia\/pagina-de-inicio\/\">Inicio<\/a><\/div>","protected":false},"excerpt":{"rendered":"<p>Los estudios de Biolog\u00eda comienzan en Le\u00f3n como Secci\u00f3n de Biolog\u00eda creada por Orden del Ministerio de Educaci\u00f3n y Ciencia de 12 de julio de 1961, dependiendo inicialmente de la Universidad de Oviedo, pero no comenz\u00f3 su actividad hasta el curso 1968-1969, utilizando los locales de la Facultad de Veterinaria y con fuerte participaci\u00f3n del [&hellip;]<\/p>\n","protected":false},"author":3,"featured_media":0,"parent":0,"menu_order":0,"comment_status":"closed","ping_status":"open","template":"","meta":{"footnotes":""},"class_list":["post-799","page","type-page","status-publish","hentry"],"_links":{"self":[{"href":"https:\/\/centros.unileon.es\/biologia\/wp-json\/wp\/v2\/pages\/799","targetHints":{"allow":["GET"]}}],"collection":[{"href":"https:\/\/centros.unileon.es\/biologia\/wp-json\/wp\/v2\/pages"}],"about":[{"href":"https:\/\/centros.unileon.es\/biologia\/wp-json\/wp\/v2\/types\/page"}],"author":[{"embeddable":true,"href":"https:\/\/centros.unileon.es\/biologia\/wp-json\/wp\/v2\/users\/3"}],"replies":[{"embeddable":true,"href":"https:\/\/centros.unileon.es\/biologia\/wp-json\/wp\/v2\/comments?post=799"}],"version-history":[{"count":55,"href":"https:\/\/centros.unileon.es\/biologia\/wp-json\/wp\/v2\/pages\/799\/revisions"}],"predecessor-version":[{"id":2006,"href":"https:\/\/centros.unileon.es\/biologia\/wp-json\/wp\/v2\/pages\/799\/revisions\/2006"}],"wp:attachment":[{"href":"https:\/\/centros.unileon.es\/biologia\/wp-json\/wp\/v2\/media?parent=799"}],"curies":[{"name":"wp","href":"https:\/\/api.w.org\/{rel}","templated":true}]}}