{"id":706,"date":"2011-05-04T11:19:00","date_gmt":"2011-05-04T11:19:00","guid":{"rendered":"http:\/\/centros.unileon.es\/biologia\/?page_id=706"},"modified":"2016-09-05T12:06:10","modified_gmt":"2016-09-05T12:06:10","slug":"grado-en-biotecnologia","status":"publish","type":"page","link":"https:\/\/centros.unileon.es\/biologia\/grado-en-biotecnologia\/","title":{"rendered":"Grado en Biotecnolog\u00eda"},"content":{"rendered":"<div align=\"center\"><img decoding=\"async\" src=\"http:\/\/centros.unileon.es\/biologia\/files\/2010\/10\/gbiot.jpg\" alt=\"\" \/><\/div>\r\n<p style=\"text-align: justify;\">El t\u00edtulo de Grado en Biotecnolog\u00eda por la Universidad de Le\u00f3n se imparte desde el curso acad\u00e9mico 2009-10, reemplazando a la Licenciatura en Biotecnolog\u00eda, titulaci\u00f3n que se curs\u00f3 en la Facultad de Ciencias Biol\u00f3gicas y Ambientales desde 2004-05, siendo por tanto uno de los Centros espa\u00f1oles pionero en la oferta de dicho t\u00edtulo, cuyas directrices generales de sus planes de estudios se establecieron en el Real Decreto 1285\/2002 de 5 de diciembre.<\/p>\r\n<p style=\"text-align: justify;\">La implantaci\u00f3n del t\u00edtulo en Biotecnolog\u00eda signific\u00f3 el reconocimiento por parte de la comunidad acad\u00e9mica, docente e investigadora, y en general por la sociedad, de la importancia que representan los avances obtenidos en el campo de las Ciencias Experimentales en Biolog\u00eda, Bioqu\u00edmica, Biolog\u00eda Molecular e Ingenier\u00eda y sus aplicaciones biotecnol\u00f3gicas.<\/p>\r\n\r\n<div align=\"center\">\r\n<table>\r\n<tbody>\r\n<tr>\r\n<td align=\"center\"><img loading=\"lazy\" decoding=\"async\" class=\"alignright size-thumbnail wp-image-1322\" src=\"http:\/\/centros.unileon.es\/biologia\/files\/2011\/05\/FIP_Biotecnologia_P\u00e1gina_1.jpg\" alt=\"FIP_Biotecnologia_P\u00e1gina_1\" width=\"175\" height=\"230\" \/><\/td>\r\n<td align=\"center\"><img loading=\"lazy\" decoding=\"async\" class=\"alignright size-thumbnail wp-image-1323\" src=\"http:\/\/centros.unileon.es\/biologia\/files\/2011\/05\/FCCBA_Tripticos.jpg\" alt=\"FCCBA_Tripticos\" width=\"175\" height=\"230\" \/><\/td>\r\n<\/tr>\r\n<tr align=\"center\">\r\n<td align=\"center\"><a href=\"http:\/\/centros.unileon.es\/biologia\/files\/2011\/05\/FIP_Biotecnologia.pdf\">Ficha informaci\u00f3n p\u00fablica<\/a><\/td>\r\n<td align=\"center\"><a href=\"http:\/\/centros.unileon.es\/biologia\/files\/2011\/05\/FCCBA_Triptico_Biotecnologia_2014.pdf\">Tr\u00edptico del Grado<\/a><\/td>\r\n<\/tr>\r\n<\/tbody>\r\n<\/table>\r\n<\/div>\r\n<h2>Objetivos<\/h2>\r\nLa ense\u00f1anza en Biotecnolog\u00eda est\u00e1 directamente relacionada con la formaci\u00f3n de profesionales capaces de responder a las necesidades de la sociedad y del mercado laboral en los \u00e1mbitos de la investigaci\u00f3n, docencia, desarrollo, biomedicina e industria. Las aplicaciones sanitarias de la Biotecnolog\u00eda permiten la producci\u00f3n m\u00e1s \u00e9tica, barata y eficaz de f\u00e1rmacos para el tratamiento de muchas enfermedades. Son tambi\u00e9n campos de actuaci\u00f3n, la producci\u00f3n y mejora de alimentos, as\u00ed como la generaci\u00f3n de crecimiento econ\u00f3mico sostenible basado en el conocimiento de los efectos\r\nde la intervenci\u00f3n humana, en muchos casos abusiva, sobre el patrimonio de diversidad biol\u00f3gica.\r\n<h2>\u00bfQu\u00e9 competencias se adquieren?<\/h2>\r\nConocer y aplicar los siguientes principios y bases:\r\n<ul>\r\n \t<li>Estructura y funci\u00f3n de los org\u00e1nulos de una c\u00e9lula.<\/li>\r\n \t<li>Estructura, propiedades y funci\u00f3n de prote\u00ednas y \u00e1cidos nucleicos.<\/li>\r\n \t<li>Espectroscop\u00eda, electroforesis, resonancia magn\u00e9tica nuclear,\r\ncromatograf\u00eda, y difracci\u00f3n de rayos X.<\/li>\r\n \t<li>Preparaci\u00f3n de cultivos de l\u00edneas celulares.<\/li>\r\n \t<li>Diagn\u00f3stico microbiol\u00f3gico y virol\u00f3gico.<\/li>\r\n \t<li>Descripci\u00f3n del polimorfismo g\u00e9nico y an\u00e1lisis de ligamiento\r\ny asociaci\u00f3n.<\/li>\r\n \t<li>Clonaje de cDNA partiendo de mRNA total en vectores\r\nbacterianos y de c\u00e9lulas eucariotas para expresar prote\u00edna\r\nrecombinante y realizaci\u00f3n de mutag\u00e9nesis.<\/li>\r\n \t<li>Transferencia g\u00e9nica en c\u00e9lulas animales y vegetales.<\/li>\r\n \t<li>Estructura y funcionamiento de biorreactores.<\/li>\r\n \t<li>Obtenci\u00f3n y purificaci\u00f3n de un producto biotecnol\u00f3gico.<\/li>\r\n \t<li>Estrategias de producci\u00f3n y mejora de productos biotecnol\u00f3gicos.<\/li>\r\n \t<li>Aplicaciones de los microorganismos en biorremediaci\u00f3n\r\ny biorrecuperaci\u00f3n.<\/li>\r\n \t<li>Utilizaci\u00f3n de equipos de producci\u00f3n biotecnol\u00f3gica a escala\r\npiloto o superior.<\/li>\r\n \t<li>Aplicaciones de los criterios de evaluaci\u00f3n de riesgos\r\nbiotecnol\u00f3gicos.<\/li>\r\n \t<li>Comunicaci\u00f3n y percepci\u00f3n p\u00fablica de las innovaciones\r\nbiotecnol\u00f3gicas y de riesgos asociados.<\/li>\r\n<\/ul>\r\n<h2>Salidas profesionales<\/h2>\r\nEl biotecn\u00f3logo puede ejercer su actividad profesional:\r\n<ul>\r\n \t<li>Industria biosanitaria-farmac\u00e9utica-veterinaria.<\/li>\r\n \t<li>Industria agroalimentaria.<\/li>\r\n \t<li>Industria qu\u00edmica-bioqu\u00edmica.<\/li>\r\n \t<li>Industria minera.<\/li>\r\n \t<li>Empresas de consultor\u00eda especializadas en biotecnolog\u00eda.<\/li>\r\n \t<li>Agencias de desarrollo e innovaci\u00f3n en el sector biotecnol\u00f3gico.<\/li>\r\n \t<li>Centros hospitalarios.<\/li>\r\n \t<li>Docencia en ense\u00f1anza secundaria y universitaria.<\/li>\r\n \t<li>Centros de investigaci\u00f3n.<\/li>\r\n<\/ul>\r\n<h2>Documentos<\/h2>\r\n<ul>\r\n \t<li><a href=\"http:\/\/centros.unileon.es\/biologia\/files\/2011\/05\/Biotec_Memoria_Verificacion_web_byn.pdf\">Memoria de verificaci\u00f3n del Grado<\/a><\/li>\r\n \t<li><a href=\"http:\/\/centros.unileon.es\/biologia\/files\/2011\/05\/Tablas_Equivalencia_Biotecnologia.pdf\">Tablas de equivalencia entre Licenciatura y Grado<\/a><\/li>\r\n<\/ul>\r\n<h2>Plan de Estudios<\/h2>\r\nLa mayor parte de las actividades formativas se impartir\u00e1n en castellano. Se utilizar\u00e1n otros idiomas, fundamentalmente ingl\u00e9s, en materiales de estudio y actividades que as\u00ed lo requieran.\r\n<div align=\"center\">\r\n<table>\r\n<tbody>\r\n<tr>\r\n<th align=\"center\" width=\"300\">Tipos<\/th>\r\n<th align=\"center\" width=\"300\">ECTS<\/th>\r\n<\/tr>\r\n<tr>\r\n<td>B\u00e1sicas de la Rama<\/td>\r\n<td align=\"center\" width=\"300\">36<\/td>\r\n<\/tr>\r\n<tr>\r\n<td>B\u00e1sicas de otras Ramas<\/td>\r\n<td align=\"center\" width=\"300\">27<\/td>\r\n<\/tr>\r\n<tr>\r\n<td>Obligatorias<\/td>\r\n<td align=\"center\" width=\"300\">141<\/td>\r\n<\/tr>\r\n<tr>\r\n<td>Optativas<\/td>\r\n<td align=\"center\" width=\"300\">24<\/td>\r\n<\/tr>\r\n<tr>\r\n<td>Trabajo Fin de Grado<\/td>\r\n<td align=\"center\" width=\"300\">12<\/td>\r\n<\/tr>\r\n<tr>\r\n<td>TOTAL<\/td>\r\n<td align=\"center\" width=\"300\">240<\/td>\r\n<\/tr>\r\n<\/tbody>\r\n<\/table>\r\n<div align=\"center\">\r\n<table border=\"1\">\r\n<tbody>\r\n<tr>\r\n<th align=\"center\"><span style=\"color: #0101df;\"> Primer curso <\/span><\/th>\r\n<\/tr>\r\n<tr bgcolor=\"#0101df\">\r\n<th width=\"400\"><span style=\"color: #0080ff;\">1<sup>er<\/sup> Semestre &#8211; Asignaturas <\/span><\/th>\r\n<\/tr>\r\n<tr>\r\n<td>F\u00edsica<\/td>\r\n<\/tr>\r\n<tr>\r\n<td>Matem\u00e1ticas<\/td>\r\n<\/tr>\r\n<tr>\r\n<td>Qu\u00edmica<\/td>\r\n<\/tr>\r\n<tr>\r\n<td>T\u00e9cnicas instrumentales I<\/td>\r\n<\/tr>\r\n<tr bgcolor=\"#0101df\">\r\n<th><span style=\"color: #0080ff;\">2<sup>o<\/sup> Semestre &#8211; Asignaturas <\/span><\/th>\r\n<\/tr>\r\n<tr>\r\n<td>Biolog\u00eda animal y vegetal<\/td>\r\n<\/tr>\r\n<tr>\r\n<td>Citolog\u00eda e Histolog\u00eda<\/td>\r\n<\/tr>\r\n<tr>\r\n<td>Estad\u00edstica<\/td>\r\n<\/tr>\r\n<tr>\r\n<td>Inform\u00e1tica<\/td>\r\n<\/tr>\r\n<tr>\r\n<td>Qu\u00edmica org\u00e1nica<\/td>\r\n<\/tr>\r\n<\/tbody>\r\n<\/table>\r\n<table border=\"1\">\r\n<tbody>\r\n<tr>\r\n<th align=\"center\"><span style=\"color: #0101df;\"> Segundo curso <\/span><\/th>\r\n<\/tr>\r\n<tr>\r\n<th width=\"400\"><span style=\"color: #0080ff;\">1<sup>er<\/sup> Semestre &#8211; Asignaturas <\/span><\/th>\r\n<\/tr>\r\n<tr>\r\n<td>Biolog\u00eda Celular<\/td>\r\n<\/tr>\r\n<tr>\r\n<td>Bioqu\u00edmica<\/td>\r\n<\/tr>\r\n<tr>\r\n<td>Fisiolog\u00eda Animal<\/td>\r\n<\/tr>\r\n<tr>\r\n<td>Gen\u00e9tica<\/td>\r\n<\/tr>\r\n<tr>\r\n<td>Termodin\u00e1mica y Cin\u00e9tica Qu\u00edmicas<\/td>\r\n<\/tr>\r\n<tr bgcolor=\"#0101df\">\r\n<th><span style=\"color: #0080ff;\">2<sup>o<\/sup> Semestre &#8211; Asignaturas <\/span><\/th>\r\n<\/tr>\r\n<tr>\r\n<td>Bases de Ingenier\u00eda<\/td>\r\n<\/tr>\r\n<tr>\r\n<td>Fisiolog\u00eda Vegetal<\/td>\r\n<\/tr>\r\n<tr>\r\n<td>Fluidos y Transferencia de Energ\u00eda<\/td>\r\n<\/tr>\r\n<tr>\r\n<td>Gen\u00e9tica Molecular<\/td>\r\n<\/tr>\r\n<tr>\r\n<td>Microbiolog\u00eda<\/td>\r\n<\/tr>\r\n<tr>\r\n<td>Modelos Matem\u00e1ticos, Redes Neuronales\r\ny Algor\u00edtmos Gen\u00e9ticos<\/td>\r\n<\/tr>\r\n<\/tbody>\r\n<\/table>\r\n<table border=\"1\">\r\n<tbody>\r\n<tr>\r\n<th align=\"center\"><span style=\"color: #0101df;\"> Tercer curso <\/span><\/th>\r\n<\/tr>\r\n<tr bgcolor=\"#0101df\">\r\n<th width=\"400\"><span style=\"color: #0080ff;\">1<sup>er<\/sup> Semestre &#8211; Asignaturas <\/span><\/th>\r\n<\/tr>\r\n<tr>\r\n<td>Bioinform\u00e1tica<\/td>\r\n<\/tr>\r\n<tr>\r\n<td>Biorreactores<\/td>\r\n<\/tr>\r\n<tr>\r\n<td>Econom\u00eda de la Empresa\r\ny Gesti\u00f3n de la Innovaci\u00f3n<\/td>\r\n<\/tr>\r\n<tr>\r\n<td>Gen\u00f3mica<\/td>\r\n<\/tr>\r\n<tr>\r\n<td>Inmunolog\u00eda<\/td>\r\n<\/tr>\r\n<tr>\r\n<td>Procesos de Separaci\u00f3n<\/td>\r\n<\/tr>\r\n<tr bgcolor=\"#0101df\">\r\n<td><span style=\"color: #0080ff;\">2<sup>o<\/sup> Semestre &#8211; Asignaturas <\/span><\/td>\r\n<\/tr>\r\n<tr>\r\n<td>Biotecnolog\u00eda Vegetal<\/td>\r\n<\/tr>\r\n<tr>\r\n<td>Cultivos Celulares<\/td>\r\n<\/tr>\r\n<tr>\r\n<td>Ingenier\u00eda Gen\u00e9tica Molecular<\/td>\r\n<\/tr>\r\n<tr>\r\n<td>Medicina Molecular<\/td>\r\n<\/tr>\r\n<tr>\r\n<td>Modificaci\u00f3n Gen\u00e9tica en Animales<\/td>\r\n<\/tr>\r\n<tr>\r\n<td>T\u00e9cnicas Instrumentales II<\/td>\r\n<\/tr>\r\n<\/tbody>\r\n<\/table>\r\n<table border=\"1\">\r\n<tbody>\r\n<tr>\r\n<th align=\"center\"><span style=\"color: #0101df;\"> Cuarto curso <\/span><\/th>\r\n<\/tr>\r\n<tr bgcolor=\"#0101df\">\r\n<th width=\"400\"><span style=\"color: #0080ff;\">Asignaturas Anuales<\/span><\/th>\r\n<\/tr>\r\n<tr>\r\n<td>Trabajo Fin de Grado<\/td>\r\n<\/tr>\r\n<tr bgcolor=\"#0101df\">\r\n<th width=\"400\"><span style=\"color: #0080ff;\">1<sup>er<\/sup> Semestre &#8211; Asignaturas<\/span><\/th>\r\n<\/tr>\r\n<tr>\r\n<td>Aspectos Legales y Sociales en Biotecnolog\u00eda<\/td>\r\n<\/tr>\r\n<tr>\r\n<td>Microbiolog\u00eda Industrial<\/td>\r\n<\/tr>\r\n<tr>\r\n<td>Virolog\u00eda<\/td>\r\n<\/tr>\r\n<tr>\r\n<td>Asignaturas Optativas<\/td>\r\n<\/tr>\r\n<tr bgcolor=\"#0101df\">\r\n<th><span style=\"color: #0080ff;\">2<sup>o<\/sup> Semestre &#8211; Asignaturas <\/span><\/th>\r\n<\/tr>\r\n<tr>\r\n<td>Prote\u00f3mica e Ingenier\u00eda de Prote\u00ednas<\/td>\r\n<\/tr>\r\n<tr>\r\n<td>Procesos Biotecnol\u00f3gicos<\/td>\r\n<\/tr>\r\n<tr>\r\n<td>Trabajo Fin de Grado<\/td>\r\n<\/tr>\r\n<tr>\r\n<td>Asignaturas Optativas<\/td>\r\n<\/tr>\r\n<\/tbody>\r\n<\/table>\r\n<table>\r\n<tbody>\r\n<tr>\r\n<th align=\"center\" width=\"400\"><span style=\"color: #2e2efe;\">Asignaturas Optativas<\/span><\/th>\r\n<\/tr>\r\n<\/tbody>\r\n<\/table>\r\n<table>\r\n<tbody>\r\n<tr>\r\n<th width=\"300\"><span style=\"color: #0080ff;\">1<sup>er<\/sup> Semestre<\/span><\/th>\r\n<\/tr>\r\n<tr>\r\n<td>Pr\u00e1cticas Externas I<\/td>\r\n<\/tr>\r\n<tr>\r\n<td>Biotecnolog\u00eda alimentaria<\/td>\r\n<\/tr>\r\n<tr>\r\n<td>Biotecnolog\u00eda de la reproducci\u00f3n<\/td>\r\n<\/tr>\r\n<tr>\r\n<td>Creaci\u00f3n de empresas biotecnol\u00f3gicas<\/td>\r\n<\/tr>\r\n<tr>\r\n<td>Manipulaci\u00f3n y Bienestar de animales de experimentaci\u00f3n<\/td>\r\n<\/tr>\r\n<tr>\r\n<td>Productos biotecnol\u00f3gicos de plantas<\/td>\r\n<\/tr>\r\n<tr>\r\n<td>Radiaciones y aplicaciones biotecnol\u00f3gicas<\/td>\r\n<\/tr>\r\n<tr>\r\n<td>T\u00e9cnicas aplicadas a la propagaci\u00f3n y conservaci\u00f3n de plantas<\/td>\r\n<\/tr>\r\n<tr>\r\n<td>T\u00e9cnicas Moleculares Aplicadas a la Mejora Gen\u00e9tica<\/td>\r\n<\/tr>\r\n<\/tbody>\r\n<\/table>\r\n<table>\r\n<tbody>\r\n<tr>\r\n<th width=\"300\"><span style=\"color: #0080ff;\">2<sup>o<\/sup> Semestre<\/span><\/th>\r\n<\/tr>\r\n<tr>\r\n<td>Pr\u00e1cticas Externas II<\/td>\r\n<\/tr>\r\n<tr>\r\n<td>Aplicaciones de la transg\u00e9nesis animal<\/td>\r\n<\/tr>\r\n<tr>\r\n<td>Bio\u00e9tica<\/td>\r\n<\/tr>\r\n<tr>\r\n<td>Biotecnolog\u00eda ambiental<\/td>\r\n<\/tr>\r\n<tr>\r\n<td>Enzimolog\u00eda y Aplicaciones Biotecnol\u00f3gicas de Enzimas<\/td>\r\n<\/tr>\r\n<tr>\r\n<td>Farmacol\u00f3gia aplicada a la biotecnolog\u00eda<\/td>\r\n<\/tr>\r\n<tr>\r\n<td>Metabolitos microbianos<\/td>\r\n<\/tr>\r\n<tr>\r\n<td>Regulaci\u00f3n de la expresi\u00f3n g\u00e9nica en Eucariontes<\/td>\r\n<\/tr>\r\n<\/tbody>\r\n<\/table>\r\n<\/div>\r\n<div align=\"center\"><a href=\"http:\/\/centros.unileon.es\/biologia\/\">Inicio<\/a><\/div>\r\n<\/div>","protected":false},"excerpt":{"rendered":"<p>El t\u00edtulo de Grado en Biotecnolog\u00eda por la Universidad de Le\u00f3n se imparte desde el curso acad\u00e9mico 2009-10, reemplazando a la Licenciatura en Biotecnolog\u00eda, titulaci\u00f3n que se curs\u00f3 en la Facultad de Ciencias Biol\u00f3gicas y Ambientales desde 2004-05, siendo por tanto uno de los Centros espa\u00f1oles pionero en la oferta de dicho t\u00edtulo, cuyas directrices [&hellip;]<\/p>\n","protected":false},"author":3,"featured_media":0,"parent":0,"menu_order":0,"comment_status":"closed","ping_status":"open","template":"","meta":{"footnotes":""},"class_list":["post-706","page","type-page","status-publish","hentry"],"_links":{"self":[{"href":"https:\/\/centros.unileon.es\/biologia\/wp-json\/wp\/v2\/pages\/706","targetHints":{"allow":["GET"]}}],"collection":[{"href":"https:\/\/centros.unileon.es\/biologia\/wp-json\/wp\/v2\/pages"}],"about":[{"href":"https:\/\/centros.unileon.es\/biologia\/wp-json\/wp\/v2\/types\/page"}],"author":[{"embeddable":true,"href":"https:\/\/centros.unileon.es\/biologia\/wp-json\/wp\/v2\/users\/3"}],"replies":[{"embeddable":true,"href":"https:\/\/centros.unileon.es\/biologia\/wp-json\/wp\/v2\/comments?post=706"}],"version-history":[{"count":66,"href":"https:\/\/centros.unileon.es\/biologia\/wp-json\/wp\/v2\/pages\/706\/revisions"}],"predecessor-version":[{"id":8371,"href":"https:\/\/centros.unileon.es\/biologia\/wp-json\/wp\/v2\/pages\/706\/revisions\/8371"}],"wp:attachment":[{"href":"https:\/\/centros.unileon.es\/biologia\/wp-json\/wp\/v2\/media?parent=706"}],"curies":[{"name":"wp","href":"https:\/\/api.w.org\/{rel}","templated":true}]}}