{"id":607,"date":"2011-05-04T06:50:44","date_gmt":"2011-05-04T06:50:44","guid":{"rendered":"http:\/\/centros.unileon.es\/biologia\/?page_id=607"},"modified":"2016-09-05T12:04:57","modified_gmt":"2016-09-05T12:04:57","slug":"grado-en-biologia","status":"publish","type":"page","link":"https:\/\/centros.unileon.es\/biologia\/grado-en-biologia\/","title":{"rendered":"Grado en Biolog\u00eda"},"content":{"rendered":"<div align=\"center\"><img decoding=\"async\" src=\"http:\/\/centros.unileon.es\/biologia\/files\/2010\/10\/gbio.jpg\" alt=\"\" \/><\/div>\r\nEl t\u00edtulo de Grado en Biolog\u00eda por la Universidad de Le\u00f3n es heredero de la Licenciatura que desde 1953 se viene impartiendo, por lo que estos estudios ya tienen una larga tradici\u00f3n. En la Universidad de Le\u00f3n la titulaci\u00f3n fue autorizada en 1961, lo que la hac\u00eda la tercera de Espa\u00f1a despu\u00e9s de Madrid y Barcelona. No obstante, siendo entonces dependiente de la Universidad de Oviedo, los estudios no se implantaron hasta el curso 1968-69. En el devenir de estos 40 a\u00f1os ha adquirido un elevado prestigio entre los t\u00edtulos que se imparten en la Universidad espa\u00f1ola.\r\n<div align=\"center\">\r\n<table>\r\n<tbody>\r\n<tr>\r\n<td align=\"center\"><img loading=\"lazy\" decoding=\"async\" class=\"alignright size-thumbnail wp-image-1322\" src=\"http:\/\/centros.unileon.es\/biologia\/files\/2011\/05\/FIP_Biologia_P\u00e1gina_1.jpg\" alt=\"FIP_Biologia_P\u00e1gina_1\" width=\"175\" height=\"230\" \/><\/td>\r\n<td align=\"center\"><img loading=\"lazy\" decoding=\"async\" class=\"alignright size-thumbnail wp-image-1323\" src=\"http:\/\/centros.unileon.es\/biologia\/files\/2011\/05\/FCCBA_Tripticos.jpg\" alt=\"FCCBA_Tripticos\" width=\"175\" height=\"230\" \/><\/td>\r\n<\/tr>\r\n<tr align=\"center\">\r\n<td align=\"center\"><a href=\"http:\/\/centros.unileon.es\/biologia\/files\/2011\/05\/FIP_Biologia.pdf\">Ficha informaci\u00f3n p\u00fablica<\/a><\/td>\r\n<td align=\"center\"><a href=\"http:\/\/centros.unileon.es\/biologia\/files\/2011\/05\/FCCBA_Triptico_Biologia_2014.pdf\">Tr\u00edptico del Grado<\/a><\/td>\r\n<\/tr>\r\n<\/tbody>\r\n<\/table>\r\n<\/div>\r\n<div>\r\n<h2>\u00bfQu\u00e9 competencias se adquieren?<\/h2>\r\n<ul>\r\n \t<li>Estudio, identificaci\u00f3n, an\u00e1lisis y clasificaci\u00f3n de los organismos vivos y de los agentes y materiales biol\u00f3gicos, as\u00ed como sus restos y se\u00f1ales de actividad.<\/li>\r\n \t<li>Investigaci\u00f3n, desarrollo y control de procesos biotecnol\u00f3gicos.<\/li>\r\n \t<li>Producci\u00f3n, transformaci\u00f3n, manipulaci\u00f3n, conservaci\u00f3n, identificaci\u00f3n y control de calidad de materiales de origen biol\u00f3gico.<\/li>\r\n \t<li>Estudio de los efectos biol\u00f3gicos de productos de cualquier naturaleza y control de su acci\u00f3n.<\/li>\r\n \t<li>Estudios gen\u00e9ticos y su aplicaci\u00f3n.<\/li>\r\n \t<li>Estudios ecol\u00f3gicos, evaluaci\u00f3n de impacto ambiental y planificaci\u00f3n, gesti\u00f3n, explotaci\u00f3n y conservaci\u00f3n de poblaciones, ecosistemas y recursos naturales terrestres y marinos.<\/li>\r\n \t<li>Asesoramiento cient\u00edfico y t\u00e9cnico sobre temas biol\u00f3gicos y su ense\u00f1anza en los niveles educativos donde se exija la titulaci\u00f3n m\u00ednima de licenciado o similar.<\/li>\r\n<\/ul>\r\nTodas aquellas actividades que guarden relaci\u00f3n con la Biolog\u00eda para recoger las nuevas actividades que emergen continuamente y lo har\u00e1n en un futuro.\r\n<h2>Salidas profesionales<\/h2>\r\nEl bi\u00f3logo ejerce su funci\u00f3n en un amplio rango profesional.\r\n<ul>\r\n \t<li>Sanitario en laboratorio cl\u00ednico, reproducci\u00f3n humana, salud p\u00fablica, nutrici\u00f3n y diet\u00e9tica, animal y vegetal.<\/li>\r\n \t<li>Investigaci\u00f3n y desarrollo en la industria farmac\u00e9utica, biom\u00e9dica y Biolog\u00eda marina.<\/li>\r\n \t<li>En la producci\u00f3n animal y vegetal.<\/li>\r\n \t<li>Medioambiente, ordenaci\u00f3n, gesti\u00f3n y conservaci\u00f3n de recursos naturales.<\/li>\r\n \t<li>Comercializaci\u00f3n de productos farmac\u00e9uticos y biol\u00f3gicos.<\/li>\r\n \t<li>Gesti\u00f3n y procesos de calidad.<\/li>\r\n \t<li>Docencia en ense\u00f1anza secundaria, formaci\u00f3n profesional y universitaria.<\/li>\r\n<\/ul>\r\n<h2>Documentos<\/h2>\r\n<ul>\r\n \t<li><a href=\"http:\/\/centros.unileon.es\/biologia\/files\/2011\/05\/Memoria-Verificaci\u00f3n-Biolog\u00eda-modficiada-y-aprobada-10-2011.pdf\">Memoria de verificaci\u00f3n del Grado<\/a><\/li>\r\n \t<li><a href=\"http:\/\/centros.unileon.es\/biologia\/files\/2011\/05\/Tablas_Equivalencia_Biologia.pdf\">Tablas de equivalencia entre Licenciatura y Grado<\/a><\/li>\r\n<\/ul>\r\n<h2>Plan de Estudios<\/h2>\r\nLa mayor parte de las actividades formativas se impartir\u00e1n en castellano. Se utilizar\u00e1n otros idiomas, fundamentalmente ingl\u00e9s, en materiales de estudio y actividades que as\u00ed lo requieran.\r\n<div align=\"center\">\r\n<table>\r\n<tbody>\r\n<tr>\r\n<th align=\"center\" width=\"300\">Tipos<\/th>\r\n<th align=\"center\" width=\"300\">ECTS<\/th>\r\n<\/tr>\r\n<tr>\r\n<td>B\u00e1sicas de la Rama<\/td>\r\n<td align=\"center\" width=\"300\">60<\/td>\r\n<\/tr>\r\n<tr>\r\n<td>Obligatorias<\/td>\r\n<td align=\"center\" width=\"300\">126<\/td>\r\n<\/tr>\r\n<tr>\r\n<td>Optativas<\/td>\r\n<td align=\"center\" width=\"300\">42<\/td>\r\n<\/tr>\r\n<tr>\r\n<td>Trabajo Fin de Grado<\/td>\r\n<td align=\"center\" width=\"300\">12<\/td>\r\n<\/tr>\r\n<tr>\r\n<td>TOTAL<\/td>\r\n<td align=\"center\" width=\"300\">240<\/td>\r\n<\/tr>\r\n<\/tbody>\r\n<\/table>\r\n<div align=\"center\">\r\n<table>\r\n<tbody>\r\n<tr>\r\n<th align=\"center\"><span style=\"color: #0101df;\"> Primer curso <\/span><\/th>\r\n<\/tr>\r\n<tr bgcolor=\"#0101df\">\r\n<th width=\"400\"><span style=\"color: #0080ff;\">1<sup>er<\/sup> Semestre &#8211; Asignaturas <\/span><\/th>\r\n<\/tr>\r\n<tr>\r\n<td>Biolog\u00eda I<\/td>\r\n<\/tr>\r\n<tr>\r\n<td>Qu\u00edmica<\/td>\r\n<\/tr>\r\n<tr>\r\n<td>Matem\u00e1ticas<\/td>\r\n<\/tr>\r\n<tr bgcolor=\"#0101df\">\r\n<th><span style=\"color: #0080ff;\">2<sup>o<\/sup> Semestre &#8211; Asignaturas <\/span><\/th>\r\n<\/tr>\r\n<tr>\r\n<td>Biolog\u00eda II<\/td>\r\n<\/tr>\r\n<tr>\r\n<td>F\u00edsica de los Procesos Biol\u00f3gicos<\/td>\r\n<\/tr>\r\n<tr>\r\n<td>Geolog\u00eda<\/td>\r\n<\/tr>\r\n<\/tbody>\r\n<\/table>\r\n<table>\r\n<tbody>\r\n<tr>\r\n<th align=\"center\"><span style=\"color: #0101df;\"> Segundo curso <\/span><\/th>\r\n<\/tr>\r\n<tr>\r\n<th width=\"400\"><span style=\"color: #0080ff;\">1<sup>er<\/sup> Semestre &#8211; Asignaturas <\/span><\/th>\r\n<\/tr>\r\n<tr>\r\n<td>Bot\u00e1nica Fundamental<\/td>\r\n<\/tr>\r\n<tr>\r\n<td>Citolog\u00eda e Histolog\u00eda Animal y Vegetal<\/td>\r\n<\/tr>\r\n<tr>\r\n<td>Ecolog\u00eda de Poblaciones<\/td>\r\n<\/tr>\r\n<tr>\r\n<td>Gen\u00e9tica Fundamental<\/td>\r\n<\/tr>\r\n<tr>\r\n<td>Zoolog\u00eda Fundamental<\/td>\r\n<\/tr>\r\n<tr bgcolor=\"#0101df\">\r\n<th><span style=\"color: #0080ff;\">2<sup>o<\/sup> Semestre &#8211; Asignaturas <\/span><\/th>\r\n<\/tr>\r\n<tr>\r\n<td>Antropolog\u00eda F\u00edsica<\/td>\r\n<\/tr>\r\n<tr>\r\n<td>Bioqu\u00edmica<\/td>\r\n<\/tr>\r\n<tr>\r\n<td>Fisiolog\u00eda Animal I<\/td>\r\n<\/tr>\r\n<tr>\r\n<td>Fisiolog\u00eda Vegetal<\/td>\r\n<\/tr>\r\n<tr>\r\n<td>Microbiolog\u00eda General<\/td>\r\n<\/tr>\r\n<\/tbody>\r\n<\/table>\r\n<table>\r\n<tbody>\r\n<tr>\r\n<th align=\"center\"><span style=\"color: #0101df;\"> Tercer curso <\/span><\/th>\r\n<\/tr>\r\n<tr bgcolor=\"#0101df\">\r\n<th width=\"400\"><span style=\"color: #0080ff;\">1<sup>er<\/sup> Semestre &#8211; Asignaturas <\/span><\/th>\r\n<\/tr>\r\n<tr>\r\n<td>Diversidad e Importancia de los Microorganismos<\/td>\r\n<\/tr>\r\n<tr>\r\n<td>Fisiolog\u00eda Vegetal Aplicada<\/td>\r\n<\/tr>\r\n<tr>\r\n<td>Fisiolog\u00eda animal II<\/td>\r\n<\/tr>\r\n<tr>\r\n<td>Organograf\u00eda Microsc\u00f3pica\r\nAnimal y Vegetal<\/td>\r\n<\/tr>\r\n<tr>\r\n<td>Regulaci\u00f3n del Metabol\u00edsmo<\/td>\r\n<\/tr>\r\n<tr bgcolor=\"#0101df\">\r\n<th><span style=\"color: #0080ff;\">2<sup>o<\/sup> Semestre &#8211; Asignaturas <\/span><\/th>\r\n<\/tr>\r\n<tr>\r\n<td>Bot\u00e1nica Avanzada y Aplicada<\/td>\r\n<\/tr>\r\n<tr>\r\n<td>Ecolog\u00eda de Comunidades y Ecosistemas<\/td>\r\n<\/tr>\r\n<tr>\r\n<td>Gen\u00e9tica Avanzada y Aplicada<\/td>\r\n<\/tr>\r\n<tr>\r\n<td>Zoolog\u00eda Avanzada y Aplicada<\/td>\r\n<\/tr>\r\n<tr>\r\n<td>Herramientas Inform\u00e1ticas Aplicadas\r\na la Biolog\u00eda<\/td>\r\n<\/tr>\r\n<tr>\r\n<td>T\u00e9cnicas de Muestreo y Dise\u00f1os\r\nExperimentales en Biolog\u00eda<\/td>\r\n<\/tr>\r\n<tr>\r\n<td>T\u00e9cnicas de Estudio de Mol\u00e9culas Biol\u00f3gicas<\/td>\r\n<\/tr>\r\n<\/tbody>\r\n<\/table>\r\n<table>\r\n<tbody>\r\n<tr>\r\n<th align=\"center\"><span style=\"color: #0101df;\"> Cuarto curso <\/span><\/th>\r\n<\/tr>\r\n<tr bgcolor=\"#0101df\">\r\n<th width=\"400\"><span style=\"color: #0080ff;\">Asignaturas Anuales<\/span><\/th>\r\n<\/tr>\r\n<tr>\r\n<td>Trabajo Fin de Grado<\/td>\r\n<\/tr>\r\n<tr bgcolor=\"#0101df\">\r\n<th><span style=\"color: #0080ff;\">1<sup>er<\/sup> Semestre &#8211; Asignaturas<\/span><\/th>\r\n<\/tr>\r\n<tr>\r\n<td>Inmunolog\u00eda: Bases de la Inmunidad<\/td>\r\n<\/tr>\r\n<tr>\r\n<td>Introducci\u00f3n a Proyectos en Biolog\u00eda<\/td>\r\n<\/tr>\r\n<tr>\r\n<td>Optativas<\/td>\r\n<\/tr>\r\n<tr bgcolor=\"#0101df\">\r\n<th><span style=\"color: #0080ff;\">2<sup>o<\/sup> Semestre &#8211; Asignaturas <\/span><\/th>\r\n<\/tr>\r\n<tr>\r\n<td>Deontolog\u00eda y Ejercicio Profesional del Bi\u00f3logo<\/td>\r\n<\/tr>\r\n<tr>\r\n<td>Evoluci\u00f3n<\/td>\r\n<\/tr>\r\n<tr>\r\n<td>Optativas<\/td>\r\n<\/tr>\r\n<\/tbody>\r\n<\/table>\r\n<table>\r\n<tbody>\r\n<tr>\r\n<th align=\"center\" width=\"400\"><span style=\"color: #2e2efe;\">Asignaturas Optativas<\/span><\/th>\r\n<\/tr>\r\n<\/tbody>\r\n<\/table>\r\n<table>\r\n<tbody>\r\n<tr>\r\n<th width=\"300\"><span style=\"color: #0080ff;\">1<sup>er<\/sup> Semestre<\/span><\/th>\r\n<\/tr>\r\n<tr>\r\n<td>Bioclimatolog\u00eda y Vegetaci\u00f3n<\/td>\r\n<\/tr>\r\n<tr>\r\n<td>Ecolog\u00eda y Gesti\u00f3n de Ecosistemas Terrestres<\/td>\r\n<\/tr>\r\n<tr>\r\n<td>Enzimolog\u00eda<\/td>\r\n<\/tr>\r\n<tr>\r\n<td>Evoluci\u00f3n Humana<\/td>\r\n<\/tr>\r\n<tr>\r\n<td>Fisiolog\u00eda Ambiental de las Plantas<\/td>\r\n<\/tr>\r\n<tr>\r\n<td>Fisiopatolog\u00eda<\/td>\r\n<\/tr>\r\n<tr>\r\n<td>Gen\u00e9tica Humana<\/td>\r\n<\/tr>\r\n<tr>\r\n<td>Gesti\u00f3n Cineg\u00e9tica y Pisc\u00edcola<\/td>\r\n<\/tr>\r\n<tr>\r\n<td>Manipulaci\u00f3n Gen\u00e9tica de Microorganismos<\/td>\r\n<\/tr>\r\n<tr>\r\n<td>Metabolismo Secundario de las Plantas<\/td>\r\n<\/tr>\r\n<tr>\r\n<td>Pr\u00e1cticas Externas I<\/td>\r\n<\/tr>\r\n<\/tbody>\r\n<\/table>\r\n<table>\r\n<tbody>\r\n<tr>\r\n<th width=\"300\"><span style=\"color: #0080ff;\">2<sup>o<\/sup> Semestre<\/span><\/th>\r\n<\/tr>\r\n<tr>\r\n<td>Biogeograf\u00eda y sus Aplicaciones<\/td>\r\n<\/tr>\r\n<tr>\r\n<td>Biolog\u00eda Celular<\/td>\r\n<\/tr>\r\n<tr>\r\n<td>Biolog\u00eda de la Conservaci\u00f3n<\/td>\r\n<\/tr>\r\n<tr>\r\n<td>Entomolog\u00eda<\/td>\r\n<\/tr>\r\n<tr>\r\n<td>Fisiolog\u00eda Animal Aplicada<\/td>\r\n<\/tr>\r\n<tr>\r\n<td>Limnolog\u00eda<\/td>\r\n<\/tr>\r\n<tr>\r\n<td>Mejora Gen\u00e9tica Vegetal<\/td>\r\n<\/tr>\r\n<tr>\r\n<td>Microbiolog\u00eda Aplicada e Industrial<\/td>\r\n<\/tr>\r\n<tr>\r\n<td>Patolog\u00eda Molecular<\/td>\r\n<\/tr>\r\n<tr>\r\n<td>Pr\u00e1cticas Externas II<\/td>\r\n<\/tr>\r\n<tr>\r\n<td>Teledetecci\u00f3n y SIG<\/td>\r\n<\/tr>\r\n<\/tbody>\r\n<\/table>\r\n<div align=\"center\"><a href=\"http:\/\/centros.unileon.es\/biologia\/\">Inicio<\/a><\/div>\r\n<\/div>\r\n<\/div>\r\n<\/div>","protected":false},"excerpt":{"rendered":"<p>El t\u00edtulo de Grado en Biolog\u00eda por la Universidad de Le\u00f3n es heredero de la Licenciatura que desde 1953 se viene impartiendo, por lo que estos estudios ya tienen una larga tradici\u00f3n. En la Universidad de Le\u00f3n la titulaci\u00f3n fue autorizada en 1961, lo que la hac\u00eda la tercera de Espa\u00f1a despu\u00e9s de Madrid y [&hellip;]<\/p>\n","protected":false},"author":3,"featured_media":0,"parent":0,"menu_order":0,"comment_status":"closed","ping_status":"open","template":"","meta":{"footnotes":""},"class_list":["post-607","page","type-page","status-publish","hentry"],"_links":{"self":[{"href":"https:\/\/centros.unileon.es\/biologia\/wp-json\/wp\/v2\/pages\/607","targetHints":{"allow":["GET"]}}],"collection":[{"href":"https:\/\/centros.unileon.es\/biologia\/wp-json\/wp\/v2\/pages"}],"about":[{"href":"https:\/\/centros.unileon.es\/biologia\/wp-json\/wp\/v2\/types\/page"}],"author":[{"embeddable":true,"href":"https:\/\/centros.unileon.es\/biologia\/wp-json\/wp\/v2\/users\/3"}],"replies":[{"embeddable":true,"href":"https:\/\/centros.unileon.es\/biologia\/wp-json\/wp\/v2\/comments?post=607"}],"version-history":[{"count":147,"href":"https:\/\/centros.unileon.es\/biologia\/wp-json\/wp\/v2\/pages\/607\/revisions"}],"predecessor-version":[{"id":8370,"href":"https:\/\/centros.unileon.es\/biologia\/wp-json\/wp\/v2\/pages\/607\/revisions\/8370"}],"wp:attachment":[{"href":"https:\/\/centros.unileon.es\/biologia\/wp-json\/wp\/v2\/media?parent=607"}],"curies":[{"name":"wp","href":"https:\/\/api.w.org\/{rel}","templated":true}]}}