{"id":5512,"date":"2014-01-19T20:51:42","date_gmt":"2014-01-19T20:51:42","guid":{"rendered":"http:\/\/centros.unileon.es\/biologia\/?page_id=5512"},"modified":"2020-12-10T11:34:55","modified_gmt":"2020-12-10T11:34:55","slug":"dna-paz-herraez-ortega","status":"publish","type":"page","link":"https:\/\/centros.unileon.es\/biologia\/dna-paz-herraez-ortega\/","title":{"rendered":"Responsables Movilidad Nacional e Internacional"},"content":{"rendered":"<table style=\"width: 100%;\">\r\n<tbody>\r\n<tr>\r\n<th style=\"width: 22.4232%;\">Nombre<\/th>\r\n<td style=\"width: 77.396%;\">\r\n<p>Dra. M\u00aa Paz Herr\u00e1ez Ortega-Responsable de Movilidad Grado en Biotecnolog\u00eda<\/p>\r\n<\/td>\r\n<\/tr>\r\n<tr>\r\n<th style=\"width: 22.4232%;\">Departamento (\u00c1rea)<\/th>\r\n<td style=\"width: 77.396%;\">Biolog\u00eda Molecular (Biolog\u00eda Celular)<\/td>\r\n<\/tr>\r\n<tr>\r\n<th style=\"width: 22.4232%;\">Tel\u00e9fono<\/th>\r\n<td style=\"width: 77.396%;\">987 291912<\/td>\r\n<\/tr>\r\n<tr>\r\n<th style=\"width: 22.4232%;\">Correo electr\u00f3nico<\/th>\r\n<td style=\"width: 77.396%;\"><strong><a href=\"mailto:paz.herraez@unileon.es \">paz.herraez@unileon.es <\/a><\/strong><\/td>\r\n<\/tr>\r\n<\/tbody>\r\n<\/table>\r\n<table style=\"width: 100%; height: 78px;\">\r\n<tbody>\r\n<tr style=\"height: 35px;\">\r\n<th style=\"height: 35px; width: 22.0614%;\">Nombre<\/th>\r\n<td style=\"height: 35px; width: 77.7578%;\">Dra. Laura L\u00f3pez Campano-Responsable de Movilidad Grado en Ciencias Ambientales<\/td>\r\n<\/tr>\r\n<tr style=\"height: 18px;\">\r\n<th style=\"height: 18px; width: 22.0614%;\">Departamento (\u00c1rea)<\/th>\r\n<td style=\"height: 18px; width: 77.7578%;\">Qu\u00edmica y F\u00edsica Aplicadas (F\u00edsica Aplicada)<\/td>\r\n<\/tr>\r\n<tr style=\"height: 10px;\">\r\n<th style=\"height: 10px; width: 22.0614%;\">Tel\u00e9fono<\/th>\r\n<td style=\"height: 10px; width: 77.7578%;\">987 291499<\/td>\r\n<\/tr>\r\n<tr style=\"height: 15px;\">\r\n<th style=\"height: 15px; width: 22.0614%;\">Correo electr\u00f3nico<\/th>\r\n<td style=\"height: 15px; width: 77.7578%;\"><strong><a href=\"mailto:laura.lopez@unileon.es\">laura.lopez@unileon.es<\/a> <\/strong><\/td>\r\n<\/tr>\r\n<\/tbody>\r\n<\/table>\r\n<table style=\"width: 100%;\">\r\n<tbody>\r\n<tr>\r\n<th style=\"width: 22.0614%;\">Nombre<\/th>\r\n<td style=\"width: 77.7578%;\">Dr. Luis E. S\u00e1enz de Miera Carnicer-Responsable de Movilidad Grado en Biolog\u00eda<\/td>\r\n<\/tr>\r\n<tr>\r\n<th style=\"width: 22.0614%;\">Departamento (\u00c1rea)<\/th>\r\n<td style=\"width: 77.7578%;\">Biolog\u00eda Molecular (Gen\u00e9tica)<\/td>\r\n<\/tr>\r\n<tr>\r\n<th style=\"width: 22.0614%;\">Tel\u00e9fono<\/th>\r\n<td style=\"width: 77.7578%;\">987 291547<\/td>\r\n<\/tr>\r\n<tr>\r\n<th style=\"width: 22.0614%;\">Correo electr\u00f3nico<\/th>\r\n<td style=\"width: 77.7578%;\"><strong><a href=\"mailto:luis.saenzdemiera@unileon.es\">luis.saenzdemiera@unileon.es<\/a> <\/strong><\/td>\r\n<\/tr>\r\n<\/tbody>\r\n<\/table>","protected":false},"excerpt":{"rendered":"<p>Nombre Dra. M\u00aa Paz Herr\u00e1ez Ortega-Responsable de Movilidad Grado en Biotecnolog\u00eda Departamento (\u00c1rea) Biolog\u00eda Molecular (Biolog\u00eda Celular) Tel\u00e9fono 987 291912 Correo electr\u00f3nico paz.herraez@unileon.es Nombre Dra. Laura L\u00f3pez Campano-Responsable de Movilidad Grado en Ciencias Ambientales Departamento (\u00c1rea) Qu\u00edmica y F\u00edsica Aplicadas (F\u00edsica Aplicada) Tel\u00e9fono 987 291499 Correo electr\u00f3nico laura.lopez@unileon.es Nombre Dr. Luis E. S\u00e1enz de Miera [&hellip;]<\/p>\n","protected":false},"author":3,"featured_media":0,"parent":0,"menu_order":0,"comment_status":"closed","ping_status":"open","template":"","meta":{"footnotes":""},"class_list":["post-5512","page","type-page","status-publish","hentry"],"_links":{"self":[{"href":"https:\/\/centros.unileon.es\/biologia\/wp-json\/wp\/v2\/pages\/5512","targetHints":{"allow":["GET"]}}],"collection":[{"href":"https:\/\/centros.unileon.es\/biologia\/wp-json\/wp\/v2\/pages"}],"about":[{"href":"https:\/\/centros.unileon.es\/biologia\/wp-json\/wp\/v2\/types\/page"}],"author":[{"embeddable":true,"href":"https:\/\/centros.unileon.es\/biologia\/wp-json\/wp\/v2\/users\/3"}],"replies":[{"embeddable":true,"href":"https:\/\/centros.unileon.es\/biologia\/wp-json\/wp\/v2\/comments?post=5512"}],"version-history":[{"count":11,"href":"https:\/\/centros.unileon.es\/biologia\/wp-json\/wp\/v2\/pages\/5512\/revisions"}],"predecessor-version":[{"id":10260,"href":"https:\/\/centros.unileon.es\/biologia\/wp-json\/wp\/v2\/pages\/5512\/revisions\/10260"}],"wp:attachment":[{"href":"https:\/\/centros.unileon.es\/biologia\/wp-json\/wp\/v2\/media?parent=5512"}],"curies":[{"name":"wp","href":"https:\/\/api.w.org\/{rel}","templated":true}]}}