{"id":5402,"date":"2013-12-18T22:39:07","date_gmt":"2013-12-18T22:39:07","guid":{"rendered":"http:\/\/centros.unileon.es\/biologia\/?page_id=5402"},"modified":"2013-12-20T10:44:45","modified_gmt":"2013-12-20T10:44:45","slug":"primer-encuentro-cc-ambientales","status":"publish","type":"page","link":"https:\/\/centros.unileon.es\/biologia\/primer-encuentro-cc-ambientales\/","title":{"rendered":"Primer Encuentro Interuniversitario del Grado en Ciencias Ambientales"},"content":{"rendered":"Este encuentro Interuniversitario se celebr\u00f3 en el edificio Central de la Facultad de Ciencias Biol\u00f3gicas y Ambientales, los d\u00edas 21 y 22 de noviembre de 2013.\r\n\r\n&#8211; <a href=\"http:\/\/centros.unileon.es\/biologia\/files\/2013\/12\/Programa.pdf\">Programa del Encuentro<\/a>\r\n\r\n<h3>Valoraci\u00f3n del proceso de implantaci\u00f3n del Grado en Ciencias Ambientales<\/h3>\r\n<h4>1- Percepci\u00f3n del personal acad\u00e9mico<\/h4>\r\n<ul>\r\n<li><a href=\"http:\/\/centros.unileon.es\/biologia\/files\/2013\/12\/Percepcion_PDI_ULE.pdf\">Camino Fern\u00e1ndez Al\u00e1ez. Le\u00f3n<\/a><\/li>\r\n<li><a href=\"http:\/\/centros.unileon.es\/biologia\/files\/2013\/12\/Percepcion_PDI_Uha.pdf\">M\u00aa Jes\u00fas Salado Garc\u00eda. Alcal\u00e1 de Henares<\/a><\/li>\r\n<li><a href=\"http:\/\/centros.unileon.es\/biologia\/files\/2013\/12\/Percepcion_PDI-2_Uha.pdf\">Antonio Sastre Merl\u00edn. Alcal\u00e1 de Henares<\/a><\/li>\r\n<li><a href=\"http:\/\/centros.unileon.es\/biologia\/files\/2013\/12\/Percepcion_PDI_UEX.pdf\">Manuel Mota Medina. Extremadura<\/a><\/li>\r\n<\/ul>\r\n\r\n<h4>2- Percepci\u00f3n de los alumnos<\/h4>\r\n<ul>\r\n<li><a href=\"http:\/\/centros.unileon.es\/biologia\/files\/2013\/12\/percepcion_alumnos_ULE.pdf\">Rosa Valencia (PAT) y estudiantes: Andr\u00e9s Mayorga Morencia, Noem\u00ed N\u00fa\u00f1ez Cea y Laura S\u00e1nchez Sanz<\/a><\/li>\r\n<\/ul>\r\n\r\n<h4>3- Percepci\u00f3n del PAS<\/h4>\r\n<ul>\r\n<li><a href=\"http:\/\/centros.unileon.es\/biologia\/files\/2013\/12\/presentacion_PAS_ULE.pdf\">Celia S\u00e1ez S\u00e1ez, Miguel de Luis Calabuig y Victoriana del Canto Mata<\/a><\/li>\r\n<\/ul>\r\n\r\n<h4>4- El Sistema de garant\u00eda de calidad interna: seguimiento del Grado<\/h4>\r\n<ul>\r\n<li><a href=\"http:\/\/centros.unileon.es\/biologia\/files\/2013\/12\/SGC_seguimiento_ULE.pdf\">Amaya Castro Izquierdo. Le\u00f3n<\/a><\/li>\r\n<li><a href=\"http:\/\/centros.unileon.es\/biologia\/files\/2013\/12\/SGC_seguimiento_ULE_oficina.pdf\">Carolina P\u00e9rez Rodr\u00edguez. Le\u00f3n<\/a><\/li>\r\n<li><a href=\"http:\/\/centros.unileon.es\/biologia\/files\/2013\/12\/SGC_seguimiento_ACSUCYL.pdf\">Sonia Mart\u00edn Cerro. ACSUCYL<\/a><\/li>\r\n<li><a href=\"http:\/\/centros.unileon.es\/biologia\/files\/2013\/12\/SGC_seguimiento_UHA.pdf\">M\u00aa Jes\u00fas Salado Garc\u00eda. Alcal\u00e1 de Henares<\/a><\/li>\r\n<\/ul>\r\n\r\n<h4>5- Problem\u00e1tica surgida en la puesta en marcha del TFG y de las Pr\u00e1cticas externas<\/h4>\r\n<ul>\r\n<li><a href=\"http:\/\/centros.unileon.es\/biologia\/files\/2013\/12\/TFG_Practicas_externas_ULE.pdf\">M\u00aa Luz Centeno Mart\u00edn. Le\u00f3n<\/a><\/li>\r\n<li><a href=\"http:\/\/centros.unileon.es\/biologia\/files\/2013\/12\/TFG_Practicas_Externas_UHA.pdf\">M\u00aa Jes\u00fas Salado Garc\u00eda. Alcal\u00e1 de Henares<\/a><\/li>\r\n<\/ul>\r\n\r\n<h4>6- Mesa redonda: Conclusiones de la primera Jornada<\/h4>\r\n<ul><a href=\"http:\/\/centros.unileon.es\/biologia\/files\/2013\/12\/mesa_redonda_primera_jornada.pdf\">Marta Eva Garc\u00eda Gonz\u00e1lez. Le\u00f3n<\/a>\r\n<\/ul>\r\n\r\n<h3>Experiencias de implantaci\u00f3n e iniciativas de innovaci\u00f3n docente<\/h3>\r\n<h4>1- Situaci\u00f3n de los Egresados en CC. Ambientales<\/h4>\r\n<ul>\r\n<li><a href=\"http:\/\/centros.unileon.es\/biologia\/files\/2013\/12\/Egresados_CECCAA.pdf\">Paula Bald\u00f3 de Andr\u00e9s.CECCAA<\/a><\/li>\r\n<li><a href=\"http:\/\/centros.unileon.es\/biologia\/files\/2013\/12\/Egresados_FGULEM.pdf\">Jos\u00e9 Carlos Alonso. FGULEM Le\u00f3n<\/a><\/li>\r\n<li><a href=\"http:\/\/centros.unileon.es\/biologia\/files\/2013\/12\/Egresados_UHA.pdf\">Carlos Carrera Olivares. Extremadura<\/a><\/li>\r\n<\/ul>\r\n\r\n<h4>2- Experiencias de implantaci\u00f3n e iniciativas de innovaci\u00f3n docente<\/h4>\r\n<ul>\r\n<li><a href=\"http:\/\/centros.unileon.es\/biologia\/files\/2013\/12\/innovacion_participacion_estudiantil.pdf\">Participaci\u00f3n universitaria de los estudiantes. Silvia Mart\u00ednez P\u00e9rez. Alcal\u00e1 de Henares<\/a><\/li>\r\n<li><a href=\"http:\/\/centros.unileon.es\/biologia\/files\/2013\/12\/Innovacion_Voluntariado_R\u00edos1.pdf\"><em>Internacional World Water Monitoring Day<\/em>. Silvia Mart\u00ednez P\u00e9rez. Alcal\u00e1 de Henares<\/a><\/li>\r\n<li><a href=\"http:\/\/centros.unileon.es\/biologia\/files\/2013\/12\/Experiencia_implantaci\u00f3n_dobles_-grados.pdf\">Implantaci\u00f3n de dobles grados con Ambientales. Laureana Rebordinos Gonz\u00e1lez. C\u00e1diz<\/a><\/li>\r\n<li><a href=\"http:\/\/centros.unileon.es\/biologia\/files\/2013\/12\/innovacion_fascinacion_plantas.pdf\">Elaboraci\u00f3n de actividades en el D\u00eda Internacional de la Fascinaci\u00f3n por las Plantas. Marta Eva Garc\u00eda Gonz\u00e1lez y Raquel Alonso Redondo. Le\u00f3n<\/a><\/li>\r\n<li><a href=\"http:\/\/centros.unileon.es\/biologia\/files\/2013\/12\/Innovacion_Fascinacion_comunicacion_cientifica.pdf\">De la fascinaci\u00f3n por las plantas a la fascinaci\u00f3n por la comunicaci\u00f3n cient\u00edfica. Jose Luis Acebes Arranz. Le\u00f3n<\/a><\/li>\r\n<li><a href=\"http:\/\/centros.unileon.es\/biologia\/files\/2013\/12\/Innovacion_metereologia.pdf\">Meteorolog\u00eda en el Grado en Ciencias Ambientales: implantaci\u00f3n e innovaci\u00f3n docente. Jos\u00e9 Luis S\u00e1nchez G\u00f3mez y Laura L\u00f3pez Campano. Le\u00f3n<\/a><\/li>\r\n<\/ul>\r\n<h4>2- Conclusiones del Encuentro y Clausura de las Jornadas<\/h4>\r\n<ul>\r\n<li><a href=\"http:\/\/centros.unileon.es\/biologia\/files\/2013\/12\/CONCLUSIONES_ENCUENTRO_CLAUSURA.pdf\">Notas de la clausura. Marta Eva Garc\u00eda Gonz\u00e1lez. Le\u00f3n<\/a><\/li>\r\n<\/ul>","protected":false},"excerpt":{"rendered":"<p>Este encuentro Interuniversitario se celebr\u00f3 en el edificio Central de la Facultad de Ciencias Biol\u00f3gicas y Ambientales, los d\u00edas 21 y 22 de noviembre de 2013. &#8211; Programa del Encuentro Valoraci\u00f3n del proceso de implantaci\u00f3n del Grado en Ciencias Ambientales 1- Percepci\u00f3n del personal acad\u00e9mico Camino Fern\u00e1ndez Al\u00e1ez. Le\u00f3n M\u00aa Jes\u00fas Salado Garc\u00eda. Alcal\u00e1 de [&hellip;]<\/p>\n","protected":false},"author":3,"featured_media":0,"parent":0,"menu_order":0,"comment_status":"closed","ping_status":"open","template":"","meta":{"footnotes":""},"class_list":["post-5402","page","type-page","status-publish","hentry"],"_links":{"self":[{"href":"https:\/\/centros.unileon.es\/biologia\/wp-json\/wp\/v2\/pages\/5402","targetHints":{"allow":["GET"]}}],"collection":[{"href":"https:\/\/centros.unileon.es\/biologia\/wp-json\/wp\/v2\/pages"}],"about":[{"href":"https:\/\/centros.unileon.es\/biologia\/wp-json\/wp\/v2\/types\/page"}],"author":[{"embeddable":true,"href":"https:\/\/centros.unileon.es\/biologia\/wp-json\/wp\/v2\/users\/3"}],"replies":[{"embeddable":true,"href":"https:\/\/centros.unileon.es\/biologia\/wp-json\/wp\/v2\/comments?post=5402"}],"version-history":[{"count":23,"href":"https:\/\/centros.unileon.es\/biologia\/wp-json\/wp\/v2\/pages\/5402\/revisions"}],"predecessor-version":[{"id":5452,"href":"https:\/\/centros.unileon.es\/biologia\/wp-json\/wp\/v2\/pages\/5402\/revisions\/5452"}],"wp:attachment":[{"href":"https:\/\/centros.unileon.es\/biologia\/wp-json\/wp\/v2\/media?parent=5402"}],"curies":[{"name":"wp","href":"https:\/\/api.w.org\/{rel}","templated":true}]}}