{"id":4904,"date":"2013-06-07T11:53:56","date_gmt":"2013-06-07T11:53:56","guid":{"rendered":"http:\/\/centros.unileon.es\/biologia\/?page_id=4904"},"modified":"2016-06-01T12:22:51","modified_gmt":"2016-06-01T12:22:51","slug":"ii-jornadas-de-orientacion-profesional-2012","status":"publish","type":"page","link":"https:\/\/centros.unileon.es\/biologia\/ii-jornadas-de-orientacion-profesional-2012\/","title":{"rendered":"II Jornadas de Orientaci\u00f3n Profesional (2012)"},"content":{"rendered":"Oganizadas por la Fundaci\u00f3n General de la Universidad de Le\u00f3n y de la Empresa (FGULEM) y la Facultad de Ciencias Biol\u00f3gicas y Ambientales de la Universidad de Le\u00f3n\r\n\r\nSe realizaron en los dias 30 de marzo y 17 de abril de 2012 en el Aula Magna de la Facultad de Ciencias Biol\u00f3gicas y Ambientales \r\n\r\n<a href=\"http:\/\/centros.unileon.es\/biologia\/files\/2011\/10\/II_Jornadas_Orientacion_Profesional_20121.pdf\"> Programa de las Jornadas<\/a>\r\n\r\n\r\n<br \/><br \/> <b><u>Primera Jornada. Perfiles Profesionales<\/u><\/b>\r\n<ul>\r\n<li><a href=\"http:\/\/centros.unileon.es\/biologia\/files\/2011\/10\/Laura-Giner-Robles.pdf\">D\u00aa Laura Giner Robles<\/a><\/li>\r\n\r\n<li><a href=\"http:\/\/centros.unileon.es\/biologia\/files\/2011\/10\/Indira-Alvarez-Fernandez.pdf\">D\u00aa Indira \u00c1lvarez Fern\u00e1ndez<\/a><\/li>\r\n\r\n<li><a href=\"http:\/\/centros.unileon.es\/biologia\/files\/2011\/10\/Jose-Ignacio-Obeso-Rodriguez.pdf\">D. Ignacio Obeso Rodr\u00edguez<\/a><\/li>\r\n\r\n<li><a href=\"http:\/\/centros.unileon.es\/biologia\/files\/2011\/10\/Vicerrector-de-Investigacion.pdf\">D. Alberto Villena Cort\u00e9s. Vicerrector de Investigaci\u00f3n.<\/a><\/li>\r\n\r\n<li><a href=\"http:\/\/centros.unileon.es\/biologia\/files\/2011\/10\/Gadea-Biopharma.pdf\">D. Jose Luis Barredo Fuente. Gadea Biopharma.<\/a><\/li>\r\n\r\n<li><a href=\"http:\/\/centros.unileon.es\/biologia\/files\/2011\/10\/Gustavo-Gonzalez.pdf\">D. Gustavo Gonz\u00e1lez Fern\u00e1ndez. ICTHIOS.<\/a><\/li>\r\n<\/ul>\r\n\r\n\r\n<b><u>Segunda Jornada. Formaci\u00f3n y empleo<\/u><\/b>\r\n<ul>\r\n<li><a href=\"http:\/\/centros.unileon.es\/biologia\/files\/2011\/10\/Colegio-de-Bi\u00f3logos.pdf\">D\u00aa. Carolina Vara Malag\u00f3n. Colegio Oficial de Bi\u00f3logos.<\/a><\/li>\r\n<li><a href=\"http:\/\/centros.unileon.es\/biologia\/files\/2011\/10\/Fgulem-2012.pdf\">D\u00aa. Rosa Alonso Mateos. FGULEM.<\/a><\/li>\r\n<\/ul>","protected":false},"excerpt":{"rendered":"<p>Oganizadas por la Fundaci\u00f3n General de la Universidad de Le\u00f3n y de la Empresa (FGULEM) y la Facultad de Ciencias Biol\u00f3gicas y Ambientales de la Universidad de Le\u00f3n Se realizaron en los dias 30 de marzo y 17 de abril de 2012 en el Aula Magna de la Facultad de Ciencias Biol\u00f3gicas y Ambientales Programa [&hellip;]<\/p>\n","protected":false},"author":3,"featured_media":0,"parent":0,"menu_order":0,"comment_status":"closed","ping_status":"closed","template":"","meta":{"footnotes":""},"class_list":["post-4904","page","type-page","status-publish","hentry"],"_links":{"self":[{"href":"https:\/\/centros.unileon.es\/biologia\/wp-json\/wp\/v2\/pages\/4904","targetHints":{"allow":["GET"]}}],"collection":[{"href":"https:\/\/centros.unileon.es\/biologia\/wp-json\/wp\/v2\/pages"}],"about":[{"href":"https:\/\/centros.unileon.es\/biologia\/wp-json\/wp\/v2\/types\/page"}],"author":[{"embeddable":true,"href":"https:\/\/centros.unileon.es\/biologia\/wp-json\/wp\/v2\/users\/3"}],"replies":[{"embeddable":true,"href":"https:\/\/centros.unileon.es\/biologia\/wp-json\/wp\/v2\/comments?post=4904"}],"version-history":[{"count":2,"href":"https:\/\/centros.unileon.es\/biologia\/wp-json\/wp\/v2\/pages\/4904\/revisions"}],"predecessor-version":[{"id":8257,"href":"https:\/\/centros.unileon.es\/biologia\/wp-json\/wp\/v2\/pages\/4904\/revisions\/8257"}],"wp:attachment":[{"href":"https:\/\/centros.unileon.es\/biologia\/wp-json\/wp\/v2\/media?parent=4904"}],"curies":[{"name":"wp","href":"https:\/\/api.w.org\/{rel}","templated":true}]}}