{"id":2690,"date":"2011-11-10T11:48:43","date_gmt":"2011-11-10T11:48:43","guid":{"rendered":"http:\/\/centros.unileon.es\/biologia\/?page_id=2690"},"modified":"2025-12-16T11:57:49","modified_gmt":"2025-12-16T11:57:49","slug":"aulas-informatica-libre-acceso","status":"publish","type":"page","link":"https:\/\/centros.unileon.es\/biologia\/aulas-informatica-libre-acceso\/","title":{"rendered":"Aulas de inform\u00e1tica"},"content":{"rendered":"<p>La Facultad de Ciencias Biol\u00f3gicas y Ambientales cuenta con <strong>tres Aulas de Inform\u00e1tica <\/strong>dos situadas en el Edificio Central y otro situada en el Edificio Darwin.<\/p>\r\n<h2>Edificio Central<\/h2>\r\n<p style=\"text-align: justify;\">Aula de inform\u00e1tica\u00a0 situada en la primera planta, con acceso por la puerta n\u00ba 5. Tiene 20 ordenadores para alumnos y uno para el profesor, con conexi\u00f3n a internet. El horario de esta sala es de 8.00 a 20.00 horas. Su uso es exclusivamente docente.<\/p>\r\n<p>Aula de inform\u00e1tica situada en la segunda planta, con acceso por la puerta n\u00ba 316. Tiene 19 ordenadores para alumnos y uno para el profesor, con conexi\u00f3n a internet. Su uso es exclusivamente docente.<\/p>\r\n<h2>Edificio Darwin<\/h2>\r\n<p style=\"text-align: justify;\">Aula de inform\u00e1tica situada en la planta baja del edificio Darwin, con acceso por la puerta n\u00ba 22. Tiene 20 ordenadores para alumnos y uno para el profesor, con conexi\u00f3n a internet. El horario de esta sala es de 8.00 a 20.00 horas. Su uso es exclusivamente docente.<\/p>\r\n<div align=\"center\"><a href=\"http:\/\/centros.unileon.es\/biologia\/\">Inicio<\/a><\/div>","protected":false},"excerpt":{"rendered":"<p>La Facultad de Ciencias Biol\u00f3gicas y Ambientales cuenta con tres Aulas de Inform\u00e1tica dos situadas en el Edificio Central y otro situada en el Edificio Darwin. Edificio Central Aula de inform\u00e1tica\u00a0 situada en la primera planta, con acceso por la puerta n\u00ba 5. Tiene 20 ordenadores para alumnos y uno para el profesor, con conexi\u00f3n [&hellip;]<\/p>\n","protected":false},"author":3,"featured_media":0,"parent":0,"menu_order":0,"comment_status":"closed","ping_status":"open","template":"","meta":{"footnotes":""},"class_list":["post-2690","page","type-page","status-publish","hentry"],"_links":{"self":[{"href":"https:\/\/centros.unileon.es\/biologia\/wp-json\/wp\/v2\/pages\/2690","targetHints":{"allow":["GET"]}}],"collection":[{"href":"https:\/\/centros.unileon.es\/biologia\/wp-json\/wp\/v2\/pages"}],"about":[{"href":"https:\/\/centros.unileon.es\/biologia\/wp-json\/wp\/v2\/types\/page"}],"author":[{"embeddable":true,"href":"https:\/\/centros.unileon.es\/biologia\/wp-json\/wp\/v2\/users\/3"}],"replies":[{"embeddable":true,"href":"https:\/\/centros.unileon.es\/biologia\/wp-json\/wp\/v2\/comments?post=2690"}],"version-history":[{"count":33,"href":"https:\/\/centros.unileon.es\/biologia\/wp-json\/wp\/v2\/pages\/2690\/revisions"}],"predecessor-version":[{"id":13418,"href":"https:\/\/centros.unileon.es\/biologia\/wp-json\/wp\/v2\/pages\/2690\/revisions\/13418"}],"wp:attachment":[{"href":"https:\/\/centros.unileon.es\/biologia\/wp-json\/wp\/v2\/media?parent=2690"}],"curies":[{"name":"wp","href":"https:\/\/api.w.org\/{rel}","templated":true}]}}