{"id":1636,"date":"2011-06-14T08:10:25","date_gmt":"2011-06-14T08:10:25","guid":{"rendered":"http:\/\/centros.unileon.es\/biologia\/?page_id=1636"},"modified":"2025-12-16T11:56:15","modified_gmt":"2025-12-16T11:56:15","slug":"edificio-central","status":"publish","type":"page","link":"https:\/\/centros.unileon.es\/biologia\/edificio-central\/","title":{"rendered":"Edificio Central"},"content":{"rendered":"<h2>Planta Baja<\/h2>\r\n<div><a href=\"https:\/\/centros.unileon.es\/biologia\/files\/2024\/09\/Planta-baja-scaled.jpg\"><img loading=\"lazy\" decoding=\"async\" class=\"alignnone wp-image-12638 size-full\" src=\"https:\/\/centros.unileon.es\/biologia\/files\/2024\/09\/Planta-baja-scaled.jpg\" alt=\"\" width=\"2560\" height=\"1440\" srcset=\"https:\/\/centros.unileon.es\/biologia\/files\/2024\/09\/Planta-baja-scaled.jpg 2560w, https:\/\/centros.unileon.es\/biologia\/files\/2024\/09\/Planta-baja-300x169.jpg 300w, https:\/\/centros.unileon.es\/biologia\/files\/2024\/09\/Planta-baja-1024x576.jpg 1024w, https:\/\/centros.unileon.es\/biologia\/files\/2024\/09\/Planta-baja-768x432.jpg 768w, https:\/\/centros.unileon.es\/biologia\/files\/2024\/09\/Planta-baja-1536x864.jpg 1536w, https:\/\/centros.unileon.es\/biologia\/files\/2024\/09\/Planta-baja-2048x1152.jpg 2048w\" sizes=\"auto, (max-width: 2560px) 100vw, 2560px\" \/><\/a><\/div>\r\n<ul>\r\n\t<li style=\"text-align: left;\">1- Conserjer\u00eda<\/li>\r\n\t<li style=\"text-align: left;\">2- Secretar\u00eda<\/li>\r\n\t<li style=\"text-align: left;\">3- Vicedecanos y Secretario<\/li>\r\n\t<li style=\"text-align: left;\">4- Decanato<\/li>\r\n\t<li style=\"text-align: left;\"><a href=\"http:\/\/centros.unileon.es\/biologia\/instalaciones-edificio-central\/#Salon_grados\">5- Sal\u00f3n de Grados<\/a><\/li>\r\n\t<li style=\"text-align: left;\"><a href=\"http:\/\/centros.unileon.es\/biologia\/instalaciones-edificio-central\/#Exp.1\">6- Sala exposiciones I<\/a><\/li>\r\n\t<li style=\"text-align: left;\">7- Biblioteca Prof. Dr. Salvador Rivas Mart\u00ednez<\/li>\r\n\t<li style=\"text-align: left;\"><a href=\"http:\/\/centros.unileon.es\/biologia\/instalaciones-edificio-central\/#a10\">8- Aula 10<\/a><\/li>\r\n\t<li style=\"text-align: left;\"><a href=\"http:\/\/centros.unileon.es\/biologia\/instalaciones-edificio-central\/#a11\">9- Aula 11<\/a><\/li>\r\n\t<li style=\"text-align: left;\"><a href=\"http:\/\/centros.unileon.es\/biologia\/instalaciones-edificio-central\/#lab_bioqui\">10- Biobanco<\/a><\/li>\r\n\t<li style=\"text-align: left;\"><a href=\"http:\/\/centros.unileon.es\/biologia\/instalaciones-edificio-central\/#amagna\">11- Aula Magna<\/a><\/li>\r\n\t<li style=\"text-align: left;\"><a href=\"http:\/\/centros.unileon.es\/biologia\/instalaciones-edificio-central\/#Sala_juntas\">12- Sala de Juntas<\/a><\/li>\r\n\t<li style=\"text-align: left;\">13- Laboratorio Ambiental<\/li>\r\n\t<li style=\"text-align: left;\">14- Herbario LEB<\/li>\r\n\t<li style=\"text-align: left;\">15- \u00c1rea de Fisiolog\u00eda Vegetal<\/li>\r\n\t<li style=\"text-align: left;\">16- \u00c1rea de Biolog\u00eda Celular<\/li>\r\n<\/ul>\r\n<p>&nbsp;<\/p>\r\n<p>&nbsp;<\/p>\r\n<h2>Planta Primera<\/h2>\r\n<div><a href=\"https:\/\/centros.unileon.es\/biologia\/files\/2024\/09\/Primera-planta-scaled.jpg\"><img loading=\"lazy\" decoding=\"async\" class=\"alignnone size-full wp-image-12643\" src=\"https:\/\/centros.unileon.es\/biologia\/files\/2024\/09\/Primera-planta-scaled.jpg\" alt=\"\" width=\"2560\" height=\"1440\" srcset=\"https:\/\/centros.unileon.es\/biologia\/files\/2024\/09\/Primera-planta-scaled.jpg 2560w, https:\/\/centros.unileon.es\/biologia\/files\/2024\/09\/Primera-planta-300x169.jpg 300w, https:\/\/centros.unileon.es\/biologia\/files\/2024\/09\/Primera-planta-1024x576.jpg 1024w, https:\/\/centros.unileon.es\/biologia\/files\/2024\/09\/Primera-planta-768x432.jpg 768w, https:\/\/centros.unileon.es\/biologia\/files\/2024\/09\/Primera-planta-1536x864.jpg 1536w, https:\/\/centros.unileon.es\/biologia\/files\/2024\/09\/Primera-planta-2048x1152.jpg 2048w\" sizes=\"auto, (max-width: 2560px) 100vw, 2560px\" \/><\/a><\/div>\r\n<ul style=\"margin-top: 50px;\">\r\n\t<li><a href=\"http:\/\/centros.unileon.es\/biologia\/instalaciones-edificio-central\/#a04\">1- Aula 04<\/a><\/li>\r\n\t<li><a href=\"http:\/\/centros.unileon.es\/biologia\/instalaciones-edificio-central\/#a06\">2- Aula 06<\/a><\/li>\r\n\t<li><a href=\"http:\/\/centros.unileon.es\/biologia\/instalaciones-edificio-central\/#a07\">3- Aula 07<\/a><\/li>\r\n\t<li><a href=\"http:\/\/centros.unileon.es\/biologia\/instalaciones-edificio-central\/#a08\">4- Aula 08<\/a><\/li>\r\n\t<li><a href=\"http:\/\/centros.unileon.es\/biologia\/instalaciones-edificio-central\/#a09\">5- Aula 09<\/a><\/li>\r\n\t<li><a href=\"http:\/\/centros.unileon.es\/biologia\/instalaciones-edificio-central\/a12\">6- Aula 12<\/a><\/li>\r\n\t<li><a href=\"http:\/\/centros.unileon.es\/biologia\/instalaciones-edificio-central\/#lab_funda\">7- Lab. Fundamental<\/a><\/li>\r\n\t<li><a href=\"http:\/\/centros.unileon.es\/biologia\/instalaciones-edificio-central\/#lab_micro\">8- Lab. Microscop\u00eda (Mixto)<\/a><\/li>\r\n\t<li>9- \u00c1rea de Geolog\u00eda<\/li>\r\n\t<li>10- \u00c1rea de Paleontolog\u00eda<\/li>\r\n\t<li>11- \u00c1rea de Antropolog\u00eda<\/li>\r\n\t<li>12- \u00c1rea de Zoolog\u00eda<\/li>\r\n\t<li>13- \u00c1rea de Microbiolog\u00eda<\/li>\r\n\t<li><a href=\"http:\/\/centros.unileon.es\/biologia\/?p=6078\">14- Aula 05. Sala de Inform\u00e1tica<\/a><\/li>\r\n<\/ul>\r\n<p>&nbsp;<\/p>\r\n<p>&nbsp;<\/p>\r\n<h2>Planta Segunda<\/h2>\r\n<div><a href=\"https:\/\/centros.unileon.es\/biologia\/files\/2024\/09\/Segunda-planta-1-scaled.jpg\"><img loading=\"lazy\" decoding=\"async\" class=\"alignnone wp-image-12647 size-full\" src=\"https:\/\/centros.unileon.es\/biologia\/files\/2024\/09\/Segunda-planta-1-scaled.jpg\" alt=\"\" width=\"2560\" height=\"1440\" srcset=\"https:\/\/centros.unileon.es\/biologia\/files\/2024\/09\/Segunda-planta-1-scaled.jpg 2560w, https:\/\/centros.unileon.es\/biologia\/files\/2024\/09\/Segunda-planta-1-300x169.jpg 300w, https:\/\/centros.unileon.es\/biologia\/files\/2024\/09\/Segunda-planta-1-1024x576.jpg 1024w, https:\/\/centros.unileon.es\/biologia\/files\/2024\/09\/Segunda-planta-1-768x432.jpg 768w, https:\/\/centros.unileon.es\/biologia\/files\/2024\/09\/Segunda-planta-1-1536x864.jpg 1536w, https:\/\/centros.unileon.es\/biologia\/files\/2024\/09\/Segunda-planta-1-2048x1152.jpg 2048w\" sizes=\"auto, (max-width: 2560px) 100vw, 2560px\" \/><\/a><\/div>\r\n<ul style=\"margin-top: 50px;\">\r\n\t<li><a href=\"http:\/\/centros.unileon.es\/biologia\/instalaciones-edificio-central\/#infor\">1- Aula Inform\u00e1tica<\/a><\/li>\r\n\t<li><a href=\"http:\/\/centros.unileon.es\/biologia\/instalaciones-edificio-central\/#biblio\">2- Biblioteca<\/a><\/li>\r\n\t<li>3- Invernadero<\/li>\r\n\t<li>4- \u00c1rea de Ecolog\u00eda<\/li>\r\n\t<li>5- \u00c1rea de Bot\u00e1nica<\/li>\r\n\t<li>6- \u00c1rea de Gen\u00e9tica<\/li>\r\n\t<li>7- \u00c1rea de Qu\u00edmica-F\u00edsica<\/li>\r\n\t<li>8- \u00c1rea de F\u00edsica Aplicada<\/li>\r\n\t<li>9- \u00c1rea de Qu\u00edmica Anal\u00edtica<\/li>\r\n<\/ul>\r\n<p>&nbsp;<\/p>\r\n<div align=\"center\"><a href=\"http:\/\/centros.unileon.es\/biologia\/\">Inicio<\/a><\/div>","protected":false},"excerpt":{"rendered":"<p>Planta Baja 1- Conserjer\u00eda 2- Secretar\u00eda 3- Vicedecanos y Secretario 4- Decanato 5- Sal\u00f3n de Grados 6- Sala exposiciones I 7- Biblioteca Prof. Dr. Salvador Rivas Mart\u00ednez 8- Aula 10 9- Aula 11 10- Biobanco 11- Aula Magna 12- Sala de Juntas 13- Laboratorio Ambiental 14- Herbario LEB 15- \u00c1rea de Fisiolog\u00eda Vegetal 16- \u00c1rea [&hellip;]<\/p>\n","protected":false},"author":3,"featured_media":0,"parent":0,"menu_order":0,"comment_status":"closed","ping_status":"open","template":"","meta":{"footnotes":""},"class_list":["post-1636","page","type-page","status-publish","hentry"],"_links":{"self":[{"href":"https:\/\/centros.unileon.es\/biologia\/wp-json\/wp\/v2\/pages\/1636","targetHints":{"allow":["GET"]}}],"collection":[{"href":"https:\/\/centros.unileon.es\/biologia\/wp-json\/wp\/v2\/pages"}],"about":[{"href":"https:\/\/centros.unileon.es\/biologia\/wp-json\/wp\/v2\/types\/page"}],"author":[{"embeddable":true,"href":"https:\/\/centros.unileon.es\/biologia\/wp-json\/wp\/v2\/users\/3"}],"replies":[{"embeddable":true,"href":"https:\/\/centros.unileon.es\/biologia\/wp-json\/wp\/v2\/comments?post=1636"}],"version-history":[{"count":120,"href":"https:\/\/centros.unileon.es\/biologia\/wp-json\/wp\/v2\/pages\/1636\/revisions"}],"predecessor-version":[{"id":13417,"href":"https:\/\/centros.unileon.es\/biologia\/wp-json\/wp\/v2\/pages\/1636\/revisions\/13417"}],"wp:attachment":[{"href":"https:\/\/centros.unileon.es\/biologia\/wp-json\/wp\/v2\/media?parent=1636"}],"curies":[{"name":"wp","href":"https:\/\/api.w.org\/{rel}","templated":true}]}}